{"id":2993,"date":"2024-10-01T09:52:28","date_gmt":"2024-10-01T07:52:28","guid":{"rendered":"https:\/\/wordpress.nibis.de\/gsrewi\/?page_id=2993"},"modified":"2025-08-18T19:30:42","modified_gmt":"2025-08-18T17:30:42","slug":"gts","status":"publish","type":"page","link":"https:\/\/wordpress.nibis.de\/gsrewi\/gts\/","title":{"rendered":"Ganztag"},"content":{"rendered":"<p>Nach dem Unterricht haben die Kinder die M\u00f6glichkeit, den <strong>Ganztagsbereich<\/strong> unserer Schule zu besuchen. Da wir eine <strong>offene Ganztagsschule<\/strong> sind, ist der Besuch des Ganztages am Nachmittag <strong>freiwillig.<\/strong><\/p>\n<p>Nach der letzten Unterrichtsstunde haben die Kinder die M\u00f6glichkeit, zu Mittag zu essen oder ihr mitgebrachtes Essen zu sich nehmen. Das warme Mittagessen \u00a0wird vom \u201eHaus Sankt Marien\u201c in Lathen nach <strong>vorheriger Anmeldung<\/strong> bereitgestellt.<\/p>\n<p>Im Anschluss an die Betreuung\/Mittagspause erledigen die Kinder in festen Gruppen ihre Hausaufgaben. Die Kinder haben 45 Minuten Zeit, ihre Hausaufgaben zu erledigen. Die <strong>gemeinsame Lernzeit <\/strong>stellt allerdings keine Nachhilfe dar. Als Eltern haben Sie die Aufgabe, am Ende jeden Tages noch einmal zu schauen, ob Ihr Kind die Hausaufgaben erledigt hat.<\/p>\n<p>Nach der Hausaufgabenzeit gehen die Sch\u00fclerinnen und Sch\u00fcler in<strong> die Betreuungsangebote.<\/strong><\/p>\n<p>&nbsp;<\/p>\n<p>Die <strong>AG-Angebote<\/strong> sind aus <strong>unterschiedlichen Bereichen,<\/strong> zum Beispiel kreativ, musisch oder sportlich. Die AGs werden von p\u00e4dagogischen Mitarbeiterinnen geleitet.<\/p>\n<p>Um <strong>15.25 Uhr <\/strong>\u00a0enden die AG-Angebote. Im Anschluss daran \u00a0verlassen die Sch\u00fcler umgehend das Schulgel\u00e4nde bzw. warten auf den Bus. W\u00e4hrend dieser Zeit werden die Sch\u00fcler beaufsichtigt.<\/p>\n<p>Die Aufsichtspflicht an unserer Schule <strong>endet <\/strong>nach dem Abfahren des Busses gegen 15.25 Uhr.<\/p>\n<p>&nbsp;<\/p>\n","protected":false},"excerpt":{"rendered":"<p>Nach dem Unterricht haben die Kinder die M\u00f6glichkeit, den Ganztagsbereich unserer Schule zu besuchen. Da wir eine offene Ganztagsschule sind, ist der Besuch des Ganztages am Nachmittag freiwillig. Nach der letzten Unterrichtsstunde haben die Kinder die M\u00f6glichkeit, zu Mittag zu essen oder ihr mitgebrachtes Essen zu sich nehmen. Das warme Mittagessen \u00a0wird vom \u201eHaus Sankt Marien\u201c in Lathen nach vorheriger Anmeldung bereitgestellt. Im Anschluss an die Betreuung\/Mittagspause erledigen die Kinder in festen Gruppen ihre Hausaufgaben. Die Kinder haben 45 Minuten&#8230;<\/p>\n<p class=\"read-more\"><a class=\"btn btn-default\" href=\"https:\/\/wordpress.nibis.de\/gsrewi\/gts\/\">Weiterlesen<span class=\"screen-reader-text\"> Weiterlesen<\/span><\/a><\/p>\n","protected":false},"author":9194318,"featured_media":0,"parent":0,"menu_order":0,"comment_status":"closed","ping_status":"closed","template":"","meta":{"footnotes":""},"class_list":["post-2993","page","type-page","status-publish","hentry"],"_links":{"self":[{"href":"https:\/\/wordpress.nibis.de\/gsrewi\/wp-json\/wp\/v2\/pages\/2993","targetHints":{"allow":["GET"]}}],"collection":[{"href":"https:\/\/wordpress.nibis.de\/gsrewi\/wp-json\/wp\/v2\/pages"}],"about":[{"href":"https:\/\/wordpress.nibis.de\/gsrewi\/wp-json\/wp\/v2\/types\/page"}],"author":[{"embeddable":true,"href":"https:\/\/wordpress.nibis.de\/gsrewi\/wp-json\/wp\/v2\/users\/9194318"}],"replies":[{"embeddable":true,"href":"https:\/\/wordpress.nibis.de\/gsrewi\/wp-json\/wp\/v2\/comments?post=2993"}],"version-history":[{"count":5,"href":"https:\/\/wordpress.nibis.de\/gsrewi\/wp-json\/wp\/v2\/pages\/2993\/revisions"}],"predecessor-version":[{"id":3563,"href":"https:\/\/wordpress.nibis.de\/gsrewi\/wp-json\/wp\/v2\/pages\/2993\/revisions\/3563"}],"wp:attachment":[{"href":"https:\/\/wordpress.nibis.de\/gsrewi\/wp-json\/wp\/v2\/media?parent=2993"}],"curies":[{"name":"wp","href":"https:\/\/api.w.org\/{rel}","templated":true}]}}