{"id":76,"date":"2018-09-20T16:05:55","date_gmt":"2018-09-20T14:05:55","guid":{"rendered":"http:\/\/wordpress.nibis.de\/gsrewi\/?page_id=76"},"modified":"2024-10-01T11:51:07","modified_gmt":"2024-10-01T09:51:07","slug":"leitbild","status":"publish","type":"page","link":"https:\/\/wordpress.nibis.de\/gsrewi\/leitbild\/","title":{"rendered":"Leitbild"},"content":{"rendered":"<ol>\n<li><span style=\"color: #000000;font-size: 12pt\"><span style=\"font-family: comic sans ms,sans-serif\">Wir orientieren uns an christlichen und humanistischen Werten.<\/span><\/span><\/li>\n<li><span style=\"color: #000000;font-size: 12pt\"><span style=\"font-family: comic sans ms,sans-serif\">Wir bringen uns Wertsch\u00e4tzung und Respekt entgegen.<\/span><\/span><\/li>\n<li><span style=\"color: #000000;font-size: 12pt\"><span style=\"font-family: comic sans ms,sans-serif\">Wir legen Wert auf intensive Zusammenarbeit und gegenseitige Unterst\u00fctzung innerhalb und au\u00dferhalb der Schulgemeinschaft.<\/span><\/span><\/li>\n<li><span style=\"color: #000000;font-size: 12pt\"><span style=\"font-family: comic sans ms,sans-serif\">Wir f\u00f6rdern und fordern jede Sch\u00fclerin und jeden Sch\u00fcler entsprechend ihrer\/seiner Lern- und Leistungsm\u00f6glichkeiten.<\/span><\/span><\/li>\n<li><span style=\"color: #000000;font-size: 12pt\"><span style=\"font-family: comic sans ms,sans-serif\">Wir unterst\u00fctzen jedes Kind in seiner Pers\u00f6nlichkeitsentwicklung.<\/span><\/span><\/li>\n<li><span style=\"color: #000000;font-size: 12pt\"><span style=\"font-family: comic sans ms,sans-serif\">Wir bewahren und \u00fcberdenken Gebr\u00e4uche und Traditionen der beiden Schulstandorte.<\/span><\/span><\/li>\n<\/ol>\n<p><span style=\"font-family: comic sans ms,sans-serif;font-size: 10pt\">Stand: September 2018<\/span><\/p>\n<p>&nbsp;<\/p>\n","protected":false},"excerpt":{"rendered":"<p>Wir orientieren uns an christlichen und humanistischen Werten. Wir bringen uns Wertsch\u00e4tzung und Respekt entgegen. Wir legen Wert auf intensive Zusammenarbeit und gegenseitige Unterst\u00fctzung innerhalb und au\u00dferhalb der Schulgemeinschaft. Wir f\u00f6rdern und fordern jede Sch\u00fclerin und jeden Sch\u00fcler entsprechend ihrer\/seiner Lern- und Leistungsm\u00f6glichkeiten. Wir unterst\u00fctzen jedes Kind in seiner Pers\u00f6nlichkeitsentwicklung. Wir bewahren und \u00fcberdenken Gebr\u00e4uche und Traditionen der beiden Schulstandorte. Stand: September 2018 &nbsp;<\/p>\n","protected":false},"author":9192693,"featured_media":0,"parent":0,"menu_order":0,"comment_status":"closed","ping_status":"closed","template":"","meta":{"footnotes":""},"class_list":["post-76","page","type-page","status-publish","hentry"],"_links":{"self":[{"href":"https:\/\/wordpress.nibis.de\/gsrewi\/wp-json\/wp\/v2\/pages\/76","targetHints":{"allow":["GET"]}}],"collection":[{"href":"https:\/\/wordpress.nibis.de\/gsrewi\/wp-json\/wp\/v2\/pages"}],"about":[{"href":"https:\/\/wordpress.nibis.de\/gsrewi\/wp-json\/wp\/v2\/types\/page"}],"author":[{"embeddable":true,"href":"https:\/\/wordpress.nibis.de\/gsrewi\/wp-json\/wp\/v2\/users\/9192693"}],"replies":[{"embeddable":true,"href":"https:\/\/wordpress.nibis.de\/gsrewi\/wp-json\/wp\/v2\/comments?post=76"}],"version-history":[{"count":10,"href":"https:\/\/wordpress.nibis.de\/gsrewi\/wp-json\/wp\/v2\/pages\/76\/revisions"}],"predecessor-version":[{"id":3089,"href":"https:\/\/wordpress.nibis.de\/gsrewi\/wp-json\/wp\/v2\/pages\/76\/revisions\/3089"}],"wp:attachment":[{"href":"https:\/\/wordpress.nibis.de\/gsrewi\/wp-json\/wp\/v2\/media?parent=76"}],"curies":[{"name":"wp","href":"https:\/\/api.w.org\/{rel}","templated":true}]}}