{"id":3925,"date":"2022-08-29T11:11:06","date_gmt":"2022-08-29T09:11:06","guid":{"rendered":"https:\/\/wordpress.nibis.de\/gsrfeld\/?page_id=3925"},"modified":"2026-02-11T07:37:01","modified_gmt":"2026-02-11T06:37:01","slug":"unsere-buerozeiten-kontakt","status":"publish","type":"page","link":"https:\/\/wordpress.nibis.de\/gsrfeld\/unsere-buerozeiten-kontakt\/","title":{"rendered":"Unsere B\u00fcrozeiten \/ Kontakt"},"content":{"rendered":"<div class=\"wp-block-image\">\n<figure class=\"aligncenter size-full\"><img loading=\"lazy\" decoding=\"async\" width=\"764\" height=\"508\" src=\"https:\/\/wordpress.nibis.de\/gsrfeld\/files\/2022\/08\/DSC06913_2.jpg\" alt=\"\" class=\"wp-image-3926\" srcset=\"https:\/\/wordpress.nibis.de\/gsrfeld\/files\/2022\/08\/DSC06913_2.jpg 764w, https:\/\/wordpress.nibis.de\/gsrfeld\/files\/2022\/08\/DSC06913_2-500x332.jpg 500w, https:\/\/wordpress.nibis.de\/gsrfeld\/files\/2022\/08\/DSC06913_2-750x499.jpg 750w, https:\/\/wordpress.nibis.de\/gsrfeld\/files\/2022\/08\/DSC06913_2-360x240.jpg 360w\" sizes=\"auto, (max-width: 764px) 100vw, 764px\" \/><figcaption class=\"wp-element-caption\">Frau Neekamp und Frau L\u00fcbberding<\/figcaption><\/figure>\n<\/div>\n\n\n<p>Unter der Telefonnummer <strong>04445\/2725<\/strong> sind wir zu den Schulzeiten zu erreichen.<\/p>\n<p>Am Dienstag in der Zeit von 7.45 Uhr bis 10.45 Uhr und Donnerstag von 8.30 Uhr bis 11.30 Uhr ist das B\u00fcro durchgehend von der Sekret\u00e4rin Frau L\u00fcbberding besetzt.<\/p>\n<p>Wenn Sie eine <strong>Lehrer:in<\/strong> erreichen m\u00f6chten, k\u00f6nnen Sie dies am besten \u00fcber eine Email \u00fcber das IServ-Portal tun.<\/p>\n<table style=\"border-collapse: collapse;width: 98.8%;height: 342px\">\n<tbody>\n<tr style=\"height: 41px\">\n<td style=\"width: 50%;height: 41px\">Elisabeth Neekamp<\/td>\n<td style=\"width: 50%;height: 41px\">elisabeth.neekamp(@)gs-rechterfeld.de<\/td>\n<td style=\"width: 2.81879%;height: 41px\">\u00a0<\/td>\n<\/tr>\n<tr style=\"height: 41px\">\n<td style=\"width: 50%;height: 41px\">Martin W\u00fcllner<\/td>\n<td style=\"width: 50%;height: 41px\">martin.wuellner(@)gs-rechterfeld.de<\/td>\n<td style=\"width: 2.81879%;height: 41px\">\u00a0<\/td>\n<\/tr>\n<tr style=\"height: 41px\">\n<td style=\"width: 50%;height: 41px\">Louisa Schweier<\/td>\n<td style=\"width: 50%;height: 41px\">louisa.schweier(@)gs-rechterfeld.de<\/td>\n<td style=\"width: 2.81879%;height: 41px\">\u00a0<\/td>\n<\/tr>\n<tr style=\"height: 41px\">\n<td style=\"width: 50%;height: 41px\">Lisa Scholz<\/td>\n<td style=\"width: 50%;height: 41px\">lisa.scholz(@)gs-rechterfeld.de<\/td>\n<td style=\"width: 2.81879%;height: 41px\">\u00a0<\/td>\n<\/tr>\n<tr>\n<td style=\"width: 50%\">Karina Hermes<\/td>\n<td style=\"width: 50%\">karina.hermes (@\u21a8)gs-rechterfeld.de<\/td>\n<td style=\"width: 2.81879%\">\u00a0<\/td>\n<\/tr>\n<tr style=\"height: 41px\">\n<td style=\"width: 50%;height: 41px\">Kristina Bramlage<\/td>\n<td style=\"width: 50%;height: 41px\">kristina.bramlage(@)gs-rechterfeld.de<\/td>\n<td style=\"width: 2.81879%;height: 41px\">\u00a0<\/td>\n<\/tr>\n<tr style=\"height: 41px\">\n<td style=\"width: 50%;height: 41px\">Julia Richter<\/td>\n<td style=\"width: 50%;height: 41px\">julia.richter(@)gs-rechterfeld.de<\/td>\n<td style=\"width: 2.81879%;height: 41px\">\u00a0<\/td>\n<\/tr>\n<tr style=\"height: 41px\">\n<td style=\"width: 50%;height: 36px\">Susan Albers<\/td>\n<td style=\"width: 50%;height: 36px\">susan.albers(@)gs-rechterfeld.de<\/td>\n<td style=\"width: 2.81879%;height: 36px\">\u00a0<\/td>\n<\/tr>\n<tr style=\"height: 60px\">\n<td style=\"width: 50%;height: 60px\">Christian Brinker<\/td>\n<td style=\"width: 50%;height: 60px\">\n<p>christian.brinker(@)gs-rechterfeld.de<\/p>\n<\/td>\n<td style=\"width: 2.81879%;height: 60px\">\u00a0<\/td>\n<\/tr>\n<\/tbody>\n<\/table>\n<p>\u00a0<\/p>\n","protected":false},"excerpt":{"rendered":"<p>Unter der Telefonnummer 04445\/2725 sind wir zu den Schulzeiten zu erreichen. Am Dienstag in der Zeit von 7.45 Uhr bis 10.45 Uhr und Donnerstag von 8.30 Uhr bis 11.30 Uhr <a class=\"more-link\" href=\"https:\/\/wordpress.nibis.de\/gsrfeld\/unsere-buerozeiten-kontakt\/\">Continue Reading &rarr;<\/a><\/p>\n","protected":false},"author":9194003,"featured_media":0,"parent":0,"menu_order":0,"comment_status":"closed","ping_status":"closed","template":"","meta":{"footnotes":""},"class_list":["post-3925","page","type-page","status-publish","hentry"],"_links":{"self":[{"href":"https:\/\/wordpress.nibis.de\/gsrfeld\/wp-json\/wp\/v2\/pages\/3925","targetHints":{"allow":["GET"]}}],"collection":[{"href":"https:\/\/wordpress.nibis.de\/gsrfeld\/wp-json\/wp\/v2\/pages"}],"about":[{"href":"https:\/\/wordpress.nibis.de\/gsrfeld\/wp-json\/wp\/v2\/types\/page"}],"author":[{"embeddable":true,"href":"https:\/\/wordpress.nibis.de\/gsrfeld\/wp-json\/wp\/v2\/users\/9194003"}],"replies":[{"embeddable":true,"href":"https:\/\/wordpress.nibis.de\/gsrfeld\/wp-json\/wp\/v2\/comments?post=3925"}],"version-history":[{"count":9,"href":"https:\/\/wordpress.nibis.de\/gsrfeld\/wp-json\/wp\/v2\/pages\/3925\/revisions"}],"predecessor-version":[{"id":5214,"href":"https:\/\/wordpress.nibis.de\/gsrfeld\/wp-json\/wp\/v2\/pages\/3925\/revisions\/5214"}],"wp:attachment":[{"href":"https:\/\/wordpress.nibis.de\/gsrfeld\/wp-json\/wp\/v2\/media?parent=3925"}],"curies":[{"name":"wp","href":"https:\/\/api.w.org\/{rel}","templated":true}]}}