{"id":42,"date":"2016-02-24T12:22:19","date_gmt":"2016-02-24T11:22:19","guid":{"rendered":"http:\/\/wordpress.nibis.de\/gsrfeld\/?page_id=42"},"modified":"2016-06-02T19:43:01","modified_gmt":"2016-06-02T17:43:01","slug":"unser-leitbild","status":"publish","type":"page","link":"https:\/\/wordpress.nibis.de\/gsrfeld\/unser-leitbild\/","title":{"rendered":"Unser Leitbild"},"content":{"rendered":"<p style=\"text-align: center\"><span style=\"font-family: comic sans ms,sans-serif;font-size: 16px\"><a href=\"http:\/\/wordpress.nibis.de\/gsrfeld\/files\/2016\/02\/Bild1-2.png\"><img loading=\"lazy\" decoding=\"async\" class=\"aligncenter size-medium wp-image-300\" src=\"http:\/\/wordpress.nibis.de\/gsrfeld\/files\/2016\/02\/Bild1-2-300x198.png\" alt=\"Bild1\" width=\"300\" height=\"198\" srcset=\"https:\/\/wordpress.nibis.de\/gsrfeld\/files\/2016\/02\/Bild1-2-300x198.png 300w, https:\/\/wordpress.nibis.de\/gsrfeld\/files\/2016\/02\/Bild1-2.png 440w\" sizes=\"auto, (max-width: 300px) 100vw, 300px\" \/><\/a><\/p>\n<p><\/span><\/p>\n<p style=\"text-align: center\"><span style=\"font-size: 16px\"><span style=\"font-family: comic sans ms,sans-serif\">Die Grundschule Rechterfeld<\/span><\/span><br \/><span style=\"font-size: 16px\"><span style=\"font-family: comic sans ms,sans-serif\"> ist eine famili\u00e4re Schule im Dorf,<\/span><\/span><br \/><span style=\"font-size: 16px\"><span style=\"font-family: comic sans ms,sans-serif\"> in der jeder jeden kennt,<\/span><\/span><br \/><span style=\"font-size: 16px\"><span style=\"font-family: comic sans ms,sans-serif\"> wertsch\u00e4tzt und unterst\u00fctzt.<\/span><\/span><\/p>\n<p style=\"text-align: center\"><span style=\"font-size: 16px\"><span style=\"font-family: comic sans ms,sans-serif\"> Dies erreichen wir<\/span><\/span><br \/><span style=\"font-size: 16px\"><span style=\"font-family: comic sans ms,sans-serif\"> indem wir uns leiten lassen<\/span><\/span><br \/><span style=\"font-size: 16px\"><span style=\"font-family: comic sans ms,sans-serif\"> von einem christlichen Menschenbild,<\/span><\/span><br \/><span style=\"font-size: 16px\"><span style=\"font-family: comic sans ms,sans-serif\"> durch eine enge Zusammenarbeit mit den Eltern,<\/span><\/span><br \/><span style=\"font-size: 16px\"><span style=\"font-family: comic sans ms,sans-serif\"> durch Lernen in Bewegung,<\/span><\/span><br \/><span style=\"font-size: 16px\"><span style=\"font-family: comic sans ms,sans-serif\"> durch abwechslungsreichen und lebendigen Unterricht<\/span><\/span><br \/><span style=\"font-size: 16px\"><span style=\"font-family: comic sans ms,sans-serif\"> &#8211; hier legen wir besonders gro\u00dfen Wert auf die F\u00f6rderung der Lesekompetenz &#8211;<\/span><\/span><br \/><span style=\"font-size: 16px\"><span style=\"font-family: comic sans ms,sans-serif\"> und durch gegenseitiges Vertrauen.<\/span><\/span><\/p>\n","protected":false},"excerpt":{"rendered":"<p>Die Grundschule Rechterfeld ist eine famili\u00e4re Schule im Dorf, in der jeder jeden kennt, wertsch\u00e4tzt und unterst\u00fctzt. Dies erreichen wir indem wir uns leiten lassen von einem christlichen Menschenbild, durch <a class=\"more-link\" href=\"https:\/\/wordpress.nibis.de\/gsrfeld\/unser-leitbild\/\">Continue Reading &rarr;<\/a><\/p>\n","protected":false},"author":977,"featured_media":0,"parent":0,"menu_order":0,"comment_status":"closed","ping_status":"closed","template":"","meta":{"footnotes":""},"class_list":["post-42","page","type-page","status-publish","hentry"],"_links":{"self":[{"href":"https:\/\/wordpress.nibis.de\/gsrfeld\/wp-json\/wp\/v2\/pages\/42","targetHints":{"allow":["GET"]}}],"collection":[{"href":"https:\/\/wordpress.nibis.de\/gsrfeld\/wp-json\/wp\/v2\/pages"}],"about":[{"href":"https:\/\/wordpress.nibis.de\/gsrfeld\/wp-json\/wp\/v2\/types\/page"}],"author":[{"embeddable":true,"href":"https:\/\/wordpress.nibis.de\/gsrfeld\/wp-json\/wp\/v2\/users\/977"}],"replies":[{"embeddable":true,"href":"https:\/\/wordpress.nibis.de\/gsrfeld\/wp-json\/wp\/v2\/comments?post=42"}],"version-history":[{"count":4,"href":"https:\/\/wordpress.nibis.de\/gsrfeld\/wp-json\/wp\/v2\/pages\/42\/revisions"}],"predecessor-version":[{"id":356,"href":"https:\/\/wordpress.nibis.de\/gsrfeld\/wp-json\/wp\/v2\/pages\/42\/revisions\/356"}],"wp:attachment":[{"href":"https:\/\/wordpress.nibis.de\/gsrfeld\/wp-json\/wp\/v2\/media?parent=42"}],"curies":[{"name":"wp","href":"https:\/\/api.w.org\/{rel}","templated":true}]}}