{"id":171,"date":"2014-08-11T11:28:48","date_gmt":"2014-08-11T09:28:48","guid":{"rendered":"http:\/\/wordpress.nibis.de\/gsriemsloh\/?page_id=171"},"modified":"2023-12-05T16:10:01","modified_gmt":"2023-12-05T15:10:01","slug":"schulelternrat","status":"publish","type":"page","link":"https:\/\/wordpress.nibis.de\/gsriemsloh\/schulelternrat\/","title":{"rendered":"Schulelternrat"},"content":{"rendered":"<p><strong>Schulelternratsvorsitzende: <\/strong>Frau T\u00f6nsing (gew\u00e4hlt bis 2024)<strong><br \/><\/strong><\/p>\n<p><strong>Stellvertreterin: <\/strong>Frau Terbeck (gew\u00e4hlt bis 2024)<strong><br \/><\/strong><\/p>\n<p><strong>Schulvorstand<\/strong>: Frau K\u00f6hler, Frau Terbeck, Frau T\u00f6nsing, Frau Beckmann, Frau Intrup, Frau Conrad, Frau Schekahn, Frau Bolte\u00a0 \u00a0 \u00a0 Vertretung: Frau Marten, Frau Bonhaus<\/p>\n<p><strong>Stadt- und Kreiselternrat: <\/strong>Frau Raasch, Herr Mischel<\/p>\n\n\n<p><\/p>\n\n\n","protected":false},"excerpt":{"rendered":"<p>Schulelternratsvorsitzende: Frau T\u00f6nsing (gew\u00e4hlt bis 2024) Stellvertreterin: Frau Terbeck (gew\u00e4hlt bis 2024) Schulvorstand: Frau K\u00f6hler, Frau Terbeck, Frau T\u00f6nsing, Frau Beckmann, Frau Intrup, Frau Conrad, Frau Schekahn, Frau Bolte\u00a0 \u00a0 \u00a0 Vertretung: Frau Marten, Frau Bonhaus Stadt- und Kreiselternrat: Frau Raasch, Herr Mischel<\/p>\n","protected":false},"author":472,"featured_media":0,"parent":0,"menu_order":0,"comment_status":"closed","ping_status":"closed","template":"","meta":{"footnotes":""},"class_list":["post-171","page","type-page","status-publish","hentry","without-featured-image"],"_links":{"self":[{"href":"https:\/\/wordpress.nibis.de\/gsriemsloh\/wp-json\/wp\/v2\/pages\/171","targetHints":{"allow":["GET"]}}],"collection":[{"href":"https:\/\/wordpress.nibis.de\/gsriemsloh\/wp-json\/wp\/v2\/pages"}],"about":[{"href":"https:\/\/wordpress.nibis.de\/gsriemsloh\/wp-json\/wp\/v2\/types\/page"}],"author":[{"embeddable":true,"href":"https:\/\/wordpress.nibis.de\/gsriemsloh\/wp-json\/wp\/v2\/users\/472"}],"replies":[{"embeddable":true,"href":"https:\/\/wordpress.nibis.de\/gsriemsloh\/wp-json\/wp\/v2\/comments?post=171"}],"version-history":[{"count":11,"href":"https:\/\/wordpress.nibis.de\/gsriemsloh\/wp-json\/wp\/v2\/pages\/171\/revisions"}],"predecessor-version":[{"id":5881,"href":"https:\/\/wordpress.nibis.de\/gsriemsloh\/wp-json\/wp\/v2\/pages\/171\/revisions\/5881"}],"wp:attachment":[{"href":"https:\/\/wordpress.nibis.de\/gsriemsloh\/wp-json\/wp\/v2\/media?parent=171"}],"curies":[{"name":"wp","href":"https:\/\/api.w.org\/{rel}","templated":true}]}}