{"id":6248,"date":"2024-11-27T20:46:05","date_gmt":"2024-11-27T19:46:05","guid":{"rendered":"https:\/\/wordpress.nibis.de\/gsriemsloh\/?page_id=6248"},"modified":"2024-11-27T20:56:03","modified_gmt":"2024-11-27T19:56:03","slug":"lupenzeit-statt-hausaufgaben","status":"publish","type":"page","link":"https:\/\/wordpress.nibis.de\/gsriemsloh\/lupenzeit-statt-hausaufgaben\/","title":{"rendered":"Lupenzeit statt Hausaufgaben"},"content":{"rendered":"\n<p>Vor \u00fcber einem Jahr hat sich unsere Schule auf den Weg gemacht, dem Ruf nach mehr Chancengleichheit gerechter zu werden. Im Schulteam entwickelt und eng mit den Gremien abgestimmt, haben wir uns f\u00fcr einen Richtung entschieden, den Sch\u00fclerInnen individuellere Unterst\u00fctzung bei ihrer Selbstlernzeit zu geben.<\/p>\n<p>Die traditionellen Hausaufgaben wurden in ihrem bisherigem Konzept abgel\u00f6st von einer Lupenzeit, die in den Vormittag integriert ist. So k\u00f6nnen Sch\u00fclerInnen an drei Stunden in der Woche an individuellen (Lupen-)Pl\u00e4nen arbeiten und werden dabei von ihren Fachlehrkr\u00e4ften begleitet. N\u00e4heres zu dieser Umstellung, welche Ziele wir damit erreichen wollen und was das f\u00fcr die Gestaltung des Ganztags bedeutet, k\u00f6nnen sie hier nachlesen.\u00a0<\/p>\n<p><a href=\"https:\/\/wordpress.nibis.de\/gsriemsloh\/files\/Konzept-Lupenzeit-Grundschule-Riemsloh-1.pdf\">Konzept &#8211; Lupenzeit &#8211; Grundschule Riemsloh<\/a><\/p>\n<p>\u00a0<\/p>\n<p>\u00a0<\/p>\n\n\n","protected":false},"excerpt":{"rendered":"<p>Vor \u00fcber einem Jahr hat sich unsere Schule auf den Weg gemacht, dem Ruf nach mehr Chancengleichheit gerechter zu werden. Im Schulteam entwickelt und eng mit den Gremien abgestimmt, haben wir uns f\u00fcr einen Richtung entschieden, den Sch\u00fclerInnen individuellere Unterst\u00fctzung bei ihrer Selbstlernzeit zu geben. Die traditionellen Hausaufgaben wurden in ihrem bisherigem Konzept abgel\u00f6st von &hellip; <a href=\"https:\/\/wordpress.nibis.de\/gsriemsloh\/lupenzeit-statt-hausaufgaben\/\" class=\"more-link\">Weiterlesen <span class=\"screen-reader-text\">Lupenzeit statt Hausaufgaben<\/span><\/a><\/p>\n","protected":false},"author":9194145,"featured_media":0,"parent":0,"menu_order":0,"comment_status":"closed","ping_status":"closed","template":"","meta":{"footnotes":""},"class_list":["post-6248","page","type-page","status-publish","hentry","without-featured-image"],"_links":{"self":[{"href":"https:\/\/wordpress.nibis.de\/gsriemsloh\/wp-json\/wp\/v2\/pages\/6248","targetHints":{"allow":["GET"]}}],"collection":[{"href":"https:\/\/wordpress.nibis.de\/gsriemsloh\/wp-json\/wp\/v2\/pages"}],"about":[{"href":"https:\/\/wordpress.nibis.de\/gsriemsloh\/wp-json\/wp\/v2\/types\/page"}],"author":[{"embeddable":true,"href":"https:\/\/wordpress.nibis.de\/gsriemsloh\/wp-json\/wp\/v2\/users\/9194145"}],"replies":[{"embeddable":true,"href":"https:\/\/wordpress.nibis.de\/gsriemsloh\/wp-json\/wp\/v2\/comments?post=6248"}],"version-history":[{"count":3,"href":"https:\/\/wordpress.nibis.de\/gsriemsloh\/wp-json\/wp\/v2\/pages\/6248\/revisions"}],"predecessor-version":[{"id":6254,"href":"https:\/\/wordpress.nibis.de\/gsriemsloh\/wp-json\/wp\/v2\/pages\/6248\/revisions\/6254"}],"wp:attachment":[{"href":"https:\/\/wordpress.nibis.de\/gsriemsloh\/wp-json\/wp\/v2\/media?parent=6248"}],"curies":[{"name":"wp","href":"https:\/\/api.w.org\/{rel}","templated":true}]}}