{"id":1000,"date":"2022-10-17T13:47:56","date_gmt":"2022-10-17T11:47:56","guid":{"rendered":"https:\/\/wordpress.nibis.de\/gsrosche\/?page_id=1000"},"modified":"2022-10-17T13:50:04","modified_gmt":"2022-10-17T11:50:04","slug":"schulsong-wir-sind-der-fluss","status":"publish","type":"page","link":"https:\/\/wordpress.nibis.de\/gsrosche\/schulsong-wir-sind-der-fluss\/","title":{"rendered":"Schulsong &#8222;Wir sind der Fluss&#8220;"},"content":{"rendered":"\n<p>Gemeinsam mit der Liedermacherin Suli Puschban aus Berlin entstand im Schuljahr 2021\/22 unser gro\u00dfartiger Schulsong &#8222;Wir sind der Fluss&#8220;. Als Kinderrechteschule wollten wir unsere Werte und Vorstellungen in einem eigenen Schulsong vereint wissen. Ein Schullied ist etwas ganz Besonderes. Es ist eine eigene, gemeinsame Hymne, es baut ein positives Gef\u00fchl zur Schule auf, stiftet Identit\u00e4t, f\u00f6rdert die Integration und st\u00e4rkt die Gemeinschaft. Mit einem eigenen Schulsong wollen wir unseren Zusammenhalt st\u00e4rken, ein Zusammengeh\u00f6rigkeitsgef\u00fchl entwickeln und nach au\u00dfen mit den Liedtexten unsere Wertvorstellungen transparent machen. Wir geben damit ein Statement f\u00fcr Vielfalt und Offenheit ab.\u00a0<\/p>\n<p><img loading=\"lazy\" decoding=\"async\" class=\"wp-image-999 alignnone\" src=\"https:\/\/wordpress.nibis.de\/gsrosche\/files\/IMG-20221014-WA0006-e1666006822499.jpg\" alt=\"\" width=\"149\" height=\"186\" srcset=\"https:\/\/wordpress.nibis.de\/gsrosche\/files\/IMG-20221014-WA0006-e1666006822499.jpg 670w, https:\/\/wordpress.nibis.de\/gsrosche\/files\/IMG-20221014-WA0006-e1666006822499-240x300.jpg 240w, https:\/\/wordpress.nibis.de\/gsrosche\/files\/IMG-20221014-WA0006-e1666006822499-384x480.jpg 384w, https:\/\/wordpress.nibis.de\/gsrosche\/files\/IMG-20221014-WA0006-e1666006822499-640x800.jpg 640w\" sizes=\"auto, (max-width: 149px) 100vw, 149px\" \/>Liedermacherin und S\u00e4ngerin Suli Puschban<\/p>\n","protected":false},"excerpt":{"rendered":"<p>Gemeinsam mit der Liedermacherin Suli Puschban aus Berlin entstand im Schuljahr 2021\/22 unser gro\u00dfartiger Schulsong &#8222;Wir sind der Fluss&#8220;. Als Kinderrechteschule wollten wir unsere Werte und Vorstellungen in einem eigenen Schulsong vereint wissen. Ein Schullied ist etwas ganz Besonderes. Es ist eine eigene, gemeinsame Hymne, es baut ein positives Gef\u00fchl zur Schule auf, stiftet Identit\u00e4t, &hellip; <a href=\"https:\/\/wordpress.nibis.de\/gsrosche\/schulsong-wir-sind-der-fluss\/\" class=\"more-link\">Weiterlesen <span class=\"screen-reader-text\">Schulsong &#8222;Wir sind der Fluss&#8220;<\/span><\/a><\/p>\n","protected":false},"author":103,"featured_media":0,"parent":0,"menu_order":0,"comment_status":"closed","ping_status":"closed","template":"","meta":{"footnotes":""},"class_list":["post-1000","page","type-page","status-publish","hentry","without-featured-image"],"_links":{"self":[{"href":"https:\/\/wordpress.nibis.de\/gsrosche\/wp-json\/wp\/v2\/pages\/1000","targetHints":{"allow":["GET"]}}],"collection":[{"href":"https:\/\/wordpress.nibis.de\/gsrosche\/wp-json\/wp\/v2\/pages"}],"about":[{"href":"https:\/\/wordpress.nibis.de\/gsrosche\/wp-json\/wp\/v2\/types\/page"}],"author":[{"embeddable":true,"href":"https:\/\/wordpress.nibis.de\/gsrosche\/wp-json\/wp\/v2\/users\/103"}],"replies":[{"embeddable":true,"href":"https:\/\/wordpress.nibis.de\/gsrosche\/wp-json\/wp\/v2\/comments?post=1000"}],"version-history":[{"count":2,"href":"https:\/\/wordpress.nibis.de\/gsrosche\/wp-json\/wp\/v2\/pages\/1000\/revisions"}],"predecessor-version":[{"id":1003,"href":"https:\/\/wordpress.nibis.de\/gsrosche\/wp-json\/wp\/v2\/pages\/1000\/revisions\/1003"}],"wp:attachment":[{"href":"https:\/\/wordpress.nibis.de\/gsrosche\/wp-json\/wp\/v2\/media?parent=1000"}],"curies":[{"name":"wp","href":"https:\/\/api.w.org\/{rel}","templated":true}]}}