{"id":1137,"date":"2025-01-02T16:31:38","date_gmt":"2025-01-02T15:31:38","guid":{"rendered":"https:\/\/wordpress.nibis.de\/gsrosche\/?page_id=1137"},"modified":"2025-01-02T16:31:41","modified_gmt":"2025-01-02T15:31:41","slug":"maker-space","status":"publish","type":"page","link":"https:\/\/wordpress.nibis.de\/gsrosche\/maker-space\/","title":{"rendered":"Maker Space"},"content":{"rendered":"\n<p>Bez\u00fcglich des Einsatzes digitaler Medien im Unterricht kann unsere Grundschule zu den f\u00fchrenden Grundschulen im Land Niedersachsen gez\u00e4hlt werden.\u00a0In den letzten Jahren konnten wir uns mit unserem Kinderparlament erfolgreich bei verschiedenen F\u00f6rderprogrammen bewerben. So wurden beispielsweise 10 000\u20ac generiert bei der Aktion \u201eZUKUNFT MITGEMACHT, einer Gemeinschaftsaktion des Deutschen Kinderhilfswerkes, Rossmann und Procter &amp; Gamble\u201c, die in den Aufbau eines \u201emobilen Maker Spaces\u201c geflossen sind, einem offenem Lernraum f\u00fcr kollaboratives und kreatives Arbeiten. Mit den F\u00f6rdermitteln konnte der mobile Maker Space mit Lego-Education-Baus\u00e4tzen, kleinen programmierbaren Robotern (Blue-Bots, Edison), Calliope-Einplatinenrechnern, Tello-Drohnen und zwei 3D-Drucker sowie entsprechendem Zubeh\u00f6r ausgestattet werden.<\/p>\n<p>Beim \u201eMaker-Space-Cafe\u2019 am 16.12.2024 zeigten Sch\u00fcler*innen der 3. und 4. Klassen ihr K\u00f6nnen mit den neuen digitalen Medien und luden alle G\u00e4ste ein, sie selbst einmal auszuprobieren. In den Medienstunden oder in der Medien-AG hatten die Kinder diese Ger\u00e4te bereits vielf\u00e4ltig ausprobiert und konnten somit als Experten an diesem Nachmittag fungieren. Mit ihrer Begeisterung steckten sie die Eltern und Gro\u00dfeltern mit an und so sa\u00dfen viele V\u00e4ter mit leuchtenden Augen dabei, wenn ihr Spr\u00f6\u00dfling ein Calliope mit Leuchtdioden und Musik programmierte. Viele trauten sich dann auch selbst beispielsweise die Blue-Bots zu programmieren und diese \u00fcber eine selbstgezeichnete Landkarte der Bundesl\u00e4nder fahren lassen. Staunend standen sie auch daneben, als ein Edison-Auto einem Lichtkegel oder Klatschger\u00e4uschen folgte. Die Stationen mit dem 3D-Drucker und den Drohnen waren auch stets gut besucht. Die zahlreichen Besucher kamen gern der Aufforderung nach und probierten selbst die Ger\u00e4te aus oder beobachteten bei Kaffee und Kuchen die Sch\u00fcler*innen in Aktion.<\/p>\n","protected":false},"excerpt":{"rendered":"<p>Bez\u00fcglich des Einsatzes digitaler Medien im Unterricht kann unsere Grundschule zu den f\u00fchrenden Grundschulen im Land Niedersachsen gez\u00e4hlt werden.\u00a0In den letzten Jahren konnten wir uns mit unserem Kinderparlament erfolgreich bei verschiedenen F\u00f6rderprogrammen bewerben. So wurden beispielsweise 10 000\u20ac generiert bei der Aktion \u201eZUKUNFT MITGEMACHT, einer Gemeinschaftsaktion des Deutschen Kinderhilfswerkes, Rossmann und Procter &amp; Gamble\u201c, die &hellip; <a href=\"https:\/\/wordpress.nibis.de\/gsrosche\/maker-space\/\" class=\"more-link\">Weiterlesen <span class=\"screen-reader-text\">Maker Space<\/span><\/a><\/p>\n","protected":false},"author":103,"featured_media":0,"parent":0,"menu_order":0,"comment_status":"closed","ping_status":"closed","template":"","meta":{"footnotes":""},"class_list":["post-1137","page","type-page","status-publish","hentry","without-featured-image"],"_links":{"self":[{"href":"https:\/\/wordpress.nibis.de\/gsrosche\/wp-json\/wp\/v2\/pages\/1137","targetHints":{"allow":["GET"]}}],"collection":[{"href":"https:\/\/wordpress.nibis.de\/gsrosche\/wp-json\/wp\/v2\/pages"}],"about":[{"href":"https:\/\/wordpress.nibis.de\/gsrosche\/wp-json\/wp\/v2\/types\/page"}],"author":[{"embeddable":true,"href":"https:\/\/wordpress.nibis.de\/gsrosche\/wp-json\/wp\/v2\/users\/103"}],"replies":[{"embeddable":true,"href":"https:\/\/wordpress.nibis.de\/gsrosche\/wp-json\/wp\/v2\/comments?post=1137"}],"version-history":[{"count":1,"href":"https:\/\/wordpress.nibis.de\/gsrosche\/wp-json\/wp\/v2\/pages\/1137\/revisions"}],"predecessor-version":[{"id":1139,"href":"https:\/\/wordpress.nibis.de\/gsrosche\/wp-json\/wp\/v2\/pages\/1137\/revisions\/1139"}],"wp:attachment":[{"href":"https:\/\/wordpress.nibis.de\/gsrosche\/wp-json\/wp\/v2\/media?parent=1137"}],"curies":[{"name":"wp","href":"https:\/\/api.w.org\/{rel}","templated":true}]}}