{"id":117,"date":"2014-01-26T16:14:17","date_gmt":"2014-01-26T14:14:17","guid":{"rendered":"http:\/\/wordpress.nibis.de\/gsrosche\/?page_id=117"},"modified":"2014-02-03T12:05:33","modified_gmt":"2014-02-03T10:05:33","slug":"schulkleidung","status":"publish","type":"page","link":"https:\/\/wordpress.nibis.de\/gsrosche\/schulleben\/schulkleidung\/","title":{"rendered":"Schulkleidung"},"content":{"rendered":"<p align=\"center\"><b><span style=\"text-decoration: underline\">Schulkleidung<\/span><\/b><\/p>\n<p>\u00a0Der neu gegr\u00fcndete Schulvorstand der Grundschule Rosche besch\u00e4ftigte sich in der 1. Amtszeit mit der Beschaffung einer Schulkleidung. Das Tragen der Shirts ist freiwillig, es ist keine offizielle Schulkleidung. Die Grundschule Rosche hat sich f\u00fcr Schulkleidung entschieden, um das Zusammengeh\u00f6rigkeitsgef\u00fchl der Grundsch\u00fcler zu st\u00e4rken. Mit der Einf\u00fchrung der Schulkleidung sollen die Sch\u00fcler au\u00dferdem zu einem realen Konsumbewusstsein erzogen werden. Einer Ausgrenzung durch Markenzwang soll entgegen gewirkt werden. Sch\u00fcler aller Gesellschaftsschichten haben somit bessere Chancen, sich frei vom \u201eUniformierzwang\u201c durch Markenkleidung zu entwickeln. Ein Sich-Definieren durch Markenkleidung ist mit der Schulkleidung nicht mehr m\u00f6glich.<\/p>\n<p>Es wurden ein hellblaues T-Shirt sowie Sweat-Shirt mit aufgesticktem Schullogo auf der R\u00fcckseite in Auftrag gegeben. Jeweils zu zwei Terminen haben die Eltern die M\u00f6glichkeit, diese Kleidung in der Schule zu bestellen (Herbstferien, Pfingsten).<\/p>\n","protected":false},"excerpt":{"rendered":"<p>Schulkleidung \u00a0Der neu gegr\u00fcndete Schulvorstand der Grundschule Rosche besch\u00e4ftigte sich in der 1. Amtszeit mit der Beschaffung einer Schulkleidung. Das Tragen der Shirts ist freiwillig, es ist keine offizielle Schulkleidung. Die Grundschule Rosche hat sich f\u00fcr Schulkleidung entschieden, um das Zusammengeh\u00f6rigkeitsgef\u00fchl der Grundsch\u00fcler zu st\u00e4rken. Mit der Einf\u00fchrung der Schulkleidung sollen die Sch\u00fcler au\u00dferdem zu &hellip; <a href=\"https:\/\/wordpress.nibis.de\/gsrosche\/schulleben\/schulkleidung\/\" class=\"more-link\">Weiterlesen <span class=\"screen-reader-text\">Schulkleidung<\/span><\/a><\/p>\n","protected":false},"author":103,"featured_media":0,"parent":44,"menu_order":0,"comment_status":"closed","ping_status":"closed","template":"","meta":{"footnotes":""},"class_list":["post-117","page","type-page","status-publish","hentry","without-featured-image"],"_links":{"self":[{"href":"https:\/\/wordpress.nibis.de\/gsrosche\/wp-json\/wp\/v2\/pages\/117","targetHints":{"allow":["GET"]}}],"collection":[{"href":"https:\/\/wordpress.nibis.de\/gsrosche\/wp-json\/wp\/v2\/pages"}],"about":[{"href":"https:\/\/wordpress.nibis.de\/gsrosche\/wp-json\/wp\/v2\/types\/page"}],"author":[{"embeddable":true,"href":"https:\/\/wordpress.nibis.de\/gsrosche\/wp-json\/wp\/v2\/users\/103"}],"replies":[{"embeddable":true,"href":"https:\/\/wordpress.nibis.de\/gsrosche\/wp-json\/wp\/v2\/comments?post=117"}],"version-history":[{"count":1,"href":"https:\/\/wordpress.nibis.de\/gsrosche\/wp-json\/wp\/v2\/pages\/117\/revisions"}],"predecessor-version":[{"id":118,"href":"https:\/\/wordpress.nibis.de\/gsrosche\/wp-json\/wp\/v2\/pages\/117\/revisions\/118"}],"up":[{"embeddable":true,"href":"https:\/\/wordpress.nibis.de\/gsrosche\/wp-json\/wp\/v2\/pages\/44"}],"wp:attachment":[{"href":"https:\/\/wordpress.nibis.de\/gsrosche\/wp-json\/wp\/v2\/media?parent=117"}],"curies":[{"name":"wp","href":"https:\/\/api.w.org\/{rel}","templated":true}]}}