{"id":753,"date":"2019-03-10T17:24:10","date_gmt":"2019-03-10T16:24:10","guid":{"rendered":"https:\/\/wordpress.nibis.de\/gsrosche\/?page_id=753"},"modified":"2020-04-01T09:10:50","modified_gmt":"2020-04-01T07:10:50","slug":"umweltschule","status":"publish","type":"page","link":"https:\/\/wordpress.nibis.de\/gsrosche\/umweltschule\/","title":{"rendered":"Umweltschule"},"content":{"rendered":"\n<p>Nach der ersten Zertifizierung unserer Schule 2009 als Umweltschule folgten weitere in den Jahren 2011, 2013 und 2017.<\/p>\n\n\n\n<p>Vor kurzem konnten wir nun auch die Auszeichnung &#8222;Umweltschule in Europa&#8220; f\u00fcr die vergangenen Jahre entgegennehmen.<\/p>\n\n\n\n<p>Wir sind sehr stolz auf diese Auszeichnungen und bringen dieses auch in unserem Leitbild zum Ausdruck: &#8222;Wir w\u00fcnschen uns unsere Schule als sozialen Lebensraum, den wir gemeinsam gestalten und in dem sich alle Beteiligten wohl f\u00fchlen. Durch&nbsp; kompetenten und abwechslungsreich gestalteten Unterricht sowie durch vielf\u00e4ltige Aktivit\u00e4ten und Rituale f\u00f6rdern wir Freude am Lernen und Lust, selbstst\u00e4ndig Neues zu entdecken. Als Umweltschule legen wir einen Grundstein f\u00fcr verantwortungsvolles Denken und Handeln in der Gesellschaft.&#8220;<\/p>\n\n\n\n<p>Im vergangenen Bewerbungszeitraum 2017-19 hatten wir uns mit zwei Handlungsthemen beworben.<\/p>\n\n\n\n<ol class=\"wp-block-list\"><li>Miteinander &#8211; F\u00fcreinander (Jahresmotto 2017\/18)<\/li><li>Fit von Kopf bis Fu\u00df (Jahresmotto 2018\/19)<\/li><li><\/li><\/ol>\n\n\n\n<p><strong>Ziel des 1. Handlungsfeldes:<\/strong><\/p>\n\n\n\n<p><em>Die Sch\u00fcler\/innen sollen sensibilisiert werden f\u00fcr die Lebensumst\u00e4nde der Menschen in \u00e4rmeren L\u00e4ndern und sie sollen ermutigt werden, Verantwortung f\u00fcr sich und andere&nbsp; zu \u00fcbernehmen.<\/em> <\/p>\n\n\n\n<p>Mit Hilfe von folgenden Ma\u00dfnahmen \/ Aktionen woll(t)en wir dieses Ziel erreichen:<\/p>\n\n\n\n<table class=\"wp-block-table\"><tbody><tr><td>&#8211; Projektwoche &#8222;Albert Schweitzer&#8220; verbunden mit einem &#8222;Lauf gegen den Hunger&#8220;  <br>&#8211; Theaterprojekt &#8222;Henrietta &amp; Co&#8220; der AOK   <br>&#8211; Projektwoche &#8222;Zirkus&#8220; &#8211; Erleben der eigenen F\u00e4higkeiten und   W\u00fcrdigung durch Publikum  <br>&#8211; Schulkinowochen &#8211; Besuch von altersentsprechenden Filmen passend zu unserem Jahresmotto (z.B. &#8222;Unsere Erde&#8220; f\u00fcr Kl. 4)  <br>&#8211; Partizipation an der Umgestaltung des \u00f6rtlichen Freibades in Zusammenarbeit mit der ortsans\u00e4ssigen Oberschule<br>&#8211; Aktion &#8222;Sammeldrache&#8220; f\u00fcr den guten Zweck<br>&#8211; Zeichnen von Wunsch-Weihnachtskarten &#8211; Erl\u00f6s f\u00fcr einen selbst gew\u00e4hlten guten Zweck<br>&#8211; Klasse 2000 (Konfliktl\u00f6sung, Selbstvertrauen, Selbstkontrolle, friedliches Miteinander)   <br>&#8211; Erinnerung an alte Sprachen &#8211; Teilnahme am Nieders\u00e4chsischen Filmprojekt &#8222;De Plattd\u00fc\u00fctsch Filmpries&#8220; 2018\/19 (1.Platz) sowie Heranf\u00fchren an plattdeutsches Liedgut   <br>&#8211; Verbindung zur \u00e4lteren Generation in der Samtgemeinde durch Aktion   &#8222;Schule fr\u00fcher &#8211; Schule heute&#8220;<br>&#8211; Teilnahme an weiteren Wettbewerben, Nutzung der Geldpreise f\u00fcr interne   Schulprojekte  <br>&#8211; Back- und Bastelaktionen unterst\u00fctzt durch die OBS Rosche<br>&#8211; Abschiedsfest von der Au\u00dfenstelle f\u00fcr Sch\u00fcler\/innen, Eltern, Dorfgemeinschaft und Interessierte)<\/td><\/tr><\/tbody><\/table>\n\n\n\n<p><strong>Ziel des 2. Handlungsfeldes:<\/strong><\/p>\n\n\n\n<p><em>Ziel dieses Bereiches ist die Auseinandersetzung der Sch\u00fcler und Sch\u00fclerinnen mit ihrem eigenen K\u00f6rper in Verbindung mit dem Verst\u00e4ndnis f\u00fcr gesunderhaltene Ma\u00dfnahmen.<\/em> <\/p>\n\n\n\n<p>Mit Hilfe von folgenden Aktionen \/ Programmen woll(t)en wir dieses Ziel erreichen:<\/p>\n\n\n\n<p>&#8211; Besuch von au\u00dferschulischen Lernorten (z.B. Bauckhof als regionaler Anbieter von Bioprodukten)<br>&#8211; Wandertage (Sensibilisierung f\u00fcr Bewegungsmangel und F\u00f6rderung der   Freude an Bewegung)   <br>&#8211; Zahngesundes Fr\u00fchst\u00fcck in Zusammenarbeit mit der Jugendzahnpflege des Gesundheitsamtes Uelzen   <br>&#8211; ergotherapeutischer Blick auf die Sitz- und Schreibhaltung (Bauen von   Fu\u00dfb\u00e4nken zum Gr\u00f6\u00dfenausgleich, Hilfsmittel zur richtigen Stifthaltung)   <br>&#8211; zus\u00e4tzliche Kursangebote f\u00fcr Kinder mit ADHS und Schwierigkeiten in   der Konzentration; (&#8222;Schlau wie ein Fuchs&#8220;, &#8222;Flinke H\u00e4nde&#8220;)   <br>&#8211; Einbezug von Sch\u00fclerlotsen der OBS   <br>&#8211; zahlreiche Sportveranstaltungen (Brennballturnier, Fu\u00dfballturniere f\u00fcr   M\u00e4dchen und Jungen getrennt, Neptunfest, Bundesjugendspiele, Sportabzeichen, Schwimmunterricht in allen Klassen)   <br>-Bewegte Pause (Ausleihe von Spielger\u00e4ten durch Sch\u00fcler der 4. Klassen &#8211;   \u00dcbernahme von Verantwortung)- Jahresevaluation &#8222;Medienerziehung&#8220; (Eltern, Lehrer, Sch\u00fcler)   <br>&#8211; Elternabend zum Thema &#8222;Medienerziehung&#8220; (inklusive   Aufkl\u00e4rung \u00fcber Gefahren von \u00fcberm\u00e4\u00dfigem Medienkonsum)   <br>&#8211; Elternabend zur &#8222;Notwendigkeit einer HPV-Impfung&#8220;   <br>&#8211; Projektwoche &#8222;Zirkus&#8220; (St\u00e4rkung des K\u00f6rpergef\u00fchls, Vertrauen in die eigenen F\u00e4higkeiten)   <br>&#8211; Gesundheitsprojekt &#8222;Klasse 2000&#8220; &#8211; Ernennung zur gesundheitsf\u00f6rdernden Schule 2018, da nun alle Klassen im Projekt &#8222;Klasse 2000&#8220; involviert sind; Verankerung von &#8222;Klasse 2000&#8220; in die schuleigenen Arbeitspl\u00e4ne Sachunterricht; Bindung der Sponsoren durch eine gute Zusammenarbeit   <br>&#8211; AOK-Theater &#8222;Henrietta und die Schatzinsel&#8220; &#8211;  Gesundheitsf\u00f6rderung unter einem ganzheitlichen Ansatz in Bezug auf Ern\u00e4hrung, Bewegung und psychische Gesundheit (inklusive Fortbildung der Lehrkr\u00e4fte)   <br>&#8211; &#8222;Erste-Hilfe-Tag&#8220; in Zusammenarbeit mit dem DRK Uelzen und den Schulsanit\u00e4tern der OBS Rosche<br><\/p>\n","protected":false},"excerpt":{"rendered":"<p>Nach der ersten Zertifizierung unserer Schule 2009 als Umweltschule folgten weitere in den Jahren 2011, 2013 und 2017. Vor kurzem konnten wir nun auch die Auszeichnung &#8222;Umweltschule in Europa&#8220; f\u00fcr die vergangenen Jahre entgegennehmen. Wir sind sehr stolz auf diese Auszeichnungen und bringen dieses auch in unserem Leitbild zum Ausdruck: &#8222;Wir w\u00fcnschen uns unsere Schule &hellip; <a href=\"https:\/\/wordpress.nibis.de\/gsrosche\/umweltschule\/\" class=\"more-link\">Weiterlesen <span class=\"screen-reader-text\">Umweltschule<\/span><\/a><\/p>\n","protected":false},"author":103,"featured_media":0,"parent":0,"menu_order":0,"comment_status":"closed","ping_status":"closed","template":"","meta":{"footnotes":""},"class_list":["post-753","page","type-page","status-publish","hentry","without-featured-image"],"_links":{"self":[{"href":"https:\/\/wordpress.nibis.de\/gsrosche\/wp-json\/wp\/v2\/pages\/753","targetHints":{"allow":["GET"]}}],"collection":[{"href":"https:\/\/wordpress.nibis.de\/gsrosche\/wp-json\/wp\/v2\/pages"}],"about":[{"href":"https:\/\/wordpress.nibis.de\/gsrosche\/wp-json\/wp\/v2\/types\/page"}],"author":[{"embeddable":true,"href":"https:\/\/wordpress.nibis.de\/gsrosche\/wp-json\/wp\/v2\/users\/103"}],"replies":[{"embeddable":true,"href":"https:\/\/wordpress.nibis.de\/gsrosche\/wp-json\/wp\/v2\/comments?post=753"}],"version-history":[{"count":3,"href":"https:\/\/wordpress.nibis.de\/gsrosche\/wp-json\/wp\/v2\/pages\/753\/revisions"}],"predecessor-version":[{"id":808,"href":"https:\/\/wordpress.nibis.de\/gsrosche\/wp-json\/wp\/v2\/pages\/753\/revisions\/808"}],"wp:attachment":[{"href":"https:\/\/wordpress.nibis.de\/gsrosche\/wp-json\/wp\/v2\/media?parent=753"}],"curies":[{"name":"wp","href":"https:\/\/api.w.org\/{rel}","templated":true}]}}