{"id":83,"date":"2013-11-04T22:45:22","date_gmt":"2013-11-04T20:45:22","guid":{"rendered":"http:\/\/wordpress.nibis.de\/gsrosche\/?page_id=83"},"modified":"2019-03-10T17:34:07","modified_gmt":"2019-03-10T16:34:07","slug":"fasching","status":"publish","type":"page","link":"https:\/\/wordpress.nibis.de\/gsrosche\/schulleben\/fasching\/","title":{"rendered":"Fasching"},"content":{"rendered":"<ul>\n<li>\n<div style=\"text-align: left\" align=\"center\">Immer am Rosenmontag wird an unserer Schule w\u00e4hrend des gesamten Schulvormittags Fasching gefeiert.<\/div>\n<\/li>\n<li>Jede Klasse feiert mit dem Klassenlehrer\/der Klassenlehrerin ein eigenes Faschingsfest, welches nach gemeinsamer Absprache auch unter einem bestimmten Motto stehen kann.<\/li>\n<li>F\u00fcr die Durchf\u00fchrung sowie f\u00fcr die Materialbeschaffung f\u00fcr die einzelnen Spiele ist der jeweilige Klassenlehrer verantwortlich.<\/li>\n<li>Die Dauer des Festes entspricht den eigentlichen Unterrichtsstunden.<\/li>\n<li>In der 3. Stunde findet eine gemeinsame Faschingsstunde aller Grundschulklassen in der kleinen Turnhalle statt. Dazu gehen alle Kinder mit Hilfe einer gemeinsamen Polonaise in die Turnhalle. Dort stellen die einzelnen Klassen ihre Kost\u00fcmierungen vor. Anschlie\u00dfend werden nach vorheriger Absprache der Klassenlehrer\/innen gemeinsam verschiedene Tanz- und Spiellieder durchgef\u00fchrt. Der Abschluss bildet ein Bonbonregen (Kamellen werfen in Anlehnung an Fastnachtsumz\u00fcge).<\/li>\n<li>Jeder Klassenlehrer achtet auf die Sauberkeit im Klassenraum. Konfetti, Luftschlangen etc. m\u00fcssen von der Klasse selbst entfernt werden.<\/li>\n<\/ul>\n","protected":false},"excerpt":{"rendered":"<p>Immer am Rosenmontag wird an unserer Schule w\u00e4hrend des gesamten Schulvormittags Fasching gefeiert. Jede Klasse feiert mit dem Klassenlehrer\/der Klassenlehrerin ein eigenes Faschingsfest, welches nach gemeinsamer Absprache auch unter einem bestimmten Motto stehen kann. F\u00fcr die Durchf\u00fchrung sowie f\u00fcr die Materialbeschaffung f\u00fcr die einzelnen Spiele ist der jeweilige Klassenlehrer verantwortlich. Die Dauer des Festes entspricht &hellip; <a href=\"https:\/\/wordpress.nibis.de\/gsrosche\/schulleben\/fasching\/\" class=\"more-link\">Weiterlesen <span class=\"screen-reader-text\">Fasching<\/span><\/a><\/p>\n","protected":false},"author":103,"featured_media":0,"parent":44,"menu_order":0,"comment_status":"closed","ping_status":"closed","template":"","meta":{"footnotes":""},"class_list":["post-83","page","type-page","status-publish","hentry","without-featured-image"],"_links":{"self":[{"href":"https:\/\/wordpress.nibis.de\/gsrosche\/wp-json\/wp\/v2\/pages\/83","targetHints":{"allow":["GET"]}}],"collection":[{"href":"https:\/\/wordpress.nibis.de\/gsrosche\/wp-json\/wp\/v2\/pages"}],"about":[{"href":"https:\/\/wordpress.nibis.de\/gsrosche\/wp-json\/wp\/v2\/types\/page"}],"author":[{"embeddable":true,"href":"https:\/\/wordpress.nibis.de\/gsrosche\/wp-json\/wp\/v2\/users\/103"}],"replies":[{"embeddable":true,"href":"https:\/\/wordpress.nibis.de\/gsrosche\/wp-json\/wp\/v2\/comments?post=83"}],"version-history":[{"count":2,"href":"https:\/\/wordpress.nibis.de\/gsrosche\/wp-json\/wp\/v2\/pages\/83\/revisions"}],"predecessor-version":[{"id":757,"href":"https:\/\/wordpress.nibis.de\/gsrosche\/wp-json\/wp\/v2\/pages\/83\/revisions\/757"}],"up":[{"embeddable":true,"href":"https:\/\/wordpress.nibis.de\/gsrosche\/wp-json\/wp\/v2\/pages\/44"}],"wp:attachment":[{"href":"https:\/\/wordpress.nibis.de\/gsrosche\/wp-json\/wp\/v2\/media?parent=83"}],"curies":[{"name":"wp","href":"https:\/\/api.w.org\/{rel}","templated":true}]}}