{"id":88,"date":"2013-11-04T22:49:22","date_gmt":"2013-11-04T20:49:22","guid":{"rendered":"http:\/\/wordpress.nibis.de\/gsrosche\/?page_id=88"},"modified":"2025-01-02T17:43:40","modified_gmt":"2025-01-02T16:43:40","slug":"schulvorstand","status":"publish","type":"page","link":"https:\/\/wordpress.nibis.de\/gsrosche\/schulleben\/schulvorstand\/","title":{"rendered":"Schulvorstand"},"content":{"rendered":"<p style=\"text-align: left\" align=\"center\">Mit\u00a0 der Eigenverantwortlichen Schule entstand der Schulvorstand als ein weiteres schulisches Gremium. Darin wirken 4 Lehrkr\u00e4fte, darunter die Schulleitung, und 4 Elternvertreter zusammen. Diese Mitglieder werden alle zwei Jahre in der Schulelternratssitzung beziehungsweise in einer Dienstversammlung gew\u00e4hlt.<\/p>\n<p align=\"center\">Aufgaben des Schulvorstandes<\/p>\n<p>(1)\u00a0\u00a0\u00a0\u00a0\u00a0\u00a0\u00a0\u00a0\u00a0\u00a0\u00a0\u00a0\u00a0\u00a0\u00a0\u00a0\u00a0\u00a0\u00a0\u00a0\u00a0\u00a0 Qualit\u00e4tsentwicklung<\/p>\n<p>(2)\u00a0\u00a0\u00a0\u00a0\u00a0\u00a0\u00a0\u00a0\u00a0\u00a0\u00a0\u00a0\u00a0\u00a0\u00a0\u00a0\u00a0\u00a0\u00a0\u00a0\u00a0\u00a0 SL unterrichtet \u00fcber alle wesentlichen Angelegenheiten<\/p>\n<p>(3)\u00a0\u00a0\u00a0\u00a0\u00a0\u00a0\u00a0\u00a0\u00a0\u00a0\u00a0\u00a0\u00a0\u00a0\u00a0\u00a0\u00a0\u00a0\u00a0\u00a0\u00a0\u00a0 Organisatorische Grundsatzentscheidungen<\/p>\n<p>(4)<br \/>\nMacht Vorschl\u00e4ge f\u00fcr das Schulprogramm und f\u00fcr die Schulordnung<\/p>\n<p>zu (3) Der Schulvorstand entscheidet \u00fcber:<\/p>\n<ul>\n<li>Verwendung der Haushaltsmittel<\/li>\n<li>Antr\u00e4ge auf Genehmigung einer besonderen Organisation<\/li>\n<li>Ausgestaltung der Stundentafel<\/li>\n<li>Schulpartnerschaften<\/li>\n<li>Antr\u00e4ge auf Genehmigung von Schulversuchen<\/li>\n<li>Grunds\u00e4tze f\u00fcr:\n<ul>\n<li>die T\u00e4tigkeit der p\u00e4dagogischen Mitarbeiter\/innen<\/li>\n<li>die Durchf\u00fchrung von Projektwochen<\/li>\n<li>die Werbung und das Sponsoring in der Schule<\/li>\n<li>die j\u00e4hrliche \u00dcberpr\u00fcfung der Arbeit der Schule<\/li>\n<\/ul>\n<\/li>\n<\/ul>\n<p>Der Schulvorstand besteht im Schuljahr 2024\/25 aus folgenden Mitgliedern:<\/p>\n<ul>\n<li>Susanne Prehm (SL), Christina J\u00fcrgens (LK), Anna Niebuhr (LK), Lilli Kempf (LK)<\/li>\n<li>Herr Kupke (EV), Frau Meyer (EV), Herr K\u00fchn (EV), Frau Sumtrop (EV)<\/li>\n<\/ul>\n<p>Er arbeitet zur Zeit an folgenden Punkten:<\/p>\n<ul>\n<li>Evaluation des Schulplaners<\/li>\n<li>Evaluation &#8222;Digitale Medienerziehung&#8220;<\/li>\n<li>Haushalt der GS Rosche<\/li>\n<\/ul>\n","protected":false},"excerpt":{"rendered":"<p>Mit\u00a0 der Eigenverantwortlichen Schule entstand der Schulvorstand als ein weiteres schulisches Gremium. Darin wirken 4 Lehrkr\u00e4fte, darunter die Schulleitung, und 4 Elternvertreter zusammen. Diese Mitglieder werden alle zwei Jahre in der Schulelternratssitzung beziehungsweise in einer Dienstversammlung gew\u00e4hlt. Aufgaben des Schulvorstandes (1)\u00a0\u00a0\u00a0\u00a0\u00a0\u00a0\u00a0\u00a0\u00a0\u00a0\u00a0\u00a0\u00a0\u00a0\u00a0\u00a0\u00a0\u00a0\u00a0\u00a0\u00a0\u00a0 Qualit\u00e4tsentwicklung (2)\u00a0\u00a0\u00a0\u00a0\u00a0\u00a0\u00a0\u00a0\u00a0\u00a0\u00a0\u00a0\u00a0\u00a0\u00a0\u00a0\u00a0\u00a0\u00a0\u00a0\u00a0\u00a0 SL unterrichtet \u00fcber alle wesentlichen Angelegenheiten (3)\u00a0\u00a0\u00a0\u00a0\u00a0\u00a0\u00a0\u00a0\u00a0\u00a0\u00a0\u00a0\u00a0\u00a0\u00a0\u00a0\u00a0\u00a0\u00a0\u00a0\u00a0\u00a0 Organisatorische Grundsatzentscheidungen (4) Macht Vorschl\u00e4ge &hellip; <a href=\"https:\/\/wordpress.nibis.de\/gsrosche\/schulleben\/schulvorstand\/\" class=\"more-link\">Weiterlesen <span class=\"screen-reader-text\">Schulvorstand<\/span><\/a><\/p>\n","protected":false},"author":103,"featured_media":0,"parent":44,"menu_order":0,"comment_status":"closed","ping_status":"closed","template":"","meta":{"footnotes":""},"class_list":["post-88","page","type-page","status-publish","hentry","without-featured-image"],"_links":{"self":[{"href":"https:\/\/wordpress.nibis.de\/gsrosche\/wp-json\/wp\/v2\/pages\/88","targetHints":{"allow":["GET"]}}],"collection":[{"href":"https:\/\/wordpress.nibis.de\/gsrosche\/wp-json\/wp\/v2\/pages"}],"about":[{"href":"https:\/\/wordpress.nibis.de\/gsrosche\/wp-json\/wp\/v2\/types\/page"}],"author":[{"embeddable":true,"href":"https:\/\/wordpress.nibis.de\/gsrosche\/wp-json\/wp\/v2\/users\/103"}],"replies":[{"embeddable":true,"href":"https:\/\/wordpress.nibis.de\/gsrosche\/wp-json\/wp\/v2\/comments?post=88"}],"version-history":[{"count":4,"href":"https:\/\/wordpress.nibis.de\/gsrosche\/wp-json\/wp\/v2\/pages\/88\/revisions"}],"predecessor-version":[{"id":1147,"href":"https:\/\/wordpress.nibis.de\/gsrosche\/wp-json\/wp\/v2\/pages\/88\/revisions\/1147"}],"up":[{"embeddable":true,"href":"https:\/\/wordpress.nibis.de\/gsrosche\/wp-json\/wp\/v2\/pages\/44"}],"wp:attachment":[{"href":"https:\/\/wordpress.nibis.de\/gsrosche\/wp-json\/wp\/v2\/media?parent=88"}],"curies":[{"name":"wp","href":"https:\/\/api.w.org\/{rel}","templated":true}]}}