{"id":250,"date":"2019-07-20T18:01:18","date_gmt":"2019-07-20T16:01:18","guid":{"rendered":"https:\/\/wordpress.nibis.de\/gssande\/?page_id=250"},"modified":"2025-01-22T11:03:27","modified_gmt":"2025-01-22T10:03:27","slug":"verlaessliche-grundschule","status":"publish","type":"page","link":"https:\/\/wordpress.nibis.de\/gssande\/schule\/verlaessliche-grundschule\/","title":{"rendered":"Verl\u00e4ssliche Grundschule"},"content":{"rendered":"\n<p><strong>Seit Beginn des Schuljahres 2000\/2001 ist die Grundschule Sande eine Verl\u00e4ssliche Grundschule.<\/strong> <br \/>Verl\u00e4sslich bedeutet, dass alle Sch\u00fcler der 1. und 2. Klassen an den Wochentagen, an denen sie vier Stunden Unterricht haben,\u00a0 anschlie\u00dfend &#8211; wenn die Eltern dies w\u00fcnschen &#8211; in der 5. Stunde von p\u00e4dagogischen Mitarbeiterinnen in der Schule betreut werden.<\/p>\n<p>Die 3. und 4. Klassen haben 26 Unterrichtsstunden in der Woche, zus\u00e4tzlich k\u00f6nnen die Drittkl\u00e4ssler im 2. Halbjahr eine Arbeitsgemeinschaft w\u00e4hlen, um zu Friedensstiftern ausgebildet zu werden.<\/p>\n<p>Unterricht f\u00e4llt nicht mehr aus. F\u00fcr Vertretungsunterricht hat die Schule p\u00e4dagogische Mitarbeitende, die bei Abwesenheit einer Lehrkraft kurzfristig einspringen.<\/p>\n","protected":false},"excerpt":{"rendered":"<p>Seit Beginn des Schuljahres 2000\/2001 ist die Grundschule Sande eine Verl\u00e4ssliche Grundschule. Verl\u00e4sslich bedeutet, dass alle Sch\u00fcler der 1. und 2. Klassen an den Wochentagen, an denen sie vier Stunden Unterricht haben,\u00a0 anschlie\u00dfend &#8211; wenn die Eltern dies w\u00fcnschen &#8211; in der 5. Stunde von p\u00e4dagogischen Mitarbeiterinnen in der Schule betreut werden. Die 3. und [&hellip;]<\/p>\n","protected":false},"author":9193190,"featured_media":0,"parent":134,"menu_order":1,"comment_status":"closed","ping_status":"closed","template":"template-full-width.php","meta":{"footnotes":""},"class_list":["post-250","page","type-page","status-publish","hentry"],"_links":{"self":[{"href":"https:\/\/wordpress.nibis.de\/gssande\/wp-json\/wp\/v2\/pages\/250","targetHints":{"allow":["GET"]}}],"collection":[{"href":"https:\/\/wordpress.nibis.de\/gssande\/wp-json\/wp\/v2\/pages"}],"about":[{"href":"https:\/\/wordpress.nibis.de\/gssande\/wp-json\/wp\/v2\/types\/page"}],"author":[{"embeddable":true,"href":"https:\/\/wordpress.nibis.de\/gssande\/wp-json\/wp\/v2\/users\/9193190"}],"replies":[{"embeddable":true,"href":"https:\/\/wordpress.nibis.de\/gssande\/wp-json\/wp\/v2\/comments?post=250"}],"version-history":[{"count":8,"href":"https:\/\/wordpress.nibis.de\/gssande\/wp-json\/wp\/v2\/pages\/250\/revisions"}],"predecessor-version":[{"id":1026,"href":"https:\/\/wordpress.nibis.de\/gssande\/wp-json\/wp\/v2\/pages\/250\/revisions\/1026"}],"up":[{"embeddable":true,"href":"https:\/\/wordpress.nibis.de\/gssande\/wp-json\/wp\/v2\/pages\/134"}],"wp:attachment":[{"href":"https:\/\/wordpress.nibis.de\/gssande\/wp-json\/wp\/v2\/media?parent=250"}],"curies":[{"name":"wp","href":"https:\/\/api.w.org\/{rel}","templated":true}]}}