{"id":267,"date":"2019-07-20T19:27:02","date_gmt":"2019-07-20T17:27:02","guid":{"rendered":"https:\/\/wordpress.nibis.de\/gssande\/?page_id=267"},"modified":"2023-09-24T10:55:15","modified_gmt":"2023-09-24T08:55:15","slug":"wissenswertes","status":"publish","type":"page","link":"https:\/\/wordpress.nibis.de\/gssande\/schule\/wissenswertes\/","title":{"rendered":"Wissenswertes"},"content":{"rendered":"\n<p><strong>Anschriften\u00e4nderung<\/strong><br \/>Falls Sie umziehen, melden Sie die Adressen\u00e4nderung bitte umgehend im Sekretariat.<br \/><strong>Beurlaubungen<\/strong><br \/>Muss Ihr Kind ausnahmsweise einmal beurlaubt werden, so beantragen Sie dies bitte rechtzeitig schriftlich f\u00fcr bis zu 3 Tage bei der Klassenlehrkraft; f\u00fcr einen l\u00e4ngeren Zeitraum bzw. vor oder nach den Ferien bei der Schulleiterin.<br \/><strong>Extreme Witterungsverh\u00e4ltnisse<\/strong><br \/>Wenn aufgrund extremer Witterungsverh\u00e4ltnisse (z.B. Eis- oder Schneegl\u00e4tte) der Unterricht ausfallen sollte, werden Sie morgens im Rundfunk dar\u00fcber informiert. Gegebenenfalls wird Sande nicht einzeln erw\u00e4hnt, sondern der Landkreis Friesland. Aktuelle Infos dazu finden Sie im Internet auf der Seite der Verkehrsmanagementzentrale Niedersachsen unter: <br \/><a href=\"http:\/\/www.vmz-niedersachsen.de\/aktuell\/schulausfall.php\">http:\/\/www.vmz-niedersachsen.de\/aktuell\/schulausfall.php<\/a><br \/>Wenn Sie eine unzumutbare Gef\u00e4hrdung auf dem Schulweg bef\u00fcrchten, k\u00f6nnen Sie Ihr Kind auch dann f\u00fcr einen Tag zu Hause behalten oder vorzeitig vom Unterricht abholen, wenn kein Unterrichtsausfall angeordnet ist.<br \/><strong>Fahrradbenutzung<\/strong><br \/>Grunds\u00e4tzlich d\u00fcrfen alle Sch\u00fcler der ersten\u00a0und zweiten Klassen nicht allein mit dem Fahrrad zur Schule kommen.<br \/>Alle Sch\u00fcler der 3. und 4. Klassen, die mehr als 1 Kilometer (Luftlinie) von der Schule entfernt wohnen, d\u00fcrfen ihren Schulweg mit dem Fahrrad zur\u00fccklegen, wenn die Eltern einen entsprechenden Antrag gestellt haben (Vordrucke sind <a href=\"https:\/\/wordpress.nibis.de\/gssande\/download\/\">hier<\/a> oder im Sekretariat erh\u00e4ltlich).<br \/>Die Fahrr\u00e4der d\u00fcrfen nur in den daf\u00fcr vorgesehenen Fahrradst\u00e4ndern abgestellt werden. Sie m\u00fcssen abgeschlossen werden. Auf dem Schulgel\u00e4nde werden die Fahrr\u00e4der grunds\u00e4tzlich geschoben.<br \/>Sie als Eltern sind verpflichtet, den verkehrssicheren Zustand der Fahrr\u00e4der regelm\u00e4\u00dfig zu \u00fcberpr\u00fcfen. Sch\u00fcler, die mit dem Fahrrad zur Schule kommen, sollen aus Gr\u00fcnden der Verkehrssicherheit immer einen Fahrradhelm tragen.<br \/>Sch\u00e4den an Fahrr\u00e4dern, f\u00fcr die keine Benutzungsgenehmigung vorliegt, werden von der Versicherung nicht \u00fcbernommen.<br \/><strong>Fr\u00fchst\u00fcck<\/strong><br \/>Am Ende der 2. Unterrichtsstunde findet in jeder Klasse das gemeinsame Fr\u00fchst\u00fcck statt. Bitte geben Sie Ihrem Kind daf\u00fcr ein Schulbrot und\/oder Obst (am besten in einer Fr\u00fchst\u00fccksdose) mit. Dienstags und donnerstags erh\u00e4lt Ihr Kind kostenlos frisches Obst und Gem\u00fcse im Rahmen des EU-Schulobst- und -gem\u00fcseprogramms unterst\u00fctzt vom Land Niedersachsen und der europ\u00e4ischen Union. Verzichten Sie m\u00f6glichst auf \u00fcberzuckerte Schnitten und \u00e4hnliches.<br \/>Ihre Kinder k\u00f6nnen Kakao \/ Vanillemilch bestellen. Das Getr\u00e4nkegeld wird 14-t\u00e4gig dienstags f\u00fcr die kommenden zwei Wochen eingesammelt.<br \/>Sollten Sie Ihrem Kind ein Getr\u00e4nk mitgeben, benutzen Sie daf\u00fcr bitte m\u00f6glichst keine Einwegverpackung, sondern eine unzerbrechliche Trinkflasche.<br \/><strong>Krankmeldungen<\/strong><br \/>Ist Ihr Kind krank, so melden Sie dies bitte telefonisch bis 7:50 Uhr.<br \/>Bitte teilen Sie uns ansteckende Krankheiten mit.<br \/><strong>Regenpausen<\/strong><br \/>In Regenpausen halten sich die Sch\u00fcler in ihren Klassenr\u00e4umen auf, die Kinder besch\u00e4ftigen sich unter der Aufsicht einer Lehrkraft mit dem in den Klassen vorhandenen Arbeitsmaterial bzw. Spielzeug. <br \/><strong>Sachsch\u00e4den<\/strong><br \/>Sachsch\u00e4den sind grunds\u00e4tzlich vom Verursacher bzw. dessen Erziehungsberechtigten zu \u00fcbernehmen. Unverschuldete Besch\u00e4digungen werden vom Kommunalen Schadenausgleich reguliert und sind bitte umgehend im Sekretariat anzuzeigen.<br \/><strong>Sicherer Schulweg<\/strong><br \/>Bitte besprechen Sie mit Ihrem Kind regelm\u00e4\u00dfig &#8211; so wie die Lehrkr\u00e4fte das im Unterricht tun &#8211; das verkehrsgerechte Verhalten auf dem Schulweg. Achten Sie darauf, dass es die Stra\u00dfe -soweit m\u00f6glich- an ampelgesicherten \u00dcberg\u00e4ngen oder auf der Fu\u00dfg\u00e4ngerfurt \u00fcberquert. Die Benutzung von Inlineskates, Skateboards, Einr\u00e4dern oder Cityrollern auf dem Schulweg ist grunds\u00e4tzlich verboten.<br \/>Sollten Sie Ihr Kind mit dem Auto zur Schule bringen, achten Sie bitte darauf, dass es auf der Fu\u00dfwegseite aussteigt und Sie den \u00fcbrigen Verkehr nicht behindern!<br \/><strong>Unf\u00e4lle<\/strong><br \/>Sollte Ihr Kind in der Schule oder auf dem Schulweg einen Unfall haben, so melden Sie dies bitte schnellstm\u00f6glich im Sekretariat bei Frau Immerthal.<br \/><strong>Versicherungsschutz<\/strong><br \/>Ihr Kind ist w\u00e4hrend der Schulzeit und auf dem Schulweg durch den Gemeindeunfallversicherungsverband versichert.<br \/><strong>Zeugnisausgabetage<\/strong><br \/>Am Tag der Zeugnisausgabe (Ende Januar und vor den Sommerferien) ist nach der dritten Stunde um 10:35 Uhr f\u00fcr alle Kinder Unterrichtsschluss.<\/p>\n","protected":false},"excerpt":{"rendered":"<p>Anschriften\u00e4nderungFalls Sie umziehen, melden Sie die Adressen\u00e4nderung bitte umgehend im Sekretariat.BeurlaubungenMuss Ihr Kind ausnahmsweise einmal beurlaubt werden, so beantragen Sie dies bitte rechtzeitig schriftlich f\u00fcr bis zu 3 Tage bei der Klassenlehrkraft; f\u00fcr einen l\u00e4ngeren Zeitraum bzw. vor oder nach den Ferien bei der Schulleiterin.Extreme Witterungsverh\u00e4ltnisseWenn aufgrund extremer Witterungsverh\u00e4ltnisse (z.B. Eis- oder Schneegl\u00e4tte) der Unterricht [&hellip;]<\/p>\n","protected":false},"author":9193190,"featured_media":0,"parent":134,"menu_order":0,"comment_status":"closed","ping_status":"closed","template":"template-full-width.php","meta":{"footnotes":""},"class_list":["post-267","page","type-page","status-publish","hentry"],"_links":{"self":[{"href":"https:\/\/wordpress.nibis.de\/gssande\/wp-json\/wp\/v2\/pages\/267","targetHints":{"allow":["GET"]}}],"collection":[{"href":"https:\/\/wordpress.nibis.de\/gssande\/wp-json\/wp\/v2\/pages"}],"about":[{"href":"https:\/\/wordpress.nibis.de\/gssande\/wp-json\/wp\/v2\/types\/page"}],"author":[{"embeddable":true,"href":"https:\/\/wordpress.nibis.de\/gssande\/wp-json\/wp\/v2\/users\/9193190"}],"replies":[{"embeddable":true,"href":"https:\/\/wordpress.nibis.de\/gssande\/wp-json\/wp\/v2\/comments?post=267"}],"version-history":[{"count":4,"href":"https:\/\/wordpress.nibis.de\/gssande\/wp-json\/wp\/v2\/pages\/267\/revisions"}],"predecessor-version":[{"id":822,"href":"https:\/\/wordpress.nibis.de\/gssande\/wp-json\/wp\/v2\/pages\/267\/revisions\/822"}],"up":[{"embeddable":true,"href":"https:\/\/wordpress.nibis.de\/gssande\/wp-json\/wp\/v2\/pages\/134"}],"wp:attachment":[{"href":"https:\/\/wordpress.nibis.de\/gssande\/wp-json\/wp\/v2\/media?parent=267"}],"curies":[{"name":"wp","href":"https:\/\/api.w.org\/{rel}","templated":true}]}}