{"id":38,"date":"2019-07-17T10:48:07","date_gmt":"2019-07-17T08:48:07","guid":{"rendered":"https:\/\/wordpress.nibis.de\/gssande\/?page_id=38"},"modified":"2025-01-22T10:59:24","modified_gmt":"2025-01-22T09:59:24","slug":"eltern","status":"publish","type":"page","link":"https:\/\/wordpress.nibis.de\/gssande\/eltern\/","title":{"rendered":"Eltern"},"content":{"rendered":"\n<p>Eltern sind eine wichtige S\u00e4ule f\u00fcr die Arbeit in der Schule. <br \/>Informationen in Form eines Elternleitfadens und M\u00f6glichkeiten f\u00fcr Sie zur Mitwirkung im Schulelternrat und F\u00f6rderverein finden Sie auf den nachgeordneten Seiten.<\/p>\n<p><a href=\"https:\/\/wordpress.nibis.de\/gssande\/elternleitfaden\/\">Elternleitfaden<\/a><\/p>\n<p><a href=\"https:\/\/wordpress.nibis.de\/gssande\/eltern\/foerderverein\/\">F\u00f6rderverein<\/a><\/p>\n<p>\u00a0<\/p>\n","protected":false},"excerpt":{"rendered":"<p>Eltern sind eine wichtige S\u00e4ule f\u00fcr die Arbeit in der Schule. Informationen in Form eines Elternleitfadens und M\u00f6glichkeiten f\u00fcr Sie zur Mitwirkung im Schulelternrat und F\u00f6rderverein finden Sie auf den nachgeordneten Seiten. Elternleitfaden F\u00f6rderverein \u00a0<\/p>\n","protected":false},"author":9193190,"featured_media":0,"parent":0,"menu_order":0,"comment_status":"closed","ping_status":"closed","template":"","meta":{"footnotes":""},"class_list":["post-38","page","type-page","status-publish","hentry"],"_links":{"self":[{"href":"https:\/\/wordpress.nibis.de\/gssande\/wp-json\/wp\/v2\/pages\/38","targetHints":{"allow":["GET"]}}],"collection":[{"href":"https:\/\/wordpress.nibis.de\/gssande\/wp-json\/wp\/v2\/pages"}],"about":[{"href":"https:\/\/wordpress.nibis.de\/gssande\/wp-json\/wp\/v2\/types\/page"}],"author":[{"embeddable":true,"href":"https:\/\/wordpress.nibis.de\/gssande\/wp-json\/wp\/v2\/users\/9193190"}],"replies":[{"embeddable":true,"href":"https:\/\/wordpress.nibis.de\/gssande\/wp-json\/wp\/v2\/comments?post=38"}],"version-history":[{"count":7,"href":"https:\/\/wordpress.nibis.de\/gssande\/wp-json\/wp\/v2\/pages\/38\/revisions"}],"predecessor-version":[{"id":1023,"href":"https:\/\/wordpress.nibis.de\/gssande\/wp-json\/wp\/v2\/pages\/38\/revisions\/1023"}],"wp:attachment":[{"href":"https:\/\/wordpress.nibis.de\/gssande\/wp-json\/wp\/v2\/media?parent=38"}],"curies":[{"name":"wp","href":"https:\/\/api.w.org\/{rel}","templated":true}]}}