{"id":1098,"date":"2021-09-30T21:30:24","date_gmt":"2021-09-30T19:30:24","guid":{"rendered":"https:\/\/wordpress.nibis.de\/gssandhorst\/?page_id=1098"},"modified":"2021-09-30T23:03:59","modified_gmt":"2021-09-30T21:03:59","slug":"iserv-3","status":"publish","type":"page","link":"https:\/\/wordpress.nibis.de\/gssandhorst\/iserv-3\/","title":{"rendered":"IServ"},"content":{"rendered":"\n<p>Hier erhalten Sie n\u00e4here Informationen zum Schulserver IServ.<\/p>\n<p>Sollten Sie keine Zugangsdaten bekommen haben oder technische Probleme mit der Anmeldung haben, sprechen Sie uns gerne an.<\/p>\n<p>Hier k\u00f6nnen Sie die IServ-App direkt herunterladen:<\/p>\n<p style=\"text-align: center\"><a href=\"https:\/\/play.google.com\/store\/apps\/details?id=eu.iserv.webapp\" target=\"_blank\" rel=\"noopener\"><img loading=\"lazy\" decoding=\"async\" class=\"aligncenter\" src=\"https:\/\/iserv.de\/images\/app\/042020_google-play-badge-digital.png\" alt=\"Im Google Play Store herunterladen\" width=\"155\" height=\"60\" \/><\/a>\u00a0<a href=\"https:\/\/itunes.apple.com\/de\/app\/iserv-3\/id948660000?l=en&amp;mt=8\" target=\"_blank\" rel=\"noopener\"><img loading=\"lazy\" decoding=\"async\" class=\"aligncenter\" src=\"https:\/\/iserv.de\/images\/app\/app_store_de_135x40.png\" alt=\"Im App Store herunterladen\" width=\"134\" height=\"40\" \/><\/a>\u00a0<a href=\"https:\/\/appgallery.huawei.com\/#\/app\/C102538501\" target=\"_blank\" rel=\"noopener\"><img loading=\"lazy\" decoding=\"async\" class=\"aligncenter\" src=\"https:\/\/iserv.de\/images\/huawei_explore-it-on-appgallery.png\" alt=\"In der AppGallery herunterladen\" width=\"166\" height=\"50\" \/><\/a><\/p>\n<p>\u00a0<\/p>\n<p>\u00a0<\/p>\n<p style=\"text-align: center\">\u00a0<\/p>\n<p>Alternativ steht f\u00fcr erfahrene Anwenderinnen und Anwender die IServ-App auch als Download f\u00fcr die manuelle Installation zur Verf\u00fcgung.<\/p>\n<h2>Android -Aktuelle Version<\/h2>\n<div class=\"row\">\n<div class=\"col-xs-12 col-sm-6 col-md-6\">\n<div class=\" section-bg\">\n<ul>\n<li><a href=\"https:\/\/cdn.iserv.eu\/www\/app\/android\/app-google-2.1.5.apk\" target=\"_blank\" rel=\"noopener\">IServ App f\u00fcr Google Android (v2.1.5)<\/a><\/li>\n<li><a href=\"https:\/\/cdn.iserv.eu\/www\/app\/android\/app-huawei-2.1.5.apk\" target=\"_blank\" rel=\"noopener\">IServ App f\u00fcr Huawei Android (v2.1.5)<\/a><\/li>\n<\/ul>\n<\/div>\n<\/div>\n<\/div>\n<p>\u00a0<\/p>\n<p><a href=\"https:\/\/wordpress.nibis.de\/gssandhorst\/files\/032021_IServ_Broschuere_Auflage08.pdf\">032021_IServ_Broschuere_Auflage08<\/a><\/p>\n<p>\u00a0<\/p>\n","protected":false},"excerpt":{"rendered":"<p>Hier erhalten Sie n\u00e4here Informationen zum Schulserver IServ. Sollten Sie keine Zugangsdaten bekommen haben oder technische Probleme mit der Anmeldung haben, sprechen Sie uns gerne an. Hier k\u00f6nnen Sie die IServ-App direkt herunterladen: \u00a0\u00a0 \u00a0 \u00a0 \u00a0 Alternativ steht f\u00fcr erfahrene Anwenderinnen und Anwender die IServ-App auch als Download f\u00fcr die manuelle Installation zur Verf\u00fcgung. Android -Aktuelle Version IServ App f\u00fcr Google Android (v2.1.5) IServ App f\u00fcr Huawei Android (v2.1.5) \u00a0 032021_IServ_Broschuere_Auflage08 \u00a0<\/p>\n","protected":false},"author":671,"featured_media":0,"parent":0,"menu_order":0,"comment_status":"closed","ping_status":"closed","template":"","meta":{"footnotes":""},"class_list":["post-1098","page","type-page","status-publish","hentry"],"_links":{"self":[{"href":"https:\/\/wordpress.nibis.de\/gssandhorst\/wp-json\/wp\/v2\/pages\/1098","targetHints":{"allow":["GET"]}}],"collection":[{"href":"https:\/\/wordpress.nibis.de\/gssandhorst\/wp-json\/wp\/v2\/pages"}],"about":[{"href":"https:\/\/wordpress.nibis.de\/gssandhorst\/wp-json\/wp\/v2\/types\/page"}],"author":[{"embeddable":true,"href":"https:\/\/wordpress.nibis.de\/gssandhorst\/wp-json\/wp\/v2\/users\/671"}],"replies":[{"embeddable":true,"href":"https:\/\/wordpress.nibis.de\/gssandhorst\/wp-json\/wp\/v2\/comments?post=1098"}],"version-history":[{"count":3,"href":"https:\/\/wordpress.nibis.de\/gssandhorst\/wp-json\/wp\/v2\/pages\/1098\/revisions"}],"predecessor-version":[{"id":1111,"href":"https:\/\/wordpress.nibis.de\/gssandhorst\/wp-json\/wp\/v2\/pages\/1098\/revisions\/1111"}],"wp:attachment":[{"href":"https:\/\/wordpress.nibis.de\/gssandhorst\/wp-json\/wp\/v2\/media?parent=1098"}],"curies":[{"name":"wp","href":"https:\/\/api.w.org\/{rel}","templated":true}]}}