{"id":134,"date":"2014-06-23T21:42:49","date_gmt":"2014-06-23T19:42:49","guid":{"rendered":"http:\/\/wordpress.nibis.de\/gssandhorst\/?page_id=134"},"modified":"2023-04-25T12:23:49","modified_gmt":"2023-04-25T10:23:49","slug":"foerderverein","status":"publish","type":"page","link":"https:\/\/wordpress.nibis.de\/gssandhorst\/schulleben\/foerderverein\/","title":{"rendered":"F\u00f6rderverein"},"content":{"rendered":"<p><img loading=\"lazy\" decoding=\"async\" class=\"alignnone  wp-image-409\" src=\"http:\/\/wordpress.nibis.de\/gssandhorst\/files\/F\u00f6rderkreis-Logo.jpg\" alt=\"F\u00f6rderkreis-Logo\" width=\"245\" height=\"228\" \/><img loading=\"lazy\" decoding=\"async\" class=\"size-medium wp-image-392 alignright\" src=\"http:\/\/wordpress.nibis.de\/gssandhorst\/files\/F\u00f6rderverein-Bild-2-300x224.png\" alt=\"F\u00f6rderverein Bild 2\" width=\"300\" height=\"224\" srcset=\"https:\/\/wordpress.nibis.de\/gssandhorst\/files\/F\u00f6rderverein-Bild-2-300x224.png 300w, https:\/\/wordpress.nibis.de\/gssandhorst\/files\/F\u00f6rderverein-Bild-2.png 580w\" sizes=\"auto, (max-width: 300px) 100vw, 300px\" \/><\/p>\n<p><strong><span style=\"text-decoration: underline\">F\u00f6rderkreis Sandhorstschule Melle-Bruchm\u00fchlen e.V.<\/span><\/strong><\/p>\n<p>Herzlich willkommen beim F\u00f6rderkreis der Sandhorstschule!<\/p>\n<p>Seit dem Jahr 1995 hat sich unser F\u00f6rderkreis zur Aufgabe gemacht, die Sandhorstschule aktiv zu<br \/>\nunterst\u00fctzen.<\/p>\n<p>Dies geschieht auf vielf\u00e4ltige Weise, so gibt es z. B. folgende Aktivit\u00e4ten:<\/p>\n<p>&#8211;\u00a0 Unterst\u00fctzung beim j\u00e4hrlichen ADAC-Fahrradturnier<br \/>\n&#8211;\u00a0 Unterst\u00fctzung und Mitgliederwerbung bei der Einschulung<br \/>\n&#8211;\u00a0 Knobelstand auf dem Weihnachtsbasar<br \/>\n&#8211;\u00a0 Tannenbaum-Sammelaktion<\/p>\n<p>Dabei gibt es bei einigen Veranstaltungen (Knobelstand, Tannenbaum-Sammelaktion) eine enge<br \/>\nZusammenarbeit mit dem F\u00f6rderkreis des Lukas-Kindergartens, wobei die Einnahmen geteilt werden<br \/>\nund so beiden Einrichtungen zu Gute kommen.<\/p>\n<p>In Abstimmung mit der Schulleitung k\u00f6nnen so u. a. Anschaffungen (z. B. Sport- und Freizeitger\u00e4te,<br \/>\nMobiliar, Schulplaner) und Schulveranstaltungen (z. B. Sch\u00fclerfahrten zu Theaterauff\u00fchrungen,<br \/>\nEltern-Infoabende) bezuschusst werden, f\u00fcr die keine anderweitigen F\u00f6rderm\u00f6glichkeiten bestehen.<\/p>\n<p>Dadurch leisten wir einen direkten Beitrag zur F\u00f6rderung unserer Sch\u00fcler und f\u00fcr die Attraktivit\u00e4t der<br \/>\nSandhorstschule.<\/p>\n<p>Wir legen dabei besonderen Wert auf eine gute Zusammenarbeit und mit der Schulleitung und dem<br \/>\nKollegium sowie dem Schulelternrat.<\/p>\n<p>Eine weiteres gro\u00dfes Bet\u00e4tigungsfeld, an dem der F\u00f6rderkreis \u00fcber viele Jahre f\u00fchrend beteiligt war,<br \/>\nwird ab Ende des Schuljahres 2015\/2016 der Vergangenheit angeh\u00f6ren: Die Nachmittagsbetreuung<br \/>\nder Sch\u00fcler, die mit Einf\u00fchrung der Offenen Ganztagsschulform entf\u00e4llt.<\/p>\n<p>Haben wir Ihr Interesse geweckt? Haben Sie W\u00fcnsche oder Anregungen? Dann sprechen Sie uns an, wir stehen gern zur Verf\u00fcgung!<\/p>\n<p><span style=\"text-decoration: underline\">Der Vorstand:<\/span><br \/>\n1. Vorsitzende: Sabrina Hinck, Eserweg 18, 49328 Melle, Tel. 05226 \/ 4479068<br \/>\n2. Vorsitzende: Nadine Heller, An der Europastra\u00dfe 18, 49328 Melle, Tel. 0176 \/ 98679767<br \/>\nKassiererin: Christina Tiemann, Bennier Str. 8, 49328 Melle, Tel.-Nr. 05226 \/ 1597<\/p>\n<p>Nat\u00fcrlich freuen wir uns auch \u00fcber neue Mitglieder \u2013 egal, ob Sie uns \u201epassiv\u201c mit dem Mitgliedsbeitrag unterst\u00fctzen oder auch bei unseren Aktivit\u00e4ten mit helfen wollen.<br \/>\nHier k\u00f6nnen Sie unser Beitrittsformular herunterladen:<\/p>\n<p>Download Beitrittsformular <a href=\"http:\/\/wordpress.nibis.de\/gssandhorst\/files\/20140127_F\u00f6rderverein_Sandhorstschule_Beitrittserkl\u00e4rung_SEPA.pdf\">20140127_F\u00f6rderverein_Sandhorstschule_Beitrittserkl\u00e4rung_SEPA<\/a><\/p>\n<p><img loading=\"lazy\" decoding=\"async\" class=\" wp-image-391 alignright\" src=\"http:\/\/wordpress.nibis.de\/gssandhorst\/files\/Bild-4-F\u00f6rderverein-300x300.png\" alt=\"Bild 4 F\u00f6rderverein\" width=\"235\" height=\"235\" srcset=\"https:\/\/wordpress.nibis.de\/gssandhorst\/files\/Bild-4-F\u00f6rderverein-300x300.png 300w, https:\/\/wordpress.nibis.de\/gssandhorst\/files\/Bild-4-F\u00f6rderverein-150x150.png 150w, https:\/\/wordpress.nibis.de\/gssandhorst\/files\/Bild-4-F\u00f6rderverein.png 448w\" sizes=\"auto, (max-width: 235px) 100vw, 235px\" \/><img loading=\"lazy\" decoding=\"async\" class=\"wp-image-394 alignleft\" src=\"http:\/\/wordpress.nibis.de\/gssandhorst\/files\/Bild-3-F\u00f6rderverein-300x188.png\" alt=\"Bild 3 F\u00f6rderverein\" width=\"377\" height=\"236\" srcset=\"https:\/\/wordpress.nibis.de\/gssandhorst\/files\/Bild-3-F\u00f6rderverein-300x188.png 300w, https:\/\/wordpress.nibis.de\/gssandhorst\/files\/Bild-3-F\u00f6rderverein.png 640w\" sizes=\"auto, (max-width: 377px) 100vw, 377px\" \/><\/p>\n<p>Eine der j\u00e4hrlichen Aktionen des F\u00f6rderkreises: Tannenbaum-Sammelaktion<br \/>\nMit mehreren Traktoren wird die Gemeinde abgefahren, wobei die ausgedienten Weihnachtsb\u00e4ume eingesammelt werden und um eine Spende gebeten wird. F\u00fcr das leibliche Wohl der Helfer wird dabei nat\u00fcrlich auch gesorgt.<\/p>\n","protected":false},"excerpt":{"rendered":"<p>F\u00f6rderkreis Sandhorstschule Melle-Bruchm\u00fchlen e.V. Herzlich willkommen beim F\u00f6rderkreis der Sandhorstschule! Seit dem Jahr 1995 hat sich unser F\u00f6rderkreis zur Aufgabe gemacht, die Sandhorstschule aktiv zu unterst\u00fctzen. Dies geschieht auf vielf\u00e4ltige Weise, so gibt es z. B. folgende Aktivit\u00e4ten: &#8211;\u00a0 Unterst\u00fctzung beim j\u00e4hrlichen ADAC-Fahrradturnier &#8211;\u00a0 Unterst\u00fctzung und Mitgliederwerbung bei der Einschulung &#8211;\u00a0 Knobelstand auf dem Weihnachtsbasar &#8211;\u00a0 Tannenbaum-Sammelaktion Dabei gibt es bei einigen Veranstaltungen (Knobelstand, Tannenbaum-Sammelaktion) eine enge Zusammenarbeit mit dem F\u00f6rderkreis des Lukas-Kindergartens, wobei die Einnahmen geteilt werden und so&#8230;<\/p>\n<p class=\"read-more\"><a class=\"btn btn-default\" href=\"https:\/\/wordpress.nibis.de\/gssandhorst\/schulleben\/foerderverein\/\">Weiterlesen<span class=\"screen-reader-text\"> Weiterlesen<\/span><\/a><\/p>\n","protected":false},"author":349,"featured_media":0,"parent":30,"menu_order":0,"comment_status":"closed","ping_status":"closed","template":"","meta":{"footnotes":""},"class_list":["post-134","page","type-page","status-publish","hentry"],"_links":{"self":[{"href":"https:\/\/wordpress.nibis.de\/gssandhorst\/wp-json\/wp\/v2\/pages\/134","targetHints":{"allow":["GET"]}}],"collection":[{"href":"https:\/\/wordpress.nibis.de\/gssandhorst\/wp-json\/wp\/v2\/pages"}],"about":[{"href":"https:\/\/wordpress.nibis.de\/gssandhorst\/wp-json\/wp\/v2\/types\/page"}],"author":[{"embeddable":true,"href":"https:\/\/wordpress.nibis.de\/gssandhorst\/wp-json\/wp\/v2\/users\/349"}],"replies":[{"embeddable":true,"href":"https:\/\/wordpress.nibis.de\/gssandhorst\/wp-json\/wp\/v2\/comments?post=134"}],"version-history":[{"count":14,"href":"https:\/\/wordpress.nibis.de\/gssandhorst\/wp-json\/wp\/v2\/pages\/134\/revisions"}],"predecessor-version":[{"id":1579,"href":"https:\/\/wordpress.nibis.de\/gssandhorst\/wp-json\/wp\/v2\/pages\/134\/revisions\/1579"}],"up":[{"embeddable":true,"href":"https:\/\/wordpress.nibis.de\/gssandhorst\/wp-json\/wp\/v2\/pages\/30"}],"wp:attachment":[{"href":"https:\/\/wordpress.nibis.de\/gssandhorst\/wp-json\/wp\/v2\/media?parent=134"}],"curies":[{"name":"wp","href":"https:\/\/api.w.org\/{rel}","templated":true}]}}