{"id":2346,"date":"2023-03-31T11:53:12","date_gmt":"2023-03-31T10:53:12","guid":{"rendered":"https:\/\/wordpress.nibis.de\/gsscharn\/?page_id=2346"},"modified":"2023-04-01T11:59:41","modified_gmt":"2023-04-01T10:59:41","slug":"paedin-kinami","status":"publish","type":"page","link":"https:\/\/wordpress.nibis.de\/gsscharn\/paedin-kinami\/","title":{"rendered":"Nachmittagsbetreuung &#8211; P\u00e4dIn &#8211; KiNaMi"},"content":{"rendered":"\n<p>Die Grundschule Scharnebeck ist verl\u00e4ssliche Grundschule. Das bedeutet, dass der Unterricht bzw. die Betreuung der Kinder \u00fcber f\u00fcnf Stunden gew\u00e4hrleistet ist. Ausfall gibt es nicht.<\/p>\n<p>Die Nachmittagsbetreuung wird von enem externen Anbieter auf dem Gel\u00e4nde und in dem Geb\u00e4ude der Grunschule Scharnebeck organisiert und durchgef\u00fchrt.<\/p>\n\n\n\n<p>https:\/\/kinami.de\/index.php\/alle-einrichtungen\/scharnebeck<\/p>\n<p>\u00a0<\/p>\n","protected":false},"excerpt":{"rendered":"<p>Die Grundschule Scharnebeck ist verl\u00e4ssliche Grundschule. Das bedeutet, dass der Unterricht bzw. die Betreuung der Kinder \u00fcber f\u00fcnf Stunden gew\u00e4hrleistet ist. Ausfall gibt es nicht. Die Nachmittagsbetreuung wird von enem externen Anbieter auf dem Gel\u00e4nde und in dem Geb\u00e4ude der Grunschule Scharnebeck organisiert und durchgef\u00fchrt. https:\/\/kinami.de\/index.php\/alle-einrichtungen\/scharnebeck \u00a0<\/p>\n","protected":false},"author":9194032,"featured_media":2544,"parent":0,"menu_order":0,"comment_status":"closed","ping_status":"closed","template":"","meta":{"footnotes":""},"class_list":["post-2346","page","type-page","status-publish","has-post-thumbnail","hentry"],"_links":{"self":[{"href":"https:\/\/wordpress.nibis.de\/gsscharn\/wp-json\/wp\/v2\/pages\/2346","targetHints":{"allow":["GET"]}}],"collection":[{"href":"https:\/\/wordpress.nibis.de\/gsscharn\/wp-json\/wp\/v2\/pages"}],"about":[{"href":"https:\/\/wordpress.nibis.de\/gsscharn\/wp-json\/wp\/v2\/types\/page"}],"author":[{"embeddable":true,"href":"https:\/\/wordpress.nibis.de\/gsscharn\/wp-json\/wp\/v2\/users\/9194032"}],"replies":[{"embeddable":true,"href":"https:\/\/wordpress.nibis.de\/gsscharn\/wp-json\/wp\/v2\/comments?post=2346"}],"version-history":[{"count":3,"href":"https:\/\/wordpress.nibis.de\/gsscharn\/wp-json\/wp\/v2\/pages\/2346\/revisions"}],"predecessor-version":[{"id":2554,"href":"https:\/\/wordpress.nibis.de\/gsscharn\/wp-json\/wp\/v2\/pages\/2346\/revisions\/2554"}],"wp:featuredmedia":[{"embeddable":true,"href":"https:\/\/wordpress.nibis.de\/gsscharn\/wp-json\/wp\/v2\/media\/2544"}],"wp:attachment":[{"href":"https:\/\/wordpress.nibis.de\/gsscharn\/wp-json\/wp\/v2\/media?parent=2346"}],"curies":[{"name":"wp","href":"https:\/\/api.w.org\/{rel}","templated":true}]}}