{"id":2360,"date":"2023-03-31T12:07:03","date_gmt":"2023-03-31T11:07:03","guid":{"rendered":"https:\/\/wordpress.nibis.de\/gsscharn\/?page_id=2360"},"modified":"2025-09-08T07:39:59","modified_gmt":"2025-09-08T06:39:59","slug":"schulordnung-2","status":"publish","type":"page","link":"https:\/\/wordpress.nibis.de\/gsscharn\/schulordnung-2\/","title":{"rendered":"Schulordnung"},"content":{"rendered":"\n<p><strong>1. Unsere Schulordnung sch\u00fctzt das Schulgeb\u00e4ude<\/strong><\/p>\n\n\n\n<ul class=\"wp-block-list\"><li>Die Schule \u00f6ffnet um 7.45 Uhr f\u00fcr Sch\u00fclerinnen und Sch\u00fcler. Der Unterricht beginnt 8:00 Uhr oder 8:15 Uhr.<\/li><li>In den gro\u00dfen Pausen gehe ich auf den Schulhof.<\/li><li>Zwischen den Fahrr\u00e4dern darf ich nicht spielen.<\/li><li>Abf\u00e4lle werfe ich den Abfalleimer oder die Wertstoffbeh\u00e4lter.<\/li><li>Die Toiletten verlasse ich sauber und ordentlich. Dort darf nicht gespielt werden.<\/li><li>Ich gehe mit allen Gegenst\u00e4nden, Pflanzen und Spielger\u00e4ten sorgsam um.<\/li><li>Ich gehe nicht ungefragt an die Computer oder andere Ger\u00e4te (Activeboards, Tafel,\u2026) und behandle sie sachgerecht.<\/li><li>Die Schule endet um 13:00 Uhr, f\u00fcr die Fahrsch\u00fcler jedoch sp\u00e4testens mit der Abfahrt ihres jeweiligen Busses.<\/li><\/ul>\n\n\n\n<p><strong>2. Unsere Schulordnung sch\u00fctzt alle Schulbeteiligten<\/strong><\/p>\n\n\n\n<ul class=\"wp-block-list\"><li>Ich verhalte mich respektvoll, h\u00f6flich und fair gegen\u00fcber allen Kindern und Erwachsenen.<\/li><li>Ich achte das Eigentum anderer und gehe damit sorgsam um.<\/li><li>Bevor ich ins Klassenzimmer gehe, ziehe ich meine Stra\u00dfenschuhe aus und stelle sie ordentlich hin. Ich ziehe Hausschuhe an und h\u00e4nge meine Jacke an den Haken.<\/li><li>Vor Beginn jeder Unterrichtsstunde halte ich mich im Klassenzimmer auf.<\/li><li>W\u00e4hrend der Schulzeit darf ich das Schulgeb\u00e4ude und das Schulgel\u00e4nde nicht unerlaubt verlassen.<\/li><li>Im Schulgeb\u00e4ude renne ich nicht, sondern ich gehe.<\/li><li>Bei Problemen wende ich mich an die Lehreraufsicht oder die Streitexperten.<\/li><li>Auch in der Betreuungszeit halte ich mich an alle Regeln der Schulordnung.<\/li><li>Auf dem Schulhof muss ich von meinem Roller oder Fahrrad absteigen und schieben.<\/li><li>Um den Bachlauf, die Pflanzen und die Tiere zu sch\u00fctzen, ist das Spielen im Sauerbach verboten. <\/li><li>Ich schalte mein Handy und meine Smartwatch im Geb\u00e4ude, auf dem Schulgel\u00e4nde und w\u00e4hrend Schulveranstaltungen aus und lasse beides im Schulranzen oder ganz zu Hause.<\/li><\/ul>\n\n\n\n<p><strong>3. Unsere Schulordnung sch\u00fctzt den Unterricht<\/strong><\/p>\n\n\n\n<ul class=\"wp-block-list\"><li>Nach dem ersten Klingeln gehe ich zum Klassenraum. Mit dem zweiten Klingeln beginnt der Unterricht.<\/li><li>Ich bin auf den Unterricht gut vorbereitet und habe alle n\u00f6tigen Dinge dabei (Federtasche, Hefte, B\u00fccher, Hausaufgaben, \u2026).<\/li><li>Wenn ich auf dem Flur arbeite, bin ich leise, um die anderen Klassen nicht zu st\u00f6ren.<\/li><li>Ich gehe respektvoll, kameradschaftlich und fair mit anderen um.<\/li><li>Ich halte die Klassen- und Fachraumregeln ein.<\/li><\/ul>\n","protected":false},"excerpt":{"rendered":"<p>1. Unsere Schulordnung sch\u00fctzt das Schulgeb\u00e4ude Die Schule \u00f6ffnet um 7.45 Uhr f\u00fcr Sch\u00fclerinnen und Sch\u00fcler. Der Unterricht beginnt 8:00 Uhr oder 8:15 Uhr. In den gro\u00dfen Pausen gehe ich auf den Schulhof. Zwischen den Fahrr\u00e4dern darf ich nicht spielen. Abf\u00e4lle werfe ich den Abfalleimer oder die Wertstoffbeh\u00e4lter. Die Toiletten verlasse ich sauber und ordentlich. Dort darf nicht gespielt werden. Ich gehe mit allen Gegenst\u00e4nden, Pflanzen und Spielger\u00e4ten sorgsam um. Ich gehe nicht ungefragt an die Computer oder andere Ger\u00e4te&#8230;<\/p>\n<p class=\"read-more\"><a class=\"btn btn-default\" href=\"https:\/\/wordpress.nibis.de\/gsscharn\/schulordnung-2\/\">Weiterlesen<span class=\"screen-reader-text\"> Weiterlesen<\/span><\/a><\/p>\n","protected":false},"author":9194032,"featured_media":2522,"parent":0,"menu_order":0,"comment_status":"closed","ping_status":"closed","template":"","meta":{"footnotes":""},"class_list":["post-2360","page","type-page","status-publish","has-post-thumbnail","hentry"],"_links":{"self":[{"href":"https:\/\/wordpress.nibis.de\/gsscharn\/wp-json\/wp\/v2\/pages\/2360","targetHints":{"allow":["GET"]}}],"collection":[{"href":"https:\/\/wordpress.nibis.de\/gsscharn\/wp-json\/wp\/v2\/pages"}],"about":[{"href":"https:\/\/wordpress.nibis.de\/gsscharn\/wp-json\/wp\/v2\/types\/page"}],"author":[{"embeddable":true,"href":"https:\/\/wordpress.nibis.de\/gsscharn\/wp-json\/wp\/v2\/users\/9194032"}],"replies":[{"embeddable":true,"href":"https:\/\/wordpress.nibis.de\/gsscharn\/wp-json\/wp\/v2\/comments?post=2360"}],"version-history":[{"count":7,"href":"https:\/\/wordpress.nibis.de\/gsscharn\/wp-json\/wp\/v2\/pages\/2360\/revisions"}],"predecessor-version":[{"id":3037,"href":"https:\/\/wordpress.nibis.de\/gsscharn\/wp-json\/wp\/v2\/pages\/2360\/revisions\/3037"}],"wp:featuredmedia":[{"embeddable":true,"href":"https:\/\/wordpress.nibis.de\/gsscharn\/wp-json\/wp\/v2\/media\/2522"}],"wp:attachment":[{"href":"https:\/\/wordpress.nibis.de\/gsscharn\/wp-json\/wp\/v2\/media?parent=2360"}],"curies":[{"name":"wp","href":"https:\/\/api.w.org\/{rel}","templated":true}]}}