{"id":2555,"date":"2023-04-01T12:01:10","date_gmt":"2023-04-01T11:01:10","guid":{"rendered":"https:\/\/wordpress.nibis.de\/gsscharn\/?page_id=2555"},"modified":"2023-10-05T12:40:09","modified_gmt":"2023-10-05T11:40:09","slug":"fisch-familie-in-schule","status":"publish","type":"page","link":"https:\/\/wordpress.nibis.de\/gsscharn\/fisch-familie-in-schule\/","title":{"rendered":"FiSch &#8211; Familie in Schule"},"content":{"rendered":"\n<figure class=\"wp-block-image size-large\"><a href=\"https:\/\/wordpress.nibis.de\/gsscharn\/files\/Logos-alle-GS.png\"><img loading=\"lazy\" decoding=\"async\" width=\"1024\" height=\"192\" src=\"https:\/\/wordpress.nibis.de\/gsscharn\/files\/Logos-alle-GS-1024x192.png\" alt=\"\" class=\"wp-image-2568\" srcset=\"https:\/\/wordpress.nibis.de\/gsscharn\/files\/Logos-alle-GS-1024x192.png 1024w, https:\/\/wordpress.nibis.de\/gsscharn\/files\/Logos-alle-GS-300x56.png 300w, https:\/\/wordpress.nibis.de\/gsscharn\/files\/Logos-alle-GS-768x144.png 768w, https:\/\/wordpress.nibis.de\/gsscharn\/files\/Logos-alle-GS-604x113.png 604w, https:\/\/wordpress.nibis.de\/gsscharn\/files\/Logos-alle-GS-1038x195.png 1038w, https:\/\/wordpress.nibis.de\/gsscharn\/files\/Logos-alle-GS.png 1041w\" sizes=\"auto, (max-width: 1024px) 100vw, 1024px\" \/><\/a><\/figure>\n\n\n\n<p class=\"has-text-align-center\"><span style=\"color:#abb8c3\" class=\"tadv-color\">GS Artlenburg &#8211; GS Brietlingen &#8211; GS Hohnstorf mit Au\u00dfenstelle Echem &#8211; GS Scharnebeck<\/span><\/p>\n\n\n\n<p><strong><span style=\"color: #333399\">Die Grundschule Scharnebeck f\u00fchrt f\u00fcr alle Grundschulen der Samtgemeinde das Projekt <em>FiSch &#8211; Familie in Schule<\/em> durch.&nbsp;<\/span><\/strong><\/p>\n<p><strong><span style=\"color: #333399\">Dieses Projekt wird vom Regionalen Landesamt f\u00fcr Schule und Bildung (RLSB), vom Regionalen F\u00f6rderzentrum f\u00fcr Inklusion (RZI) und den Landkreis L\u00fcneburg \u00fcber Sozialraum Scharnebeck, vertreten durch P\u00e4dIn, untert\u00fctzt.<\/span><\/strong><\/p>\n<p>&nbsp;<\/p>\n\n\n\n<h2 class=\"wp-block-heading\">Wer kann an FiSch teilnehmen?<\/h2>\n\n\n\n<p><strong>F<\/strong>amilie <strong>i<\/strong>n <strong>Sch<\/strong>ule richtet sich an Kinder der Grundschulen der Samtgemeinde Scharnebeck. Wenn sich Lehrkr\u00e4fte oder Eltern Unterst\u00fctzung w\u00fcnschen, k\u00f6nnen sie sich an das <strong>FiSch<\/strong>-Team<strong> &nbsp;<\/strong>wenden und ein Erstgespr\u00e4ch vereinbaren.<\/p>\n<p>Die<strong> FiSch<\/strong>-Klasse besteht aus maximal 6-8 Kindern und mindestens einem Elternteil oder einer engen Bezugsperson.<\/p>\n\n\n\n<h2 class=\"wp-block-heading\">Das Angebot<\/h2>\n\n\n\n<p><strong>FiSch<\/strong> bedeutet, dass die Kinder gleichzeitig von ihren Lehrkr\u00e4ften, dem <strong>FiSch<\/strong>-Team und ihren Eltern Unterst\u00fctzung erhalten.<\/p>\n<p>In einem Vorgespr\u00e4ch werden gemeinsam positive Ziele gefunden, die das Kind erreichen m\u00f6chte.<\/p>\n<p>Am Mittwoch ist <strong>FiSch-Tag. <\/strong>An diesem Tag bekommt das Kind in der <strong>FiSch<\/strong>-Klasse die Aufmerksamkeit und Unterst\u00fctzung seiner Eltern oder einer engen Bezugsperson. Diese erleben die Bem\u00fchungen ihres Kindes, seine Ziele zu erreichen. Die Eltern erfahren durch den Austausch gegenseitige Unterst\u00fctzung.<\/p>\n<p>An den anderen Tagen verbleibt das Kind in seinem Klassenverband. Dort sind alle Lehrkr\u00e4fte \u00fcber die Ziele informiert. Sie geben dem Kind nach jeder Stunde R\u00fcckmeldung \u00fcber den Erfolg. Dies wird in einem Bewertungsbogen eingetragen. Am <strong>FiSch-<\/strong>Tag k\u00f6nnen dann die Sch\u00fcler:innen und Eltern die Fortschritte sehen. Der Erfolg wird durch die Bewertungen sichtbar gemacht und wertgesch\u00e4tzt.<\/p>\n\n\n\n<h2 class=\"wp-block-heading\">Was ist das Ziel?<\/h2>\n\n\n\n<p>Alle Sch\u00fclerinnen und Sch\u00fcler m\u00f6chten lernen und Lernerfolg haben, aber manchmal treten dabei im Schulalltag Schwierigkeiten auf.<\/p>\n\n\n\n<p>Kinder, die sich nicht gut konzentrieren k\u00f6nnen, die leicht abgelenkt sind und\/oder Schwierigkeiten haben, sich im Schulalltag zu organisieren, k\u00f6nnen dem Unterricht oft nicht zielgerichtet folgen und erleben viel Stress in der Schule.<\/p>\n\n\n\n<p>Gutes Lernen und Behalten kann aber nur gelingen, wenn wir uns wohl f\u00fchlen. Daf\u00fcr brauchen die Sch\u00fcler:innen Erfolg. Mit eigenem Zutrauen kann man auch mal Frustration aushalten, sich besonders anstrengen und durchhalten.<\/p>\n\n\n\n<p>Wir m\u00f6chten die Kinder darin best\u00e4rken:<\/p>\n\n\n\n<ul class=\"wp-block-list\"><li>die eigenen Ziele zu verfolgen<\/li><li>f\u00fcr sich selbst Verantwortung zu \u00fcber-nehmen<\/li><li>bei anderen Unterst\u00fctzung und Wertsch\u00e4tzung zu erfahren<\/li><\/ul>\n\n\n\n<p><\/p>\n\n\n\n<h2 class=\"wp-block-heading\">Wann, wo, wie oft?<\/h2>\n\n\n\n<ul class=\"wp-block-list\"><li>1x pro Schulwoche am Mittwoch (f\u00fcr den Tag wird das Unterrichtsmaterial von den Lehrkr\u00e4ften des Kindes zusammengestellt).<\/li><li>An den anderen Tagen nimmt das Kind am Unterricht der eigenen Klasse teil.<\/li><li>F\u00fcr einen Zeitraum von 12 Wochen<\/li><li>Von 8.15 bis 11.45 Uhr<\/li><li>In den R\u00e4umen der Dom\u00e4ne, M\u00fchlenstra\u00dfe 3, 21379 Scharnebeck<\/li><\/ul>\n\n\n\n<h2 class=\"wp-block-heading\">Kontakt<\/h2>\n\n\n\n<p><strong>Ansprechpartnerinnen:<\/strong><\/p>\n\n\n\n<ul class=\"wp-block-list\"><li><strong>Klassenlehrer:in des Kindes<\/strong><\/li><li><strong>FiSch-Team:<\/strong> <\/li><li><strong>Miriam Maleyka <\/strong>(Schulsozialarbeit, P\u00e4dIn)<\/li><li><strong>Melanie Herrmann <\/strong>(F\u00f6rderschullehrerin<strong>)<\/strong><\/li><li><strong>Ina Rotermund<\/strong> (Grundschullehrerin)<\/li><\/ul>\n\n\n\n<p>Grundschule Scharnebeck<\/p>\n\n\n\n<p>Tel.: &nbsp;04136\/7127<\/p>\n\n\n\n<p>E-Mail: &#x66;i&#x73;&#99;&#x68;&#x40;g&#x73;&#115;&#x63;&#x68;a&#x72;&#110;&#x65;&#x62;e&#x63;&#107;&#x2e;&#x64;e<\/p>\n","protected":false},"excerpt":{"rendered":"<p>GS Artlenburg &#8211; GS Brietlingen &#8211; GS Hohnstorf mit Au\u00dfenstelle Echem &#8211; GS Scharnebeck Die Grundschule Scharnebeck f\u00fchrt f\u00fcr alle Grundschulen der Samtgemeinde das Projekt FiSch &#8211; Familie in Schule durch.&nbsp; Dieses Projekt wird vom Regionalen Landesamt f\u00fcr Schule und Bildung (RLSB), vom Regionalen F\u00f6rderzentrum f\u00fcr Inklusion (RZI) und den Landkreis L\u00fcneburg \u00fcber Sozialraum Scharnebeck, vertreten durch P\u00e4dIn, untert\u00fctzt. &nbsp; Wer kann an FiSch teilnehmen? Familie in Schule richtet sich an Kinder der Grundschulen der Samtgemeinde Scharnebeck. Wenn sich Lehrkr\u00e4fte&#8230;<\/p>\n<p class=\"read-more\"><a class=\"btn btn-default\" href=\"https:\/\/wordpress.nibis.de\/gsscharn\/fisch-familie-in-schule\/\">Weiterlesen<span class=\"screen-reader-text\"> Weiterlesen<\/span><\/a><\/p>\n","protected":false},"author":9194032,"featured_media":0,"parent":0,"menu_order":0,"comment_status":"closed","ping_status":"closed","template":"","meta":{"footnotes":""},"class_list":["post-2555","page","type-page","status-publish","hentry"],"_links":{"self":[{"href":"https:\/\/wordpress.nibis.de\/gsscharn\/wp-json\/wp\/v2\/pages\/2555","targetHints":{"allow":["GET"]}}],"collection":[{"href":"https:\/\/wordpress.nibis.de\/gsscharn\/wp-json\/wp\/v2\/pages"}],"about":[{"href":"https:\/\/wordpress.nibis.de\/gsscharn\/wp-json\/wp\/v2\/types\/page"}],"author":[{"embeddable":true,"href":"https:\/\/wordpress.nibis.de\/gsscharn\/wp-json\/wp\/v2\/users\/9194032"}],"replies":[{"embeddable":true,"href":"https:\/\/wordpress.nibis.de\/gsscharn\/wp-json\/wp\/v2\/comments?post=2555"}],"version-history":[{"count":15,"href":"https:\/\/wordpress.nibis.de\/gsscharn\/wp-json\/wp\/v2\/pages\/2555\/revisions"}],"predecessor-version":[{"id":2860,"href":"https:\/\/wordpress.nibis.de\/gsscharn\/wp-json\/wp\/v2\/pages\/2555\/revisions\/2860"}],"wp:attachment":[{"href":"https:\/\/wordpress.nibis.de\/gsscharn\/wp-json\/wp\/v2\/media?parent=2555"}],"curies":[{"name":"wp","href":"https:\/\/api.w.org\/{rel}","templated":true}]}}