{"id":2645,"date":"2023-07-12T08:01:06","date_gmt":"2023-07-12T07:01:06","guid":{"rendered":"https:\/\/wordpress.nibis.de\/gsscharn\/?page_id=2645"},"modified":"2023-07-12T08:51:48","modified_gmt":"2023-07-12T07:51:48","slug":"deutsch","status":"publish","type":"page","link":"https:\/\/wordpress.nibis.de\/gsscharn\/deutsch\/","title":{"rendered":"Deutsch"},"content":{"rendered":"\n<div class=\"wp-block-media-text alignfull is-stacked-on-mobile is-vertically-aligned-center\"><figure class=\"wp-block-media-text__media\"><img loading=\"lazy\" decoding=\"async\" width=\"768\" height=\"1024\" src=\"https:\/\/wordpress.nibis.de\/gsscharn\/files\/Bibliothek-6-768x1024.jpg\" alt=\"\" class=\"wp-image-2679 size-full\" srcset=\"https:\/\/wordpress.nibis.de\/gsscharn\/files\/Bibliothek-6-768x1024.jpg 768w, https:\/\/wordpress.nibis.de\/gsscharn\/files\/Bibliothek-6-225x300.jpg 225w, https:\/\/wordpress.nibis.de\/gsscharn\/files\/Bibliothek-6-1152x1536.jpg 1152w, https:\/\/wordpress.nibis.de\/gsscharn\/files\/Bibliothek-6-1536x2048.jpg 1536w, https:\/\/wordpress.nibis.de\/gsscharn\/files\/Bibliothek-6-203x270.jpg 203w, https:\/\/wordpress.nibis.de\/gsscharn\/files\/Bibliothek-6-scaled.jpg 1920w\" sizes=\"auto, (max-width: 768px) 100vw, 768px\" \/><\/figure><div class=\"wp-block-media-text__content\">\n<p>In unserer gem\u00fctlichen B\u00fccherei gibt es St\u00fchle, Sofas und Matten \u2013 zum Lesen in jeder Position. Bei sch\u00f6nem Wetter ist dies auch auf der \u00fcberdachten Terrasse m\u00f6glich. <\/p>\n\n\n\n<p>Mit Fara und Fu starten die Sch\u00fcler:innen in ihr (schulisches) Leseabenteuer. Als Leitfiguren der Fibel in Klasse 1 begleiten sie auch das Schreibenlernen. Neben Lesen und Schreiben stehen \u201aSprechen und Zuh\u00f6ren\u2018 im Fokus (nicht nur) des Deutschunterrichts. <\/p>\n\n\n\n<p>Aufgrund seiner Komplexit\u00e4t ist das Fach Deutsch mit den meisten Unterrichtsstunden im Stundenplan vertreten.<\/p>\n<\/div><\/div>\n\n\n\n<h2 class=\"wp-block-heading\">Lesezeit<\/h2>\n\n\n\n<pre class=\"wp-block-verse\">Lesezeit macht R\u00e4ume weit,\nl\u00e4sst dich tr\u00e4umen ohne Zeit,\nl\u00e4sst dich in die Ferne schweifen,\nl\u00e4sst dich schnell Partei ergreifen\nf\u00fcr Hexen, Zauberer und Feen,\nf\u00fcr Kinder, die in die Schule gehn,\nf\u00fcr nackte Kaiser nur mit Schuh,\nf\u00fcr Menschen, die anders sind als du.\n\nLesezeit macht R\u00e4ume weit,\ninformiert dich \u00fcber Zeit.\nL\u00e4sst dich in ferne L\u00e4nder gehn,\nl\u00e4sst dich Land und Leute sehn,\nl\u00e4sst dich etwas wissen vom Leben,\nkann Antwort auf manche Frage geben,\nkann mit dir viele K\u00fcnstler entdecken,\nkann Neugier an Natur und Technik wecken.\n\nLesezeit macht R\u00e4ume weit\nund vertreibt dir oft die Zeit,\nl\u00e4sst dich lachen, weinen, schwitzen,\nl\u00e4sst dich staunen, tr\u00e4umend sitzen,\nl\u00e4sst Ideen dir f\u00fcr Taten,\nkannst auch Witze lesen, raten,\nauf dem Sessel oder auch \u2013\nauf dem Bauch.\n\n\tB\u00e4rbel Klein\n\n\n<\/pre>\n","protected":false},"excerpt":{"rendered":"<p>In unserer gem\u00fctlichen B\u00fccherei gibt es St\u00fchle, Sofas und Matten \u2013 zum Lesen in jeder Position. Bei sch\u00f6nem Wetter ist dies auch auf der \u00fcberdachten Terrasse m\u00f6glich. Mit Fara und Fu starten die Sch\u00fcler:innen in ihr (schulisches) Leseabenteuer. Als Leitfiguren der Fibel in Klasse 1 begleiten sie auch das Schreibenlernen. Neben Lesen und Schreiben stehen \u201aSprechen und Zuh\u00f6ren\u2018 im Fokus (nicht nur) des Deutschunterrichts. Aufgrund seiner Komplexit\u00e4t ist das Fach Deutsch mit den meisten Unterrichtsstunden im Stundenplan vertreten. Lesezeit Lesezeit&#8230;<\/p>\n<p class=\"read-more\"><a class=\"btn btn-default\" href=\"https:\/\/wordpress.nibis.de\/gsscharn\/deutsch\/\">Weiterlesen<span class=\"screen-reader-text\"> Weiterlesen<\/span><\/a><\/p>\n","protected":false},"author":9194032,"featured_media":0,"parent":0,"menu_order":0,"comment_status":"closed","ping_status":"closed","template":"","meta":{"footnotes":""},"class_list":["post-2645","page","type-page","status-publish","hentry"],"_links":{"self":[{"href":"https:\/\/wordpress.nibis.de\/gsscharn\/wp-json\/wp\/v2\/pages\/2645","targetHints":{"allow":["GET"]}}],"collection":[{"href":"https:\/\/wordpress.nibis.de\/gsscharn\/wp-json\/wp\/v2\/pages"}],"about":[{"href":"https:\/\/wordpress.nibis.de\/gsscharn\/wp-json\/wp\/v2\/types\/page"}],"author":[{"embeddable":true,"href":"https:\/\/wordpress.nibis.de\/gsscharn\/wp-json\/wp\/v2\/users\/9194032"}],"replies":[{"embeddable":true,"href":"https:\/\/wordpress.nibis.de\/gsscharn\/wp-json\/wp\/v2\/comments?post=2645"}],"version-history":[{"count":6,"href":"https:\/\/wordpress.nibis.de\/gsscharn\/wp-json\/wp\/v2\/pages\/2645\/revisions"}],"predecessor-version":[{"id":2717,"href":"https:\/\/wordpress.nibis.de\/gsscharn\/wp-json\/wp\/v2\/pages\/2645\/revisions\/2717"}],"wp:attachment":[{"href":"https:\/\/wordpress.nibis.de\/gsscharn\/wp-json\/wp\/v2\/media?parent=2645"}],"curies":[{"name":"wp","href":"https:\/\/api.w.org\/{rel}","templated":true}]}}