{"id":294,"date":"2013-09-25T17:14:35","date_gmt":"2013-09-25T15:14:35","guid":{"rendered":"http:\/\/wordpress.nibis.de\/gsscharn\/?page_id=294"},"modified":"2018-05-29T16:08:54","modified_gmt":"2018-05-29T14:08:54","slug":"projekte","status":"publish","type":"page","link":"https:\/\/wordpress.nibis.de\/gsscharn\/projekte\/","title":{"rendered":"Projekte"},"content":{"rendered":"<p>Hier finden Sie weitere Informationen \u00fcber die Projekte, die der F\u00f6rderverein kontinuierlich ausrichtet und\/oder unterst\u00fctzt sowie \u00fcber besondere und einmalige Projekte.<\/p>\n<p>In K\u00fcrze werden Sie hier auch die ersten Details zu unserer neusten Idee finden. Seien Sie gespannt, es lohnt sich!<\/p>\n<p>Wir danken f\u00fcr Ihr Interesse.<\/p>\n<p>Der Vorstand<\/p>\n<p>Mai 2018<\/p>\n","protected":false},"excerpt":{"rendered":"<p>Hier finden Sie weitere Informationen \u00fcber die Projekte, die der F\u00f6rderverein kontinuierlich ausrichtet und\/oder unterst\u00fctzt sowie \u00fcber besondere und einmalige Projekte. In K\u00fcrze werden Sie hier auch die ersten Details zu unserer neusten Idee finden. Seien Sie gespannt, es lohnt sich! Wir danken f\u00fcr Ihr Interesse. Der Vorstand Mai 2018<\/p>\n","protected":false},"author":176,"featured_media":0,"parent":0,"menu_order":0,"comment_status":"closed","ping_status":"closed","template":"","meta":{"footnotes":""},"class_list":["post-294","page","type-page","status-publish","hentry"],"_links":{"self":[{"href":"https:\/\/wordpress.nibis.de\/gsscharn\/wp-json\/wp\/v2\/pages\/294","targetHints":{"allow":["GET"]}}],"collection":[{"href":"https:\/\/wordpress.nibis.de\/gsscharn\/wp-json\/wp\/v2\/pages"}],"about":[{"href":"https:\/\/wordpress.nibis.de\/gsscharn\/wp-json\/wp\/v2\/types\/page"}],"author":[{"embeddable":true,"href":"https:\/\/wordpress.nibis.de\/gsscharn\/wp-json\/wp\/v2\/users\/176"}],"replies":[{"embeddable":true,"href":"https:\/\/wordpress.nibis.de\/gsscharn\/wp-json\/wp\/v2\/comments?post=294"}],"version-history":[{"count":9,"href":"https:\/\/wordpress.nibis.de\/gsscharn\/wp-json\/wp\/v2\/pages\/294\/revisions"}],"predecessor-version":[{"id":1493,"href":"https:\/\/wordpress.nibis.de\/gsscharn\/wp-json\/wp\/v2\/pages\/294\/revisions\/1493"}],"wp:attachment":[{"href":"https:\/\/wordpress.nibis.de\/gsscharn\/wp-json\/wp\/v2\/media?parent=294"}],"curies":[{"name":"wp","href":"https:\/\/api.w.org\/{rel}","templated":true}]}}