{"id":306,"date":"2013-09-25T17:15:53","date_gmt":"2013-09-25T15:15:53","guid":{"rendered":"http:\/\/wordpress.nibis.de\/gsscharn\/?page_id=306"},"modified":"2022-11-15T11:42:04","modified_gmt":"2022-11-15T10:42:04","slug":"partner-und-sponsoren","status":"publish","type":"page","link":"https:\/\/wordpress.nibis.de\/gsscharn\/partner-und-sponsoren\/","title":{"rendered":"Partner und Sponsoren"},"content":{"rendered":"<p>Der im Jahre 1997 gegr\u00fcndete F\u00f6rderverein finanziert sich in erster Linie durch die Mitgliedsbeitr\u00e4ge. Aufgrund des Umfanges der Projekte ist der F\u00f6rderverein nicht nur seinen Mitgliedern dankbar, sondern auch zahlreichen Sponsoren und Unterst\u00fctzern:<\/p>\n<p>Seit vielen Jahren unterst\u00fctzt die <strong>Helmut-Bockelmann-Hilfsinitiative e. V.<\/strong> verl\u00e4sslich die Lerncoachies beziehungsweise die vormalige Hausaufgabenbetreuung. Aufgrund des stetig steigenden Bedarfes an zu unterst\u00fctzenden Kindern hat uns die Hilfsinitiative eine<strong> Erh\u00f6hung des Beitrags<\/strong> von viertelj\u00e4hrlich 450 Euro auf 750 Euro bewilligt. Wir danken der Helmut-Bockelmann-Hilfsinitiative e. V. von Herzen! Gemeinsam tun wir all das Gute, was zu tun ist, nicht wahr?<\/p>\n<p>Seit September 2014 erfolgt die Hausaufgabenbetreuung\u00a0per <strong>Lerncoachies<\/strong> mit maximal 4 Kindern pro Coache (zuvor bis zu 8 Kindern). Da die Damen eine Aufwandsentsch\u00e4digung erhalten, steigen durch die Verkleinerung der Gruppen die Kosten. Dank der Unterst\u00fctzung sowohl auf Landes- als auch Regionaler Ebene kann der F\u00f6rderverein f\u00fcr nun schon zwei Schuljahre dieses Projekt finanzieren. Der Gewinn? Um nur ein Beispiel zu nennen: vor kurzem durfte sich ein Kind dar\u00fcber freuen, zum ersten Mal die Note 2 unter ihrer Mathearbeit vorzufinden.<\/p>\n<p>Die <strong>Sparkasse L\u00fcneburg<\/strong> hat die Kinder der Grundschule auch im Jahr<strong> 2016<\/strong> tatkr\u00e4ftig unterst\u00fctzt: Dank einer gro\u00dfz\u00fcgigen Spende in H\u00f6he von <strong>2.500 Euro<\/strong> ist der Anteil des F\u00f6rdervereins f\u00fcr die Durchf\u00fchrung des Langzeitprojektes <strong>&#8222;Gewaltpr\u00e4vention&#8220;<\/strong> f\u00fcr dieses Schuljahr gesichert.<\/p>\n<p>Gro\u00dfe Freude kam auf, als wir erfuhren, dass die <strong>SEB<\/strong> die Anschaffungskosten f\u00fcr die M\u00f6bel der schuleigenen Bibliothek tr\u00e4gt: 700 Euro hat die SEB dem F\u00f6rderverein gespendet! Und &#8217;nur&#8216; 650 Euro haben die M\u00f6bel gekostet: ein Zweisitzer und ein Sessel in Leder, schwarz. Der Rest der Spende wird in Buche umgewandelt. Also: in B\u00fccher.<\/p>\n<p>Sehr gefreut haben wir uns auch \u00fcber die Spende der <strong>Salzb\u00e4ckerei<\/strong> f\u00fcr das Eltern-Caf\u00e9 2014 als auch 2016 anl\u00e4sslich der Einschulung des neuen Jahrganges an der Grundschule!<\/p>\n<p>Danken m\u00f6chten wir auch der<strong> Sparda Bank Hamburg<\/strong>, die dem F\u00f6rderverein im Jahre 2013 1.000,00 Euro hat zukommen lassen, und zwar aus dem Ertrag der Gewinnsparer der Bank. Diese Summe flie\u00dft in das Projekt Lerncoachies.<\/p>\n<p>Am 7. Dezember 2013 fand die Auff\u00fchrung der Theatergruppe des F\u00f6rdervereins statt. Sowohl die eingenommenen Eintrittsgelder als auch zahlreiche Spenden brachten einen Erl\u00f6s von 520,00 Euro &#8211; gedankt sei allen Zuschauern, anonymen Spendern als auch der Samtgemeinde Scharnebeck f\u00fcr diese Anerkennung der schauspielerischen Leistung der Kinder! Auch diesen Betrag teilen sich die schuleigene Bibliothek und die Hausaufgabenbetreuung.<\/p>\n<p>Die j\u00e4hrlich stattfindende Schuldisco kurz vor Beginn der Sommerferien, mit der die Viertkl\u00e4ssler &#8222;verabschiedet&#8220; werden, freute sich im Jahr 2013 \u00fcber eine Sachspende der <strong>B\u00e4ckerei Kruse<\/strong>: die Br\u00f6tchen waren lecker!<\/p>\n<p>Der Erl\u00f6s der j\u00e4hrlichen Tombola von der <strong>Raiffeisen-Filiale in Scharnebeck<\/strong> Anfang November 2013 wurde von Raiffeisen gro\u00dfz\u00fcgig aufgestockt, so dass ein Scheck in H\u00f6he von 500,00 Euro dem F\u00f6rderverein \u00fcberreicht werden konnte. Sowohl die Hausaufgabenbetreuung als auch die schuleigene Bibliothek freuen und bedanken sich herzlich!<\/p>\n<p>Schon im Jahre 2011 beantragt und Anfang 2012 \u00fcberwiesen wurde ein gr\u00f6\u00dferer Betrag von der <strong>Stiftung der Sparkasse L\u00fcneburg<\/strong>: 960,00 Euro f\u00fcr die Ausrichtung der Hausaufgabenbetreuung.<\/p>\n<p>2017 haben wir uns erfolgreich auf eine F\u00f6rdersumme der Town&amp;Country-Stiftung beworben und durften auf der Feier unseres 20. Geburtstages 1.000,\u00a0 Euro entgegen nehmen.<\/p>\n<p><a href=\"http:\/\/www.tc-stiftung.de\/town-country-stiftungspreis\/5-town-country-stiftungspreis-2017\/preistraeger-2017-bundes\">http:\/\/www.tc-stiftung.de\/town-country-stiftungspreis\/5-town-country-stiftungspreis-2017\/preistraeger-2017-bundes<\/a><\/p>\n<p>2019 haben wir und nun erneut <span style=\"float: none;background-color: #ffffff;color: #191e23;cursor: text;font-family: 'Noto Serif';font-size: 16px;font-style: normal;font-variant: normal;font-weight: 400;letter-spacing: normal;text-align: left;text-decoration: none;text-indent: 0px;text-transform: none\">auf eine F\u00f6rdersumme der Town&amp;Country-Stiftung beworben und d\u00fcrfen uns abermals auf 1.000,00 Euro freuen!<\/span><\/p>\n<p><a href=\"https:\/\/www.tc-stiftung.de\/town-country-stiftungspreis\/bewerbung-2019.html\">https:\/\/www.tc-stiftung.de\/town-country-stiftungspreis\/bewerbung-2019.html<\/a><\/p>\n<p>Juni 2019<\/p>\n","protected":false},"excerpt":{"rendered":"<p>Der im Jahre 1997 gegr\u00fcndete F\u00f6rderverein finanziert sich in erster Linie durch die Mitgliedsbeitr\u00e4ge. Aufgrund des Umfanges der Projekte ist der F\u00f6rderverein nicht nur seinen Mitgliedern dankbar, sondern auch zahlreichen Sponsoren und Unterst\u00fctzern: Seit vielen Jahren unterst\u00fctzt die Helmut-Bockelmann-Hilfsinitiative e. V. verl\u00e4sslich die Lerncoachies beziehungsweise die vormalige Hausaufgabenbetreuung. Aufgrund des stetig steigenden Bedarfes an zu unterst\u00fctzenden Kindern hat uns die Hilfsinitiative eine Erh\u00f6hung des Beitrags von viertelj\u00e4hrlich 450 Euro auf 750 Euro bewilligt. Wir danken der Helmut-Bockelmann-Hilfsinitiative e. V. von&#8230;<\/p>\n<p class=\"read-more\"><a class=\"btn btn-default\" href=\"https:\/\/wordpress.nibis.de\/gsscharn\/partner-und-sponsoren\/\">Weiterlesen<span class=\"screen-reader-text\"> Weiterlesen<\/span><\/a><\/p>\n","protected":false},"author":176,"featured_media":0,"parent":0,"menu_order":0,"comment_status":"closed","ping_status":"closed","template":"","meta":{"footnotes":""},"class_list":["post-306","page","type-page","status-publish","hentry"],"_links":{"self":[{"href":"https:\/\/wordpress.nibis.de\/gsscharn\/wp-json\/wp\/v2\/pages\/306","targetHints":{"allow":["GET"]}}],"collection":[{"href":"https:\/\/wordpress.nibis.de\/gsscharn\/wp-json\/wp\/v2\/pages"}],"about":[{"href":"https:\/\/wordpress.nibis.de\/gsscharn\/wp-json\/wp\/v2\/types\/page"}],"author":[{"embeddable":true,"href":"https:\/\/wordpress.nibis.de\/gsscharn\/wp-json\/wp\/v2\/users\/176"}],"replies":[{"embeddable":true,"href":"https:\/\/wordpress.nibis.de\/gsscharn\/wp-json\/wp\/v2\/comments?post=306"}],"version-history":[{"count":14,"href":"https:\/\/wordpress.nibis.de\/gsscharn\/wp-json\/wp\/v2\/pages\/306\/revisions"}],"predecessor-version":[{"id":2264,"href":"https:\/\/wordpress.nibis.de\/gsscharn\/wp-json\/wp\/v2\/pages\/306\/revisions\/2264"}],"wp:attachment":[{"href":"https:\/\/wordpress.nibis.de\/gsscharn\/wp-json\/wp\/v2\/media?parent=306"}],"curies":[{"name":"wp","href":"https:\/\/api.w.org\/{rel}","templated":true}]}}