{"id":108,"date":"2018-05-07T23:04:45","date_gmt":"2018-05-07T21:04:45","guid":{"rendered":"http:\/\/wordpress.nibis.de\/gsschmedwolt\/?page_id=108"},"modified":"2026-04-20T13:44:53","modified_gmt":"2026-04-20T11:44:53","slug":"umweltschule","status":"publish","type":"page","link":"https:\/\/wordpress.nibis.de\/gsschmedwolt\/schulprofil\/umweltschule\/","title":{"rendered":"Umweltschule"},"content":{"rendered":"<p><span style=\"font-size: 18pt\"><strong><u><a href=\"https:\/\/wordpress.nibis.de\/gsschmedwolt\/files\/2018\/06\/u.jpg\"><img loading=\"lazy\" decoding=\"async\" class=\"alignright size-full wp-image-380\" src=\"https:\/\/wordpress.nibis.de\/gsschmedwolt\/files\/2018\/06\/u.jpg\" alt=\"\" width=\"225\" height=\"225\" srcset=\"https:\/\/wordpress.nibis.de\/gsschmedwolt\/files\/2018\/06\/u.jpg 225w, https:\/\/wordpress.nibis.de\/gsschmedwolt\/files\/2018\/06\/u-150x150.jpg 150w\" sizes=\"auto, (max-width: 225px) 100vw, 225px\" \/><\/a>Umweltschule in Europa<\/u><\/strong><\/span><\/p>\r\n<p style=\"font-weight: 400\">Seit Ende 2016 nehmen wir als kleine, d\u00f6rflich gepr\u00e4gte Schule mit derzeit 107 Sch\u00fclerinnen und Sch\u00fclern, am Projekt des Landes Niedersachsen \u201eUmweltschule in Europa und Internationale Agenda 21-Schule\u201c teil.<\/p>\r\n<p><span style=\"font-weight: 400\">Unsere Schule wurde 2019, 2022 und 2025 als Umweltschule in Europa zertifiziert. Die vierte Zertifizierung findet 2027 statt.<\/span><\/p>\r\n<style type=\"text\/css\" scoped>.rbs_gallery_69f74a63bd6ccSpinner{\r\n\t\t\t\tmargin: 50px auto;\r\n\t\t\t\twidth: 50px;\r\n\t\t\t\theight: 40px;\r\n\t\t\t\ttext-align: center;\r\n\t\t\t\tfont-size: 10px;\r\n\t\t\t}\r\n\t\t\t.rbs_gallery_69f74a63bd6ccSpinner > div{\r\n\t\t\t  background-color: #333;\r\n\t\t\t  height: 100%;\r\n\t\t\t  width: 6px;\r\n\t\t\t  display: inline-block;\r\n\t\t\t  -webkit-animation: rbs_gallery_69f74a63bd6cc-stretchdelay 1.2s infinite ease-in-out;\r\n\t\t\t  animation: rbs_gallery_69f74a63bd6cc-stretchdelay 1.2s infinite ease-in-out;\r\n\t\t\t}\r\n\t\t\t.rbs_gallery_69f74a63bd6ccSpinner .rbs_gallery_69f74a63bd6ccRect2 {\r\n\t\t\t  -webkit-animation-delay: -1.1s;\r\n\t\t\t  animation-delay: -1.1s;\r\n\t\t\t}\r\n\t\t\t.rbs_gallery_69f74a63bd6ccSpinner .rbs_gallery_69f74a63bd6ccRect3 {\r\n\t\t\t  -webkit-animation-delay: -1.0s;\r\n\t\t\t  animation-delay: -1.0s;\r\n\t\t\t}\r\n\t\t\t.rbs_gallery_69f74a63bd6ccSpinner .rbs_gallery_69f74a63bd6ccRect4 {\r\n\t\t\t  -webkit-animation-delay: -0.9s;\r\n\t\t\t  animation-delay: -0.9s;\r\n\t\t\t}\r\n\t\t\t.rbs_gallery_69f74a63bd6ccSpinner .rbs_gallery_69f74a63bd6ccRect5 {\r\n\t\t\t  -webkit-animation-delay: -0.8s;\r\n\t\t\t  animation-delay: -0.8s;\r\n\t\t\t}\r\n\t\t\t@-webkit-keyframes rbs_gallery_69f74a63bd6cc-stretchdelay {\r\n\t\t\t  0%, 40%, 100% { -webkit-transform: scaleY(0.4) }  \r\n\t\t\t  20% { -webkit-transform: scaleY(1.0) }\r\n\t\t\t}\r\n\t\t\t@keyframes rbs_gallery_69f74a63bd6cc-stretchdelay {\r\n\t\t\t  0%, 40%, 100% { \r\n\t\t\t    transform: scaleY(0.4);\r\n\t\t\t    -webkit-transform: scaleY(0.4);\r\n\t\t\t  }  20% { \r\n\t\t\t    transform: scaleY(1.0);\r\n\t\t\t    -webkit-transform: scaleY(1.0);\r\n\t\t\t  }\r\n\t\t\t}\r\n\t\t<\/style><div class=\"robo-gallery-wrap robo-gallery-wrap-id6010 robo-gallery-polaroid\" ><div id=\"rbs_gallery_69f74a63bd6cc-block-loader\" class=\"rbs_gallery_69f74a63bd6ccSpinner\"><div class=\"rbs_gallery_69f74a63bd6ccRect1\"><\/div> <div class=\"rbs_gallery_69f74a63bd6ccRect2\"><\/div> <div class=\"rbs_gallery_69f74a63bd6ccRect3\"><\/div> <div class=\"rbs_gallery_69f74a63bd6ccRect4\"><\/div> <div class=\"rbs_gallery_69f74a63bd6ccRect5\"><\/div><\/div><div id=\"robo_gallery_main_block_rbs_gallery_69f74a63bd6cc\" class=\"robogallery-gallery-6010\" style=\"width:100%;  display: none;\"><div id=\"rbs_gallery_69f74a63bd6cc\" data-options=\"rbs_gallery_69f74a63bd6cc\" style=\"width:100%;\" class=\"robo_gallery  \"><div class=\"rbs-img  category6010 \" ><div class=\"rbs-img-image   rbs-lightbox \" ><div class=\"rbs-img-thumbs\"  data-thumbnail=\"https:\/\/wordpress.nibis.de\/gsschmedwolt\/files\/2026\/04\/Unbenannt.jpg\"  title=\"\"  data-width=\"148\"  data-height=\"198\" ><\/div><div class=\"rbs-img-data-popup\"  data-popup=\"https:\/\/wordpress.nibis.de\/gsschmedwolt\/files\/2026\/04\/Unbenannt.jpg\"  title=\"\" ><\/div><div class=\"thumbnail-overlay\"><div class=\"rbsIcons\"><i class=\"fa fa-th rbsZoomIcon \" ><\/i><\/div><\/div><\/div><\/div><div class=\"rbs-img  category6010 \" ><div class=\"rbs-img-image   rbs-lightbox \" ><div class=\"rbs-img-thumbs\"  data-thumbnail=\"https:\/\/wordpress.nibis.de\/gsschmedwolt\/files\/2024\/09\/Umweltschule-225x300.jpg\"  title=\"\"  data-width=\"225\"  data-height=\"300\" ><\/div><div class=\"rbs-img-data-popup\"  data-popup=\"https:\/\/wordpress.nibis.de\/gsschmedwolt\/files\/2024\/09\/Umweltschule.jpg\"  title=\"\" ><\/div><div class=\"thumbnail-overlay\"><div class=\"rbsIcons\"><i class=\"fa fa-th rbsZoomIcon \" ><\/i><\/div><\/div><\/div><\/div><\/div><\/div><\/div><script>var rbs_gallery_69f74a63bd6cc = {\"version\":\"5.1.4\",\"id\":6010,\"class\":\"id6010\",\"roboGalleryDelay\":1000,\"mainContainer\":\"#robo_gallery_main_block_rbs_gallery_69f74a63bd6cc\",\"loadingContainer\":\"#rbs_gallery_69f74a63bd6cc-block-loader\",\"loadingContainerObj\":\"rbs_gallery_69f74a63bd6cc-block-loader\",\"columnWidth\":\"auto\",\"columns\":3,\"resolutions\":[{\"columnWidth\":\"auto\",\"columns\":3,\"maxWidth\":960},{\"columnWidth\":\"auto\",\"columns\":2,\"maxWidth\":650},{\"columnWidth\":\"auto\",\"columns\":1,\"maxWidth\":450}],\"lightboxOptions\":{\"gallery\":{\"enabled\":true,\"tCounter\":\"%curr% of %total%\"}},\"borderSize\":5,\"overlayEffect\":\"direction-aware-fade\",\"boxesToLoadStart\":12,\"boxesToLoad\":8,\"waitUntilThumbLoads\":1,\"LoadingWord\":\"Loading...\",\"loadMoreWord\":\"Load More\",\"noMoreEntriesWord\":\"No More Entries\",\"horizontalSpaceBetweenBoxes\":15,\"verticalSpaceBetweenBoxes\":15,\"lazyLoad\":1,\"wrapContainer\":\"#robo-gallery-wrap-rbs_gallery_69f74a63bd6cc\"};<\/script>\r\n<p>&nbsp;<\/p>\r\n<p><strong>Was bedeutet das f\u00fcr unsere Arbeit und f\u00fcr unsere Sch\u00fcler?<\/strong><\/p>\r\n<p>Unsere Schule orientiert sich in vielen Bereichen an den Leitbildern einer Bildung f\u00fcr Nachhaltige Entwicklung. Das bedeutet, wir engagieren uns im Schulalltag f\u00fcr und in der Natur und f\u00fcr unsere Umwelt. Unsere Sch\u00fclerinnen und Sch\u00fcler lernen Verantwortung f\u00fcr sich selbst, f\u00fcr den eigenen Lernprozess und f\u00fcr die Natur zu \u00fcbernehmen. Grundlage f\u00fcr eigene Verantwortung ist das Begreifen von Zusammenh\u00e4ngen und das am besten im w\u00f6rtlichen Sinn.<\/p>\r\n<p>Klicken Sie auf einen der folgenden Links, um weitere Informationen zu erhalten:<\/p>\r\n<p>&nbsp;<\/p>\r\n<p><a href=\"https:\/\/wordpress.nibis.de\/gsschmedwolt\/schulprofil\/umweltschule\/umweltschule-in-europa-2024-2026\/\">&gt; Umweltschule in Europa (2024 &#8211; 2026)<\/a><\/p>\r\n<p>&nbsp;<\/p>\r\n<p><a href=\"https:\/\/wordpress.nibis.de\/gsschmedwolt\/schulprofil\/umweltschule\/umweltschule-in-europa-2022-2024\/\">&gt; Umweltschule in Europa (2022 &#8211; 2024)<\/a><\/p>\r\n<p>&nbsp;<\/p>\r\n<p><a href=\"https:\/\/wordpress.nibis.de\/gsschmedwolt\/schulprofil\/umweltschule\/umweltschule-in-europa-2019-2022\/\">&gt; Umweltschule in Europa (2019-2022)<\/a><\/p>\r\n<p>&nbsp;<\/p>\r\n<p><a href=\"https:\/\/wordpress.nibis.de\/gsschmedwolt\/schulprofil\/umweltschule\/zertifizierung-umweltschule\/\">&gt; Umweltschule in Europa (2016-2019)<\/a><\/p>\r\n<p>&nbsp;<\/p>\r\n<p>&nbsp;<\/p>\r\n<p>&nbsp;<\/p>\r\n<p>&nbsp;<\/p>\r\n\r\n<p>&nbsp;<\/p>\r\n","protected":false},"excerpt":{"rendered":"<p>Umweltschule in Europa Seit Ende 2016 nehmen wir als kleine, d\u00f6rflich gepr\u00e4gte Schule mit derzeit 107 Sch\u00fclerinnen und Sch\u00fclern, am Projekt des Landes Niedersachsen \u201eUmweltschule in Europa und Internationale Agenda 21-Schule\u201c teil. Unsere Schule wurde 2019, 2022 und 2025 als Umweltschule in Europa zertifiziert. Die vierte Zertifizierung findet 2027 statt. &nbsp; Was bedeutet das f\u00fcr [&hellip;]<\/p>\n","protected":false},"author":9192595,"featured_media":0,"parent":31,"menu_order":0,"comment_status":"closed","ping_status":"closed","template":"template-full-width.php","meta":{"footnotes":""},"class_list":["post-108","page","type-page","status-publish","hentry"],"_links":{"self":[{"href":"https:\/\/wordpress.nibis.de\/gsschmedwolt\/wp-json\/wp\/v2\/pages\/108","targetHints":{"allow":["GET"]}}],"collection":[{"href":"https:\/\/wordpress.nibis.de\/gsschmedwolt\/wp-json\/wp\/v2\/pages"}],"about":[{"href":"https:\/\/wordpress.nibis.de\/gsschmedwolt\/wp-json\/wp\/v2\/types\/page"}],"author":[{"embeddable":true,"href":"https:\/\/wordpress.nibis.de\/gsschmedwolt\/wp-json\/wp\/v2\/users\/9192595"}],"replies":[{"embeddable":true,"href":"https:\/\/wordpress.nibis.de\/gsschmedwolt\/wp-json\/wp\/v2\/comments?post=108"}],"version-history":[{"count":49,"href":"https:\/\/wordpress.nibis.de\/gsschmedwolt\/wp-json\/wp\/v2\/pages\/108\/revisions"}],"predecessor-version":[{"id":6013,"href":"https:\/\/wordpress.nibis.de\/gsschmedwolt\/wp-json\/wp\/v2\/pages\/108\/revisions\/6013"}],"up":[{"embeddable":true,"href":"https:\/\/wordpress.nibis.de\/gsschmedwolt\/wp-json\/wp\/v2\/pages\/31"}],"wp:attachment":[{"href":"https:\/\/wordpress.nibis.de\/gsschmedwolt\/wp-json\/wp\/v2\/media?parent=108"}],"curies":[{"name":"wp","href":"https:\/\/api.w.org\/{rel}","templated":true}]}}