{"id":120,"date":"2018-05-07T23:08:05","date_gmt":"2018-05-07T21:08:05","guid":{"rendered":"http:\/\/wordpress.nibis.de\/gsschmedwolt\/?page_id=120"},"modified":"2025-09-08T11:56:48","modified_gmt":"2025-09-08T09:56:48","slug":"schulordnung","status":"publish","type":"page","link":"https:\/\/wordpress.nibis.de\/gsschmedwolt\/schulprofil\/schulordnung\/","title":{"rendered":"Schulordnung"},"content":{"rendered":"<p style=\"font-weight: 400\"><strong>In unserer Schule sollen sich alle wohlf\u00fchlen und mit Freude lernen k\u00f6nnen.<\/strong><\/p>\n<p style=\"font-weight: 400\">\n<p style=\"font-weight: 400\">Ich gehe gewaltfrei und respektvoll mit meinen Mitsch\u00fclern um.<\/p>\n<p style=\"font-weight: 400\">Ich nutze meine Lernzeit und sorge daf\u00fcr, dass andere das auch tun k\u00f6nnen.<\/p>\n<p style=\"font-weight: 400\">Ich erledige meine schulischen Aufgaben gewissenhaft.<\/p>\n<p style=\"font-weight: 400\">Ich achte eigenes und fremdes Eigentum.<\/p>\n<p style=\"font-weight: 400\">Ich bin mit daf\u00fcr verantwortlich, dass unser Schulgeb\u00e4ude und das Gel\u00e4nde sauber und unversehrt bleiben.<\/p>\n<p style=\"font-weight: 400\">Auf dem Schulweg verhalte ich mich so, dass ich selber und auch andere sicher und gesund ans Ziel kommen.<\/p>\n<p style=\"font-weight: 400\">Ich wei\u00df, dass ich mit Konsequenzen rechnen muss, wenn ich gegen die Regeln versto\u00dfe.<\/p>\n<p style=\"font-weight: 400\">\n<p style=\"font-weight: 400\">Erg\u00e4nzung (Februar 25)<\/p>\n<p style=\"font-weight: 400\">Auf dem Schulgel\u00e4nde und w\u00e4hrend des Schultages bleiben Handys und Smartwatches ausgeschaltet im Schulranzen.<\/p>\n<p>Die Schulordnung wird in einem demokratischen Prozess seit Ende des Schuljahrs 2024\/25 und 2025\/26 mit allen in der Schule Beteiligten \u00fcberarbeitet.<\/p>\n<p>&nbsp;<\/p>\n<p><strong>\u201e! Respect &#8211; Gewaltfrei Lernen\u201c<\/strong><\/p>\n<p style=\"font-weight: 400\">Das seit 2016 an unserer Schule bestehende Konzept \u201e!respect &#8211; Gewaltfrei Lernen\u201c bietet eintrainierte Verhaltensweisen, um Streitigkeiten zu vermeiden oder zu beenden.<\/p>\n<p style=\"font-weight: 400\">Das !respect Training findet einmal w\u00f6chentlich im Unterricht und als Projektwoche im Herbst statt.<\/p>\n<p><a href=\"https:\/\/wordpress.nibis.de\/gsschmedwolt\/files\/2025\/09\/Respect.jpg\"><img loading=\"lazy\" decoding=\"async\" class=\"size-full wp-image-5241 alignleft\" src=\"https:\/\/wordpress.nibis.de\/gsschmedwolt\/files\/2025\/09\/Respect.jpg\" alt=\"\" width=\"720\" height=\"1040\" srcset=\"https:\/\/wordpress.nibis.de\/gsschmedwolt\/files\/2025\/09\/Respect.jpg 720w, https:\/\/wordpress.nibis.de\/gsschmedwolt\/files\/2025\/09\/Respect-208x300.jpg 208w, https:\/\/wordpress.nibis.de\/gsschmedwolt\/files\/2025\/09\/Respect-415x600.jpg 415w\" sizes=\"auto, (max-width: 720px) 100vw, 720px\" \/><\/a><\/p>\n<p>&nbsp;<\/p>\n<p>&nbsp;<\/p>\n<p>&nbsp;<\/p>\n<p>&nbsp;<\/p>\n<p>&nbsp;<\/p>\n<p>&nbsp;<\/p>\n<p>&nbsp;<\/p>\n<p>&nbsp;<\/p>\n<p>&nbsp;<\/p>\n<p>&nbsp;<\/p>\n<p>&nbsp;<\/p>\n<p>&nbsp;<\/p>\n<p>&nbsp;<\/p>\n<p>&nbsp;<\/p>\n<p>&nbsp;<\/p>\n<p>&nbsp;<\/p>\n<p>&nbsp;<\/p>\n<p>&nbsp;<\/p>\n<p>&nbsp;<\/p>\n<p>&nbsp;<\/p>\n<p>&nbsp;<\/p>\n<p>&nbsp;<\/p>\n<p>&nbsp;<\/p>\n<p>&nbsp;<\/p>\n<p>&nbsp;<\/p>\n<p>&nbsp;<\/p>\n<p>&nbsp;<\/p>\n<p><strong>Pausenordnung <\/strong><\/p>\n<ol>\n<li>In der ersten gro\u00dfen Pause fr\u00fchst\u00fccke ich gemeinsam mit meinen Mitsch\u00fclerinnen und Mitsch\u00fclern mindestens f\u00fcnf Minuten am Platz und gehe sp\u00e4testens nach zehn Minuten r\u00fccksichtsvoll nach drau\u00dfen.<\/li>\n<li>Ich hole die Spielger\u00e4te nur in den gro\u00dfen Pausen und bringe sie selbst wieder zur\u00fcck.<\/li>\n<li>Ich benutze nur die weichen B\u00e4lle der Schule und sage Bescheid, wenn der Ball auf die Stra\u00dfe rollt.<br \/>\nBeim Spielen auf dem Schulhof und im Woltorfer Schulgarten achte ich darauf, dass ich keine Pflanzen besch\u00e4dige, denn Pflanzen sind auch Lebewesen.<\/li>\n<li>Spielen in der Natur macht Spa\u00df. Damit niemand verletzt wird, bewerfe ich andere nicht mit Schnee, Laub oder Sand.<\/li>\n<li>Ich versuche, Probleme alleine zu l\u00f6sen. Dabei wende ich die Stoppregel in drei Schritten an. Ich hole mir Hilfe von der Pausenaufsicht und benutze dabei den \u201eZaubersatz\u201c.<br \/>\nKinder, die mehrmals verwarnt wurden, sind f\u00fcr den Rest der Pause \u201estummer Schatten\u201c der Pausenaufsicht.<\/li>\n<li>Ich k\u00fcmmere mich um verletzte Kinder.<\/li>\n<li>Ich verlasse die Toilette immer so sauber und ordentlich, wie ich sie selbst gern vorfinde. In Woltorf gehe ich w\u00e4hrend der Pause drau\u00dfen auf die Toilette.<\/li>\n<li>Die Pausenaufsicht entscheidet \u00fcber die Regenpause. Ich arbeite, spiele, male oder lese dann im Klassenraum.<\/li>\n<li>Wenn es klingelt, gehe ich z\u00fcgig und r\u00fccksichtsvoll in den Klassenraum.<\/li>\n<\/ol>\n<p>In den einzelnen Klassen regeln zus\u00e4tzlich <strong>Klassenregeln <\/strong>den Umgang miteinander sowie das Verhalten w\u00e4hrend des Unterrichts.<\/p>\n<p>&nbsp;<\/p>\n<p><strong>Verhaltensampel <\/strong><\/p>\n<p style=\"font-weight: 400\">In allen Klassen, w\u00e4hrend der Pausen, in der Betreuung und im Ganztag wird mit der sogenannten <strong>Verhaltensampel<\/strong> gearbeitet.<\/p>\n<p style=\"font-weight: 400\">\n<p style=\"font-weight: 400\">Dieses f\u00fcnfstufige Instrument bietet allen Sch\u00fcler*innen eine direkte R\u00fcckmeldung ihres (Fehl)Verhaltens mit dem Ziel, das eigene Verhalten zu reflektieren und zu steuern.<\/p>\n<p style=\"font-weight: 400\">\n<ul>\n<li>Alle Kinder starten zu Beginn eines Schultages bei der Ampelfarbe gr\u00fcn.<\/li>\n<\/ul>\n<ul>\n<li>Bei vorbildlichem Verhalten werden sie durch die Lehrkr\u00e4fte auf gro\u00dfartig gesetzt.<\/li>\n<\/ul>\n<ul>\n<li>Bei einem \u00dcbertritt gegen eine bekannte Klassen- oder Schulregel \u201ewandert\u201c der Sch\u00fcler oder die Sch\u00fclerin eine Stufe weiter nach oben (gr\u00fcn &#8211; gelb \u2013 orange &#8211; rot).<\/li>\n<\/ul>\n<ul>\n<li>Bei vorbildlichem Verhalten kann ein Sch\u00fcler oder eine Sch\u00fcler*in am Ende einer Unterrichtsstunde wieder eine Stufe nach unten gesetzt werden.<\/li>\n<li>T\u00e4tlichkeiten werden sofort mit der roten Stufe geahndet.<\/li>\n<li>Falls ein Sch\u00fcler auf die rote Stufe gesetzt wird, schlie\u00dft sich eine \u201erote Mitteilungskarte\u201c an die Eltern an, die unterteilt wird nach H\u00e4ufung von Regelverst\u00f6\u00dfen, Vandalismus oder T\u00e4tlichkeit.<\/li>\n<li>Die rote Karte soll von Ihnen als Eltern unterschrieben wieder an die Klassenlehrer*in zur\u00fcckgegeben werden. Eine Wiedergutmachung oder Aufgabe zur Reflexion ist eine weitere Konsequenz.<\/li>\n<li>Die H\u00e4ufung von drei roten Karten einer Kategorie innerhalb eines Quartals f\u00fchrt zu einem Gespr\u00e4ch zwischen den Klassenlehrerinnen und Ihnen als Eltern.<\/li>\n<li>Die H\u00e4ufung von roten Karten oder ein Verhalten, dass Personen gef\u00e4hrdet oder den Schulfrieden massiv st\u00f6rt, f\u00fchrt zu einer Klassenkonferenz nach \u00a761 des Nieders\u00e4chsischen Schulgesetzes \u201eErziehungsmittel und Ordnungsma\u00dfnahmen\u201c.<br \/>\n<a href=\"https:\/\/wordpress.nibis.de\/gsschmedwolt\/files\/2025\/09\/Ampel.jpg\"><img loading=\"lazy\" decoding=\"async\" class=\"size-full wp-image-5242 alignleft\" src=\"https:\/\/wordpress.nibis.de\/gsschmedwolt\/files\/2025\/09\/Ampel.jpg\" alt=\"\" width=\"156\" height=\"444\" srcset=\"https:\/\/wordpress.nibis.de\/gsschmedwolt\/files\/2025\/09\/Ampel.jpg 156w, https:\/\/wordpress.nibis.de\/gsschmedwolt\/files\/2025\/09\/Ampel-105x300.jpg 105w\" sizes=\"auto, (max-width: 156px) 100vw, 156px\" \/><\/a><\/li>\n<\/ul>\n<p>&nbsp;<\/p>\n","protected":false},"excerpt":{"rendered":"<p>In unserer Schule sollen sich alle wohlf\u00fchlen und mit Freude lernen k\u00f6nnen. Ich gehe gewaltfrei und respektvoll mit meinen Mitsch\u00fclern um. Ich nutze meine Lernzeit und sorge daf\u00fcr, dass andere das auch tun k\u00f6nnen. Ich erledige meine schulischen Aufgaben gewissenhaft. Ich achte eigenes und fremdes Eigentum. Ich bin mit daf\u00fcr verantwortlich, dass unser Schulgeb\u00e4ude und [&hellip;]<\/p>\n","protected":false},"author":9192595,"featured_media":0,"parent":31,"menu_order":0,"comment_status":"closed","ping_status":"closed","template":"template-full-width.php","meta":{"footnotes":""},"class_list":["post-120","page","type-page","status-publish","hentry"],"_links":{"self":[{"href":"https:\/\/wordpress.nibis.de\/gsschmedwolt\/wp-json\/wp\/v2\/pages\/120","targetHints":{"allow":["GET"]}}],"collection":[{"href":"https:\/\/wordpress.nibis.de\/gsschmedwolt\/wp-json\/wp\/v2\/pages"}],"about":[{"href":"https:\/\/wordpress.nibis.de\/gsschmedwolt\/wp-json\/wp\/v2\/types\/page"}],"author":[{"embeddable":true,"href":"https:\/\/wordpress.nibis.de\/gsschmedwolt\/wp-json\/wp\/v2\/users\/9192595"}],"replies":[{"embeddable":true,"href":"https:\/\/wordpress.nibis.de\/gsschmedwolt\/wp-json\/wp\/v2\/comments?post=120"}],"version-history":[{"count":9,"href":"https:\/\/wordpress.nibis.de\/gsschmedwolt\/wp-json\/wp\/v2\/pages\/120\/revisions"}],"predecessor-version":[{"id":5243,"href":"https:\/\/wordpress.nibis.de\/gsschmedwolt\/wp-json\/wp\/v2\/pages\/120\/revisions\/5243"}],"up":[{"embeddable":true,"href":"https:\/\/wordpress.nibis.de\/gsschmedwolt\/wp-json\/wp\/v2\/pages\/31"}],"wp:attachment":[{"href":"https:\/\/wordpress.nibis.de\/gsschmedwolt\/wp-json\/wp\/v2\/media?parent=120"}],"curies":[{"name":"wp","href":"https:\/\/api.w.org\/{rel}","templated":true}]}}