{"id":134,"date":"2018-05-07T23:10:30","date_gmt":"2018-05-07T21:10:30","guid":{"rendered":"http:\/\/wordpress.nibis.de\/gsschmedwolt\/?page_id=134"},"modified":"2026-04-22T16:23:12","modified_gmt":"2026-04-22T14:23:12","slug":"sekretariat","status":"publish","type":"page","link":"https:\/\/wordpress.nibis.de\/gsschmedwolt\/organisation\/sekretariat\/","title":{"rendered":"Sekretariat"},"content":{"rendered":"<div class=\"wp-block-image\"><a href=\"https:\/\/wordpress.nibis.de\/gsschmedwolt\/files\/2026\/04\/Mittel-dsc-1163.jpeg\"><img loading=\"lazy\" decoding=\"async\" class=\"wpa-warning wpa-image-missing-alt  wp-image-6031 alignleft\" src=\"https:\/\/wordpress.nibis.de\/gsschmedwolt\/files\/2026\/04\/Mittel-dsc-1163.jpeg\" alt=\"\" width=\"124\" height=\"172\" data-warning=\"Missing alt text\" srcset=\"https:\/\/wordpress.nibis.de\/gsschmedwolt\/files\/2026\/04\/Mittel-dsc-1163.jpeg 462w, https:\/\/wordpress.nibis.de\/gsschmedwolt\/files\/2026\/04\/Mittel-dsc-1163-217x300.jpeg 217w, https:\/\/wordpress.nibis.de\/gsschmedwolt\/files\/2026\/04\/Mittel-dsc-1163-433x600.jpeg 433w, https:\/\/wordpress.nibis.de\/gsschmedwolt\/files\/2026\/04\/Mittel-dsc-1163-100x139.jpeg 100w\" sizes=\"auto, (max-width: 124px) 100vw, 124px\" \/><\/a><\/div>\n<p style=\"font-weight: 400\">Unsere <strong>Schulsekret\u00e4rin <\/strong>Frau Rohde ist im Sekretariat in <strong>Schmedenstedt <\/strong><strong>Mo- Fr<\/strong> in der Zeit von <strong>8.45 Uhr bis 12.15 Uhr<\/strong> <strong>unter der Nummer 05171-499621 <\/strong>\u00a0zu erreichen. Das <strong>Telefon<\/strong> ist nur w\u00e4hrend der Sekretariatszeiten besetzt. Dar\u00fcberhinaus k\u00f6nnen Sie jederzeit gerne Nachrichten auf unserem Anrufbeantworter hinterlassen.<\/p>\n<p>Bitte beachten Sie, dass es im Standort <strong>Woltorf kein eigenes Sekretariat<\/strong> gibt und dass das Telefon dort nur w\u00e4hrend der Pausen sowie kurz vor bzw. nach dem Unterricht besetzt ist.<\/p>\n<p style=\"font-weight: 400\">Sie erreichen unser Sekretariat zudem unter dem E-Mail Account<span style=\"color: #0000ff\"> <a style=\"color: #0000ff\" href=\"&#x6d;&#x61;&#105;&#108;t&#x6f;&#x3a;&#x67;&#115;&#45;s&#x63;&#x68;&#x6d;&#101;&#100;e&#x6e;&#x73;&#x74;&#101;&#100;t&#x2d;&#x77;&#x6f;&#108;to&#x72;&#x66;&#x40;&#115;ta&#x64;&#x74;&#45;&#112;ei&#x6e;&#x65;&#46;&#100;e\">&#x67;&#x73;&#x2d;&#x73;&#x63;&#x68;&#x6d;&#x65;&#x64;&#x65;&#x6e;&#x73;&#x74;&#x65;&#x64;&#x74;&#x2d;&#x77;&#x6f;&#x6c;&#x74;&#x6f;&#x72;&#x66;&#x40;&#x73;&#x74;&#x61;&#x64;&#x74;&#x2d;&#x70;&#x65;&#x69;&#x6e;&#x65;&#x2e;&#x64;<\/a>e<\/span>. Dieser <strong>E-Mail<\/strong> Account wird t\u00e4glich mehrmals gecheckt.<\/p>\n<p>&nbsp;<\/p>\n<p><a href=\"http:\/\/wordpress.nibis.de\/gsschmedwolt\/kontakt\/\">&gt; Weitere Kontaktadressen<\/a><\/p>\n","protected":false},"excerpt":{"rendered":"<p>Unsere Schulsekret\u00e4rin Frau Rohde ist im Sekretariat in Schmedenstedt Mo- Fr in der Zeit von 8.45 Uhr bis 12.15 Uhr unter der Nummer 05171-499621 \u00a0zu erreichen. Das Telefon ist nur w\u00e4hrend der Sekretariatszeiten besetzt. Dar\u00fcberhinaus k\u00f6nnen Sie jederzeit gerne Nachrichten auf unserem Anrufbeantworter hinterlassen. Bitte beachten Sie, dass es im Standort Woltorf kein eigenes Sekretariat [&hellip;]<\/p>\n","protected":false},"author":9192595,"featured_media":0,"parent":35,"menu_order":0,"comment_status":"closed","ping_status":"closed","template":"template-full-width.php","meta":{"footnotes":""},"class_list":["post-134","page","type-page","status-publish","hentry"],"_links":{"self":[{"href":"https:\/\/wordpress.nibis.de\/gsschmedwolt\/wp-json\/wp\/v2\/pages\/134","targetHints":{"allow":["GET"]}}],"collection":[{"href":"https:\/\/wordpress.nibis.de\/gsschmedwolt\/wp-json\/wp\/v2\/pages"}],"about":[{"href":"https:\/\/wordpress.nibis.de\/gsschmedwolt\/wp-json\/wp\/v2\/types\/page"}],"author":[{"embeddable":true,"href":"https:\/\/wordpress.nibis.de\/gsschmedwolt\/wp-json\/wp\/v2\/users\/9192595"}],"replies":[{"embeddable":true,"href":"https:\/\/wordpress.nibis.de\/gsschmedwolt\/wp-json\/wp\/v2\/comments?post=134"}],"version-history":[{"count":20,"href":"https:\/\/wordpress.nibis.de\/gsschmedwolt\/wp-json\/wp\/v2\/pages\/134\/revisions"}],"predecessor-version":[{"id":6032,"href":"https:\/\/wordpress.nibis.de\/gsschmedwolt\/wp-json\/wp\/v2\/pages\/134\/revisions\/6032"}],"up":[{"embeddable":true,"href":"https:\/\/wordpress.nibis.de\/gsschmedwolt\/wp-json\/wp\/v2\/pages\/35"}],"wp:attachment":[{"href":"https:\/\/wordpress.nibis.de\/gsschmedwolt\/wp-json\/wp\/v2\/media?parent=134"}],"curies":[{"name":"wp","href":"https:\/\/api.w.org\/{rel}","templated":true}]}}