{"id":142,"date":"2018-05-07T23:11:35","date_gmt":"2018-05-07T21:11:35","guid":{"rendered":"http:\/\/wordpress.nibis.de\/gsschmedwolt\/?page_id=142"},"modified":"2022-02-04T15:24:59","modified_gmt":"2022-02-04T14:24:59","slug":"schulshirts","status":"publish","type":"page","link":"https:\/\/wordpress.nibis.de\/gsschmedwolt\/organisation\/schulshirts\/","title":{"rendered":"Schulshirts"},"content":{"rendered":"<p><a href=\"https:\/\/wordpress.nibis.de\/gsschmedwolt\/files\/2021\/06\/image.jpg\"><img loading=\"lazy\" decoding=\"async\" class=\"alignright wp-image-3722 size-full\" src=\"https:\/\/wordpress.nibis.de\/gsschmedwolt\/files\/2021\/06\/image.jpg\" alt=\"\" width=\"340\" height=\"340\" srcset=\"https:\/\/wordpress.nibis.de\/gsschmedwolt\/files\/2021\/06\/image.jpg 340w, https:\/\/wordpress.nibis.de\/gsschmedwolt\/files\/2021\/06\/image-300x300.jpg 300w, https:\/\/wordpress.nibis.de\/gsschmedwolt\/files\/2021\/06\/image-150x150.jpg 150w\" sizes=\"auto, (max-width: 340px) 100vw, 340px\" \/><\/a> Wir verbringen einen gro\u00dfen Teil unseres Lebens in der Schule. Wir sehen daher unsere Schule nicht nur als eine Einrichtung, die Wissen vermittelt und einen Erziehungsauftrag hat, sondern auch als wichtigen Lebensbereich. Hier treffen wir mit vielen Menschen zusammen, wir kommunizieren mit ihnen und schlie\u00dfen Freundschaften.<\/p>\n<p>Was liegt daher n\u00e4her, als sich mit seiner Schule zu identifizieren. Egal ob im Schulalltag, auf Klassenfahrten oder auf Schulfesten, ein buntes Shirt mit dem eigenen Schullogo gef\u00e4llt vielen und spiegelt unseren Zusammenhalt wider.<\/p>\n<p>In jedem Schuljahr gibt es mehrere Zeitfenster, in denen unsere Shirts, Pullover etc. bestellt werden k\u00f6nnen. Wir informieren Sie dar\u00fcber immer per Mail. Die jeweiligen Kleidungsst\u00fccke sind vorne links auf Brusth\u00f6he und hinten auf dem R\u00fccken mit dem mehrfarbigen Logo unserer Schule veredelt.<\/p>\n<p>Sie k\u00f6nnen die Shirts, Pullover oder Longsleeves bequem \u00fcber unser Bestellformular und bestellen. Wir verteilen die Produkte, sobald sie fertig sind.<\/p>\n<p>Unter folgendem Link k\u00f6nnen Sie sich das Bestellformular herunterladen:<\/p>\n<p><a href=\"https:\/\/wordpress.nibis.de\/gsschmedwolt\/files\/2022\/02\/2021-12-06-Bestellformular-T-Shirts.pdf\">&gt; Bestellformular<\/a><\/p>\n<p>F\u00fcr die Produktion ist Frau Borrmann von &#8222;unique &#8211; Design &amp; Druck&#8220; verantwortlich.<br \/>\n<a href=\"https:\/\/www.unique-design-druck.de\/\">https:\/\/www.unique-design-druck.de\/<\/a><\/p>\n<p><img loading=\"lazy\" decoding=\"async\" class=\"alignnone wp-image-428\" src=\"http:\/\/wordpress.nibis.de\/gsschmedwolt\/files\/2018\/06\/shirt2.jpg\" alt=\"\" width=\"361\" height=\"275\" srcset=\"https:\/\/wordpress.nibis.de\/gsschmedwolt\/files\/2018\/06\/shirt2.jpg 376w, https:\/\/wordpress.nibis.de\/gsschmedwolt\/files\/2018\/06\/shirt2-300x228.jpg 300w\" sizes=\"auto, (max-width: 361px) 100vw, 361px\" \/>\u00a0 <img loading=\"lazy\" decoding=\"async\" class=\"wp-image-429 alignright\" src=\"http:\/\/wordpress.nibis.de\/gsschmedwolt\/files\/2018\/06\/shirt3.jpg\" alt=\"\" width=\"406\" height=\"268\" srcset=\"https:\/\/wordpress.nibis.de\/gsschmedwolt\/files\/2018\/06\/shirt3.jpg 433w, https:\/\/wordpress.nibis.de\/gsschmedwolt\/files\/2018\/06\/shirt3-300x198.jpg 300w, https:\/\/wordpress.nibis.de\/gsschmedwolt\/files\/2018\/06\/shirt3-75x50.jpg 75w\" sizes=\"auto, (max-width: 406px) 100vw, 406px\" \/><\/p>\n","protected":false},"excerpt":{"rendered":"<p>Wir verbringen einen gro\u00dfen Teil unseres Lebens in der Schule. Wir sehen daher unsere Schule nicht nur als eine Einrichtung, die Wissen vermittelt und einen Erziehungsauftrag hat, sondern auch als wichtigen Lebensbereich. Hier treffen wir mit vielen Menschen zusammen, wir kommunizieren mit ihnen und schlie\u00dfen Freundschaften. Was liegt daher n\u00e4her, als sich mit seiner Schule [&hellip;]<\/p>\n","protected":false},"author":9192595,"featured_media":0,"parent":35,"menu_order":0,"comment_status":"closed","ping_status":"closed","template":"template-full-width.php","meta":{"footnotes":""},"class_list":["post-142","page","type-page","status-publish","hentry"],"_links":{"self":[{"href":"https:\/\/wordpress.nibis.de\/gsschmedwolt\/wp-json\/wp\/v2\/pages\/142","targetHints":{"allow":["GET"]}}],"collection":[{"href":"https:\/\/wordpress.nibis.de\/gsschmedwolt\/wp-json\/wp\/v2\/pages"}],"about":[{"href":"https:\/\/wordpress.nibis.de\/gsschmedwolt\/wp-json\/wp\/v2\/types\/page"}],"author":[{"embeddable":true,"href":"https:\/\/wordpress.nibis.de\/gsschmedwolt\/wp-json\/wp\/v2\/users\/9192595"}],"replies":[{"embeddable":true,"href":"https:\/\/wordpress.nibis.de\/gsschmedwolt\/wp-json\/wp\/v2\/comments?post=142"}],"version-history":[{"count":24,"href":"https:\/\/wordpress.nibis.de\/gsschmedwolt\/wp-json\/wp\/v2\/pages\/142\/revisions"}],"predecessor-version":[{"id":3959,"href":"https:\/\/wordpress.nibis.de\/gsschmedwolt\/wp-json\/wp\/v2\/pages\/142\/revisions\/3959"}],"up":[{"embeddable":true,"href":"https:\/\/wordpress.nibis.de\/gsschmedwolt\/wp-json\/wp\/v2\/pages\/35"}],"wp:attachment":[{"href":"https:\/\/wordpress.nibis.de\/gsschmedwolt\/wp-json\/wp\/v2\/media?parent=142"}],"curies":[{"name":"wp","href":"https:\/\/api.w.org\/{rel}","templated":true}]}}