{"id":2877,"date":"2020-06-10T12:14:56","date_gmt":"2020-06-10T10:14:56","guid":{"rendered":"https:\/\/wordpress.nibis.de\/gsschmedwolt\/?page_id=2877"},"modified":"2026-04-20T13:50:11","modified_gmt":"2026-04-20T11:50:11","slug":"umweltschule-in-europa-2019-2022","status":"publish","type":"page","link":"https:\/\/wordpress.nibis.de\/gsschmedwolt\/schulprofil\/umweltschule\/umweltschule-in-europa-2019-2022\/","title":{"rendered":"Umweltschule in Europa (2019-2022)"},"content":{"rendered":"<p>Im Zeitraum 2019-2022 haben wir am Projekt des Landes Niedersachsen \u201eUmweltschule in Europa und Internationale Agenda 21-Schule\u201c teilgenommen. Unter folgenden Links k\u00f6nnen Sie sich hierzu weitere Informationen herunterladen:<\/p>\n<p><strong>Handlungsfeld 1:<\/strong> Biologische Vielfalt\/ Biodiversit\u00e4t<\/p>\n<p>Wir schaffen Tiere ein Zuhause:<\/p>\n<ul>\n<li>Fl\u00e4chen f\u00fcr Wildblumen auf dem Schulhof, Schulgarten und in den Ortschaften schaffen<\/li>\n<li>Nistk\u00e4sten f\u00fcr H\u00f6hlenbr\u00fcter und Flederm\u00e4use bauen und anbringen<\/li>\n<li>Schulgarten igelfreundlich gestalten<\/li>\n<li>Insekten-Quartiere herstellen<\/li>\n<\/ul>\n<p>Unter folgendem Link k\u00f6nnen Sie sich weitere Informationen herunterladen:<\/p>\n<p><a href=\"https:\/\/wordpress.nibis.de\/gsschmedwolt\/wir-geben-tieren-ein-zuhause\/\">\u00a0 \u00a0 \u00a0 \u00a0 \u00a0 &#8211; Wir geben Tieren ein Zuhause<\/a><\/p>\n<p><strong>Handlungsfeld 2:<\/strong> Globales Lernen<\/p>\n<p>Patenschaft f\u00fcr einen Pottwal aktiv gestalten:<\/p>\n<ul>\n<li>Identifikation mit dem \u201ePaten\u201c<\/li>\n<li>intensive Auseinandersetzung mit dem Lebensraum Meer, dessen Bedrohung und Schutz<\/li>\n<li>f\u00fcr globale Probleme sensibilisieren und M\u00f6glichkeiten des eigenen Handelns erfahren<\/li>\n<li>durch Aktionen das Projekt zum Schutz der Pottwale weiterhin unterst\u00fctzen<\/li>\n<\/ul>\n<p>Unter folgendem Link k\u00f6nnen Sie sich weitere Informationen herunterladen:<\/p>\n<p><a href=\"https:\/\/wordpress.nibis.de\/gsschmedwolt\/wal-projekttage\/\">\u00a0 \u00a0 \u00a0 \u00a0 \u00a0 &#8211; Wal-Projekttage<\/a><\/p>\n<p>&nbsp;<\/p>\n<p>&nbsp;<\/p>\n","protected":false},"excerpt":{"rendered":"<p>Im Zeitraum 2019-2022 haben wir am Projekt des Landes Niedersachsen \u201eUmweltschule in Europa und Internationale Agenda 21-Schule\u201c teilgenommen. Unter folgenden Links k\u00f6nnen Sie sich hierzu weitere Informationen herunterladen: Handlungsfeld 1: Biologische Vielfalt\/ Biodiversit\u00e4t Wir schaffen Tiere ein Zuhause: Fl\u00e4chen f\u00fcr Wildblumen auf dem Schulhof, Schulgarten und in den Ortschaften schaffen Nistk\u00e4sten f\u00fcr H\u00f6hlenbr\u00fcter und Flederm\u00e4use [&hellip;]<\/p>\n","protected":false},"author":9192595,"featured_media":0,"parent":108,"menu_order":0,"comment_status":"closed","ping_status":"closed","template":"template-full-width.php","meta":{"footnotes":""},"class_list":["post-2877","page","type-page","status-publish","hentry"],"_links":{"self":[{"href":"https:\/\/wordpress.nibis.de\/gsschmedwolt\/wp-json\/wp\/v2\/pages\/2877","targetHints":{"allow":["GET"]}}],"collection":[{"href":"https:\/\/wordpress.nibis.de\/gsschmedwolt\/wp-json\/wp\/v2\/pages"}],"about":[{"href":"https:\/\/wordpress.nibis.de\/gsschmedwolt\/wp-json\/wp\/v2\/types\/page"}],"author":[{"embeddable":true,"href":"https:\/\/wordpress.nibis.de\/gsschmedwolt\/wp-json\/wp\/v2\/users\/9192595"}],"replies":[{"embeddable":true,"href":"https:\/\/wordpress.nibis.de\/gsschmedwolt\/wp-json\/wp\/v2\/comments?post=2877"}],"version-history":[{"count":10,"href":"https:\/\/wordpress.nibis.de\/gsschmedwolt\/wp-json\/wp\/v2\/pages\/2877\/revisions"}],"predecessor-version":[{"id":6015,"href":"https:\/\/wordpress.nibis.de\/gsschmedwolt\/wp-json\/wp\/v2\/pages\/2877\/revisions\/6015"}],"up":[{"embeddable":true,"href":"https:\/\/wordpress.nibis.de\/gsschmedwolt\/wp-json\/wp\/v2\/pages\/108"}],"wp:attachment":[{"href":"https:\/\/wordpress.nibis.de\/gsschmedwolt\/wp-json\/wp\/v2\/media?parent=2877"}],"curies":[{"name":"wp","href":"https:\/\/api.w.org\/{rel}","templated":true}]}}

<p>Im Zeitraum 2019-2022 haben wir am Projekt des Landes Niedersachsen „Umweltschule in Europa und Internationale Agenda 21-Schule“ teilgenommen. Unter folgenden Links können Sie sich hierzu weitere Informationen herunterladen:</p>
<p><strong>Handlungsfeld 1:</strong> Biologische Vielfalt/ Biodiversität</p>
<p>Wir schaffen Tiere ein Zuhause:</p>
<ul>
<li>Flächen für Wildblumen auf dem Schulhof, Schulgarten und in den Ortschaften schaffen</li>
<li>Nistkästen für Höhlenbrüter und Fledermäuse bauen und anbringen</li>
<li>Schulgarten igelfreundlich gestalten</li>
<li>Insekten-Quartiere herstellen</li>
</ul>
<p>Unter folgendem Link können Sie sich weitere Informationen herunterladen:</p>
<p><a href="https://wordpress.nibis.de/gsschmedwolt/wir-geben-tieren-ein-zuhause/">          &#8211; Wir geben Tieren ein Zuhause</a></p>
<p><strong>Handlungsfeld 2:</strong> Globales Lernen</p>
<p>Patenschaft für einen Pottwal aktiv gestalten:</p>
<ul>
<li>Identifikation mit dem „Paten“</li>
<li>intensive Auseinandersetzung mit dem Lebensraum Meer, dessen Bedrohung und Schutz</li>
<li>für globale Probleme sensibilisieren und Möglichkeiten des eigenen Handelns erfahren</li>
<li>durch Aktionen das Projekt zum Schutz der Pottwale weiterhin unterstützen</li>
</ul>
<p>Unter folgendem Link können Sie sich weitere Informationen herunterladen:</p>
<p><a href="https://wordpress.nibis.de/gsschmedwolt/wal-projekttage/">          &#8211; Wal-Projekttage</a></p>
<p>&nbsp;</p>
<p>&nbsp;</p>

<p>Im Zeitraum 2019-2022 haben wir am Projekt des Landes Niedersachsen „Umweltschule in Europa und Internationale Agenda 21-Schule“ teilgenommen. Unter folgenden Links können Sie sich hierzu weitere Informationen herunterladen: Handlungsfeld 1: Biologische Vielfalt/ Biodiversität Wir schaffen Tiere ein Zuhause: Flächen für Wildblumen auf dem Schulhof, Schulgarten und in den Ortschaften schaffen Nistkästen für Höhlenbrüter und Fledermäuse [&hellip;]</p>
