{"id":4001,"date":"2022-02-24T12:16:11","date_gmt":"2022-02-24T11:16:11","guid":{"rendered":"https:\/\/wordpress.nibis.de\/gsschmedwolt\/?page_id=4001"},"modified":"2022-03-07T14:00:32","modified_gmt":"2022-03-07T13:00:32","slug":"wir-geben-tieren-ein-zuhause","status":"publish","type":"page","link":"https:\/\/wordpress.nibis.de\/gsschmedwolt\/wir-geben-tieren-ein-zuhause\/","title":{"rendered":"Wir geben Tieren ein Zuhause"},"content":{"rendered":"<p>An unserer Schule m\u00f6chten wir Tieren ein Zuhause geben.<\/p>\n<p>Unter folgendem Link k\u00f6nnen Sie sich einen Eindruck von unseren Projekten zu diesem Thema verschaffen:<\/p>\n<p><a href=\"https:\/\/wordpress.nibis.de\/gsschmedwolt\/files\/2022\/03\/2022-02-17-PP-Umweltschule-Lebensraeume.pdf\">&gt; Lebensr\u00e4ume f\u00fcr unsere Tiere<\/a><\/p>\n","protected":false},"excerpt":{"rendered":"<p>An unserer Schule m\u00f6chten wir Tieren ein Zuhause geben. Unter folgendem Link k\u00f6nnen Sie sich einen Eindruck von unseren Projekten zu diesem Thema verschaffen: &gt; Lebensr\u00e4ume f\u00fcr unsere Tiere<\/p>\n","protected":false},"author":9192595,"featured_media":0,"parent":0,"menu_order":0,"comment_status":"closed","ping_status":"closed","template":"","meta":{"footnotes":""},"class_list":["post-4001","page","type-page","status-publish","hentry"],"_links":{"self":[{"href":"https:\/\/wordpress.nibis.de\/gsschmedwolt\/wp-json\/wp\/v2\/pages\/4001","targetHints":{"allow":["GET"]}}],"collection":[{"href":"https:\/\/wordpress.nibis.de\/gsschmedwolt\/wp-json\/wp\/v2\/pages"}],"about":[{"href":"https:\/\/wordpress.nibis.de\/gsschmedwolt\/wp-json\/wp\/v2\/types\/page"}],"author":[{"embeddable":true,"href":"https:\/\/wordpress.nibis.de\/gsschmedwolt\/wp-json\/wp\/v2\/users\/9192595"}],"replies":[{"embeddable":true,"href":"https:\/\/wordpress.nibis.de\/gsschmedwolt\/wp-json\/wp\/v2\/comments?post=4001"}],"version-history":[{"count":2,"href":"https:\/\/wordpress.nibis.de\/gsschmedwolt\/wp-json\/wp\/v2\/pages\/4001\/revisions"}],"predecessor-version":[{"id":4007,"href":"https:\/\/wordpress.nibis.de\/gsschmedwolt\/wp-json\/wp\/v2\/pages\/4001\/revisions\/4007"}],"wp:attachment":[{"href":"https:\/\/wordpress.nibis.de\/gsschmedwolt\/wp-json\/wp\/v2\/media?parent=4001"}],"curies":[{"name":"wp","href":"https:\/\/api.w.org\/{rel}","templated":true}]}}