{"id":419,"date":"2018-06-04T21:17:41","date_gmt":"2018-06-04T19:17:41","guid":{"rendered":"http:\/\/wordpress.nibis.de\/gsschmedwolt\/?page_id=419"},"modified":"2025-09-08T11:40:46","modified_gmt":"2025-09-08T09:40:46","slug":"verlaesslichkeit","status":"publish","type":"page","link":"https:\/\/wordpress.nibis.de\/gsschmedwolt\/organisation\/verlaesslichkeit\/","title":{"rendered":"Betreuung im Rahmen der verl\u00e4sslichen Grundschule"},"content":{"rendered":"<p style=\"font-weight: 400\">Als verl\u00e4ssliche Grundschule garantieren wir, dass Ihre Kinder t\u00e4glich in der Zeit von 7.50 Uhr bis 12.50 Uhr betreut sind.<\/p>\n<ul>\n<li>Die Betreuung findet von Montag bis Donnerstag in der Zeit von 12.00 Uhr bis 12. 50 Uhr in Schmedenstedt statt.<\/li>\n<li>Die Anmeldung ist f\u00fcr ein Schuljahr verpflichtend und kann nur f\u00fcr alle vier Tage erfolgen.<\/li>\n<li>Die Betreuung ist kostenfrei.<\/li>\n<li>F\u00fcr die Betreuungsgruppen stehen unsere p\u00e4dagogischen Mitarbeiter*innen zur Verf\u00fcgung.<\/li>\n<li>Die Betreuung findet in den Klassen- oder Betreuungsr\u00e4umen statt.<\/li>\n<li>Regelm\u00e4\u00dfig finden Bewegungsangebote in der Turnhalle statt, der Schulhof wird je nach Wetterlage mitgenutzt.<\/li>\n<li>Au\u00dferdem ist Zeit zum Malen, Basteln, Spielen, Ausruhen und Geschichtenvorlesen.<\/li>\n<li>In der Betreuung und im Ganztag wird die Verhaltensampel der Schule genutzt.<\/li>\n<\/ul>\n","protected":false},"excerpt":{"rendered":"<p>Als verl\u00e4ssliche Grundschule garantieren wir, dass Ihre Kinder t\u00e4glich in der Zeit von 7.50 Uhr bis 12.50 Uhr betreut sind. Die Betreuung findet von Montag bis Donnerstag in der Zeit von 12.00 Uhr bis 12. 50 Uhr in Schmedenstedt statt. Die Anmeldung ist f\u00fcr ein Schuljahr verpflichtend und kann nur f\u00fcr alle vier Tage erfolgen. [&hellip;]<\/p>\n","protected":false},"author":9192595,"featured_media":0,"parent":35,"menu_order":0,"comment_status":"closed","ping_status":"closed","template":"template-full-width.php","meta":{"footnotes":""},"class_list":["post-419","page","type-page","status-publish","hentry"],"_links":{"self":[{"href":"https:\/\/wordpress.nibis.de\/gsschmedwolt\/wp-json\/wp\/v2\/pages\/419","targetHints":{"allow":["GET"]}}],"collection":[{"href":"https:\/\/wordpress.nibis.de\/gsschmedwolt\/wp-json\/wp\/v2\/pages"}],"about":[{"href":"https:\/\/wordpress.nibis.de\/gsschmedwolt\/wp-json\/wp\/v2\/types\/page"}],"author":[{"embeddable":true,"href":"https:\/\/wordpress.nibis.de\/gsschmedwolt\/wp-json\/wp\/v2\/users\/9192595"}],"replies":[{"embeddable":true,"href":"https:\/\/wordpress.nibis.de\/gsschmedwolt\/wp-json\/wp\/v2\/comments?post=419"}],"version-history":[{"count":9,"href":"https:\/\/wordpress.nibis.de\/gsschmedwolt\/wp-json\/wp\/v2\/pages\/419\/revisions"}],"predecessor-version":[{"id":5237,"href":"https:\/\/wordpress.nibis.de\/gsschmedwolt\/wp-json\/wp\/v2\/pages\/419\/revisions\/5237"}],"up":[{"embeddable":true,"href":"https:\/\/wordpress.nibis.de\/gsschmedwolt\/wp-json\/wp\/v2\/pages\/35"}],"wp:attachment":[{"href":"https:\/\/wordpress.nibis.de\/gsschmedwolt\/wp-json\/wp\/v2\/media?parent=419"}],"curies":[{"name":"wp","href":"https:\/\/api.w.org\/{rel}","templated":true}]}}