{"id":5072,"date":"2025-02-13T14:05:42","date_gmt":"2025-02-13T13:05:42","guid":{"rendered":"https:\/\/wordpress.nibis.de\/gsschmedwolt\/?page_id=5072"},"modified":"2025-02-14T14:59:42","modified_gmt":"2025-02-14T13:59:42","slug":"ueberarbeitung-des-waldkonzeptes","status":"publish","type":"page","link":"https:\/\/wordpress.nibis.de\/gsschmedwolt\/ueberarbeitung-des-waldkonzeptes\/","title":{"rendered":"\u00dcberarbeitung des &#8222;Waldkonzeptes&#8220;"},"content":{"rendered":"<p>Zurzeit \u00fcberarbeiten wir unser &#8222;Waldkonzept&#8220;.<\/p>\n<p>Unter folgendem Link k\u00f6nnen Sie sich einen Eindruck von unseren Ideen zu diesem Thema verschaffen:<\/p>\n<p><a href=\"https:\/\/wordpress.nibis.de\/gsschmedwolt\/files\/2025\/02\/2025-02-13-Waldkonzept.pdf\">&gt; \u00dcberarbeitung des &#8222;Waldkonzeptes&#8220;<\/a><\/p>\n","protected":false},"excerpt":{"rendered":"<p>Zurzeit \u00fcberarbeiten wir unser &#8222;Waldkonzept&#8220;. Unter folgendem Link k\u00f6nnen Sie sich einen Eindruck von unseren Ideen zu diesem Thema verschaffen: &gt; \u00dcberarbeitung des &#8222;Waldkonzeptes&#8220;<\/p>\n","protected":false},"author":9192595,"featured_media":0,"parent":0,"menu_order":0,"comment_status":"closed","ping_status":"closed","template":"","meta":{"footnotes":""},"class_list":["post-5072","page","type-page","status-publish","hentry"],"_links":{"self":[{"href":"https:\/\/wordpress.nibis.de\/gsschmedwolt\/wp-json\/wp\/v2\/pages\/5072","targetHints":{"allow":["GET"]}}],"collection":[{"href":"https:\/\/wordpress.nibis.de\/gsschmedwolt\/wp-json\/wp\/v2\/pages"}],"about":[{"href":"https:\/\/wordpress.nibis.de\/gsschmedwolt\/wp-json\/wp\/v2\/types\/page"}],"author":[{"embeddable":true,"href":"https:\/\/wordpress.nibis.de\/gsschmedwolt\/wp-json\/wp\/v2\/users\/9192595"}],"replies":[{"embeddable":true,"href":"https:\/\/wordpress.nibis.de\/gsschmedwolt\/wp-json\/wp\/v2\/comments?post=5072"}],"version-history":[{"count":7,"href":"https:\/\/wordpress.nibis.de\/gsschmedwolt\/wp-json\/wp\/v2\/pages\/5072\/revisions"}],"predecessor-version":[{"id":5085,"href":"https:\/\/wordpress.nibis.de\/gsschmedwolt\/wp-json\/wp\/v2\/pages\/5072\/revisions\/5085"}],"wp:attachment":[{"href":"https:\/\/wordpress.nibis.de\/gsschmedwolt\/wp-json\/wp\/v2\/media?parent=5072"}],"curies":[{"name":"wp","href":"https:\/\/api.w.org\/{rel}","templated":true}]}}