{"id":104,"date":"2024-04-20T17:08:00","date_gmt":"2024-04-20T15:08:00","guid":{"rendered":"https:\/\/wordpress.nibis.de\/gsstaugustinus\/?page_id=104"},"modified":"2024-04-20T15:53:25","modified_gmt":"2024-04-20T13:53:25","slug":"mein-koerper-gehoert-mir","status":"publish","type":"page","link":"https:\/\/wordpress.nibis.de\/gsstaugustinus\/mein-koerper-gehoert-mir\/","title":{"rendered":"Mein K\u00f6rper geh\u00f6rt mir"},"content":{"rendered":"\n<p><strong>&#8222;Mein K\u00f6rper geh\u00f6rt mir<\/strong>&#8220; ist ein Theaterp\u00e4dagogisches Pr\u00e4ventionsprogramm f\u00fcr Kinder der 3. und 4. Klasse. Ziel ist die Aufkl\u00e4rung zum Thema sexueller Missbrauch und die St\u00e4rkung des Selbstbewusstseins von Kindern.<\/p>\n<p>Kinder wachsen mit k\u00f6rperlicher N\u00e4he auf &#8211; und die tut eigentlich immer gut. Aber manche Erwachsene missbrauchen das Vertrauen der Kinder. Und gerade im nahen sozialen Umfeld verschwimmen die Grenzen zwischen Z\u00e4rtlichkeit und Missbrauch sehr langsam. \u201eJa, ich mag meinen Onkel. Nein, ich mag nicht, wie er mich gerade anfasst!\u201d Viele Kinder verstummen, wenn sich ihre Ja- und ihre Nein-Gef\u00fchle widersprechen. Mit &#8222;Mein K\u00f6rper geh\u00f6rt mir!&#8220; werden Kinder deshalb seit \u00fcber 20 Jahren ermutigt, ihren Nein-Gef\u00fchlen uneingeschr\u00e4nkt zu vertrauen, anderen von ihnen zu erz\u00e4hlen und sich Hilfe zu holen.<\/p>\n<p>Quelle: theaterp\u00e4dagogische werkstatt &#8211; <a href=\"https:\/\/www.tpwerkstatt.de\/programme\/mein-k%C3%B6rper-geh%C3%B6rt-mir\" data-wplink-edit=\"true\">https:\/\/www.tpwerkstatt.de\/programme\/mein-k\u00f6rper-geh\u00f6rt-mir<\/a><\/p>\n<p>\u00a0<\/p>\n","protected":false},"excerpt":{"rendered":"<p>&#8222;Mein K\u00f6rper geh\u00f6rt mir&#8220; ist ein Theaterp\u00e4dagogisches Pr\u00e4ventionsprogramm f\u00fcr Kinder der 3. und 4. Klasse. Ziel ist die Aufkl\u00e4rung zum Thema sexueller Missbrauch und die St\u00e4rkung des Selbstbewusstseins von Kindern. Kinder wachsen mit k\u00f6rperlicher N\u00e4he auf &#8211; und die tut eigentlich immer gut. Aber manche Erwachsene missbrauchen das Vertrauen der Kinder. Und gerade im nahen [&hellip;]<\/p>\n","protected":false},"author":9193016,"featured_media":0,"parent":0,"menu_order":0,"comment_status":"closed","ping_status":"closed","template":"","meta":{"footnotes":""},"class_list":["post-104","page","type-page","status-publish","hentry"],"_links":{"self":[{"href":"https:\/\/wordpress.nibis.de\/gsstaugustinus\/wp-json\/wp\/v2\/pages\/104","targetHints":{"allow":["GET"]}}],"collection":[{"href":"https:\/\/wordpress.nibis.de\/gsstaugustinus\/wp-json\/wp\/v2\/pages"}],"about":[{"href":"https:\/\/wordpress.nibis.de\/gsstaugustinus\/wp-json\/wp\/v2\/types\/page"}],"author":[{"embeddable":true,"href":"https:\/\/wordpress.nibis.de\/gsstaugustinus\/wp-json\/wp\/v2\/users\/9193016"}],"replies":[{"embeddable":true,"href":"https:\/\/wordpress.nibis.de\/gsstaugustinus\/wp-json\/wp\/v2\/comments?post=104"}],"version-history":[{"count":4,"href":"https:\/\/wordpress.nibis.de\/gsstaugustinus\/wp-json\/wp\/v2\/pages\/104\/revisions"}],"predecessor-version":[{"id":999,"href":"https:\/\/wordpress.nibis.de\/gsstaugustinus\/wp-json\/wp\/v2\/pages\/104\/revisions\/999"}],"wp:attachment":[{"href":"https:\/\/wordpress.nibis.de\/gsstaugustinus\/wp-json\/wp\/v2\/media?parent=104"}],"curies":[{"name":"wp","href":"https:\/\/api.w.org\/{rel}","templated":true}]}}