{"id":957,"date":"2024-04-20T20:41:31","date_gmt":"2024-04-20T18:41:31","guid":{"rendered":"https:\/\/wordpress.nibis.de\/gsstaugustinus\/?page_id=957"},"modified":"2024-04-20T20:41:31","modified_gmt":"2024-04-20T18:41:31","slug":"spiel-spass-pause","status":"publish","type":"page","link":"https:\/\/wordpress.nibis.de\/gsstaugustinus\/spiel-spass-pause\/","title":{"rendered":"Spiel, Spa\u00df, Pause"},"content":{"rendered":"\n<p>Unsere Schule zeichnet sich durch einen Schulhof aus, der dem Kind vielf\u00e4ltige Spiel-, Bewegungs- und Entwicklungsm\u00f6glichkeiten bietet.<\/p>\n\n\n\n<p>Die Kinder finden auf unserem Schulhof<\/p>\n\n\n\n<ul class=\"wp-block-list\"><li>Aktions- und Bewegungsr\u00e4ume, wie z.B. eine Kletterspinne, Fu\u00dfballtore, Tischtennisplatten, Basketballkorb, Vogelnestschaukel,<\/li><li>Spiel- und R\u00fcckzugsm\u00f6glichkeiten, wie z.B. Hecken und Str\u00e4ucherbereiche, gro\u00dfz\u00fcgige Gr\u00fcnfl\u00e4chen, einen gro\u00dfen Sandkastenbereich, einen gem\u00fctlichen Innenhof und zus\u00e4tzlich<\/li><li>Pausenspielmaterial, wie z.B. eine Spielekiste in jeder Klasse,&nbsp;Tischkicker <\/li><li>Spieleausleihe<\/li><\/ul>\n","protected":false},"excerpt":{"rendered":"<p>Unsere Schule zeichnet sich durch einen Schulhof aus, der dem Kind vielf\u00e4ltige Spiel-, Bewegungs- und Entwicklungsm\u00f6glichkeiten bietet. Die Kinder finden auf unserem Schulhof Aktions- und Bewegungsr\u00e4ume, wie z.B. eine Kletterspinne, Fu\u00dfballtore, Tischtennisplatten, Basketballkorb, Vogelnestschaukel, Spiel- und R\u00fcckzugsm\u00f6glichkeiten, wie z.B. Hecken und Str\u00e4ucherbereiche, gro\u00dfz\u00fcgige Gr\u00fcnfl\u00e4chen, einen gro\u00dfen Sandkastenbereich, einen gem\u00fctlichen Innenhof und zus\u00e4tzlich Pausenspielmaterial, wie z.B. [&hellip;]<\/p>\n","protected":false},"author":9193016,"featured_media":0,"parent":0,"menu_order":0,"comment_status":"closed","ping_status":"closed","template":"","meta":{"footnotes":""},"class_list":["post-957","page","type-page","status-publish","hentry"],"_links":{"self":[{"href":"https:\/\/wordpress.nibis.de\/gsstaugustinus\/wp-json\/wp\/v2\/pages\/957","targetHints":{"allow":["GET"]}}],"collection":[{"href":"https:\/\/wordpress.nibis.de\/gsstaugustinus\/wp-json\/wp\/v2\/pages"}],"about":[{"href":"https:\/\/wordpress.nibis.de\/gsstaugustinus\/wp-json\/wp\/v2\/types\/page"}],"author":[{"embeddable":true,"href":"https:\/\/wordpress.nibis.de\/gsstaugustinus\/wp-json\/wp\/v2\/users\/9193016"}],"replies":[{"embeddable":true,"href":"https:\/\/wordpress.nibis.de\/gsstaugustinus\/wp-json\/wp\/v2\/comments?post=957"}],"version-history":[{"count":2,"href":"https:\/\/wordpress.nibis.de\/gsstaugustinus\/wp-json\/wp\/v2\/pages\/957\/revisions"}],"predecessor-version":[{"id":967,"href":"https:\/\/wordpress.nibis.de\/gsstaugustinus\/wp-json\/wp\/v2\/pages\/957\/revisions\/967"}],"wp:attachment":[{"href":"https:\/\/wordpress.nibis.de\/gsstaugustinus\/wp-json\/wp\/v2\/media?parent=957"}],"curies":[{"name":"wp","href":"https:\/\/api.w.org\/{rel}","templated":true}]}}