{"id":449,"date":"2022-07-22T10:20:34","date_gmt":"2022-07-22T08:20:34","guid":{"rendered":"https:\/\/wordpress.nibis.de\/gsstroehen\/?page_id=449"},"modified":"2025-07-07T07:25:47","modified_gmt":"2025-07-07T05:25:47","slug":"naturparkschule-2","status":"publish","type":"page","link":"https:\/\/wordpress.nibis.de\/gsstroehen\/naturparkschule-2\/","title":{"rendered":"Naturparkschule"},"content":{"rendered":"\n<figure class=\"wp-block-image size-full is-resized\"><img loading=\"lazy\" decoding=\"async\" src=\"https:\/\/wordpress.nibis.de\/gsstroehen\/files\/2022\/07\/image.png\" alt=\"\" class=\"wp-image-450\" width=\"249\" height=\"114\" srcset=\"https:\/\/wordpress.nibis.de\/gsstroehen\/files\/2022\/07\/image.png 785w, https:\/\/wordpress.nibis.de\/gsstroehen\/files\/2022\/07\/image-300x138.png 300w, https:\/\/wordpress.nibis.de\/gsstroehen\/files\/2022\/07\/image-768x352.png 768w\" sizes=\"auto, (max-width: 249px) 100vw, 249px\" \/><\/figure>\n\n\n\n<p>Die Grundschule Str\u00f6hen wurde 2018 als Naturparkschule ausgezeichnet. Im Herbst 2024 wurden wir rezertifiziert.<br>Wir vermitteln f\u00e4cher\u00fcbergreifend Lerninhalte aus dem Naturpark D\u00fcmmer sowie der Region mit ihrer Geschichte und Kultur sowie regionalen Besonderheiten. Es werden Kenntnisse \u00fcber Natur und Landschaft im unmittelbaren Umfeld der Schule vermittelt.<\/p>\n\n\n\n<p>Im Schuljahr 2024\/25 haben die Grundsch\u00fcler zum Beispiel: neue Hochbeete angelegt und bepflanzt und nat\u00fcrlich regelm\u00e4\u00dfig gepflegt, Nistk\u00e4sten ges\u00e4ubert und f\u00fcr die V\u00f6gel vorbereitet. Sie haben 2 Insektenhotels bef\u00fcllt, die &#8222;Kraniche&#8220; genauer kennen gelernt, das Europ\u00e4ische Moorzentrum besucht und den Moorpad erlebt, am D\u00fcmmer gekeschert und noch vieles mehr. <\/p>\n","protected":false},"excerpt":{"rendered":"<p>Die Grundschule Str\u00f6hen wurde 2018 als Naturparkschule ausgezeichnet. Im Herbst 2024 wurden wir rezertifiziert.Wir vermitteln f\u00e4cher\u00fcbergreifend Lerninhalte aus dem Naturpark D\u00fcmmer sowie der Region mit ihrer Geschichte und Kultur sowie regionalen Besonderheiten. Es werden Kenntnisse \u00fcber Natur und Landschaft im &hellip; <a href=\"https:\/\/wordpress.nibis.de\/gsstroehen\/naturparkschule-2\/\">Weiterlesen <span class=\"meta-nav\">&rarr;<\/span><\/a><\/p>\n","protected":false},"author":9193480,"featured_media":0,"parent":0,"menu_order":0,"comment_status":"closed","ping_status":"closed","template":"","meta":{"footnotes":""},"class_list":["post-449","page","type-page","status-publish","hentry"],"_links":{"self":[{"href":"https:\/\/wordpress.nibis.de\/gsstroehen\/wp-json\/wp\/v2\/pages\/449","targetHints":{"allow":["GET"]}}],"collection":[{"href":"https:\/\/wordpress.nibis.de\/gsstroehen\/wp-json\/wp\/v2\/pages"}],"about":[{"href":"https:\/\/wordpress.nibis.de\/gsstroehen\/wp-json\/wp\/v2\/types\/page"}],"author":[{"embeddable":true,"href":"https:\/\/wordpress.nibis.de\/gsstroehen\/wp-json\/wp\/v2\/users\/9193480"}],"replies":[{"embeddable":true,"href":"https:\/\/wordpress.nibis.de\/gsstroehen\/wp-json\/wp\/v2\/comments?post=449"}],"version-history":[{"count":5,"href":"https:\/\/wordpress.nibis.de\/gsstroehen\/wp-json\/wp\/v2\/pages\/449\/revisions"}],"predecessor-version":[{"id":493,"href":"https:\/\/wordpress.nibis.de\/gsstroehen\/wp-json\/wp\/v2\/pages\/449\/revisions\/493"}],"wp:attachment":[{"href":"https:\/\/wordpress.nibis.de\/gsstroehen\/wp-json\/wp\/v2\/media?parent=449"}],"curies":[{"name":"wp","href":"https:\/\/api.w.org\/{rel}","templated":true}]}}