{"id":60,"date":"2020-04-14T13:27:26","date_gmt":"2020-04-14T11:27:26","guid":{"rendered":"https:\/\/wordpress.nibis.de\/gsstroehen\/?page_id=60"},"modified":"2025-07-07T07:36:34","modified_gmt":"2025-07-07T05:36:34","slug":"elterninfos","status":"publish","type":"page","link":"https:\/\/wordpress.nibis.de\/gsstroehen\/elterninfos\/","title":{"rendered":"Ganztagsschule"},"content":{"rendered":"\n<p>Am Montag, Dienstag und Mittwoch findet an unserer Schule Ganztagsbetreuung statt.<\/p>\n<p>Die Kinder essen in 2 Gruppen zu Mittag. Hier legen wir Wert auf gesunde und abwechslungsreiche Verpflegung und die Vermittlung von positiven Verhaltensweisen.<\/p>\n<p>Vor und nach dem Mittagessen haben Sch\u00fclerInnen eine Pause, welche sie nach ihrem Bed\u00fcrfnis mit Ruhe oder Bewegung gestalten k\u00f6nnen.<\/p>\n<p>Die Hausaufgaben erledigen die Kinder selbst\u00e4ndig in der Hausaufgabenzeit. Eine MitarbeiterIn betreut die Kinder in dieser Zeit.<\/p>\n<p>Danach d\u00fcrfen die Sch\u00fclerInnen ihre Aktivit\u00e4ten in kleinen Gruppen selbst w\u00e4hlen. Dazu stehen ihnen in der Schule unterschiedliche Angebote zur Verf\u00fcgung:<\/p>\n<ul>\n<li>Bewegung in der Sporthalle, auf der Wiese oder dem Spielplatz<\/li>\n<li>Naturwissenschaft &#8211; Mathematik &#8211; Technik: Lego, Holzbausteine, Magnetbausteine<\/li>\n<li>Sprache: B\u00fccherei, H\u00f6rb\u00fccher<\/li>\n<li>Musik: h\u00f6ren oder selbst machen<\/li>\n<li>Kunst &#8211; Kreativit\u00e4t: Mal- und Bastelangebote<\/li>\n<li>Spiel: Sozialspiele, Gesellschaftsspiele, Bewegungsspiele<\/li>\n<li>Ruhe und Entspannung auf dem Sofa\u00a0<\/li>\n<li>Schauspiel<\/li>\n<\/ul>\n<p>Die Anmeldung f\u00fcr den Ganztag erfolgt verbindlich jeweils f\u00fcr ein Schulhalbjahr. Bitte beachten Sie dabei, dass es aus schulorganisatorischen Gr\u00fcnden nicht m\u00f6glich ist, Ihr Kind tageweise vom Ganztag abzumelden.\u00a0<\/p>\n\n\n\n<p><\/p>\n","protected":false},"excerpt":{"rendered":"<p>Am Montag, Dienstag und Mittwoch findet an unserer Schule Ganztagsbetreuung statt. Die Kinder essen in 2 Gruppen zu Mittag. Hier legen wir Wert auf gesunde und abwechslungsreiche Verpflegung und die Vermittlung von positiven Verhaltensweisen. Vor und nach dem Mittagessen haben &hellip; <a href=\"https:\/\/wordpress.nibis.de\/gsstroehen\/elterninfos\/\">Weiterlesen <span class=\"meta-nav\">&rarr;<\/span><\/a><\/p>\n","protected":false},"author":9193480,"featured_media":0,"parent":0,"menu_order":0,"comment_status":"closed","ping_status":"closed","template":"","meta":{"footnotes":""},"class_list":["post-60","page","type-page","status-publish","hentry"],"_links":{"self":[{"href":"https:\/\/wordpress.nibis.de\/gsstroehen\/wp-json\/wp\/v2\/pages\/60","targetHints":{"allow":["GET"]}}],"collection":[{"href":"https:\/\/wordpress.nibis.de\/gsstroehen\/wp-json\/wp\/v2\/pages"}],"about":[{"href":"https:\/\/wordpress.nibis.de\/gsstroehen\/wp-json\/wp\/v2\/types\/page"}],"author":[{"embeddable":true,"href":"https:\/\/wordpress.nibis.de\/gsstroehen\/wp-json\/wp\/v2\/users\/9193480"}],"replies":[{"embeddable":true,"href":"https:\/\/wordpress.nibis.de\/gsstroehen\/wp-json\/wp\/v2\/comments?post=60"}],"version-history":[{"count":15,"href":"https:\/\/wordpress.nibis.de\/gsstroehen\/wp-json\/wp\/v2\/pages\/60\/revisions"}],"predecessor-version":[{"id":496,"href":"https:\/\/wordpress.nibis.de\/gsstroehen\/wp-json\/wp\/v2\/pages\/60\/revisions\/496"}],"wp:attachment":[{"href":"https:\/\/wordpress.nibis.de\/gsstroehen\/wp-json\/wp\/v2\/media?parent=60"}],"curies":[{"name":"wp","href":"https:\/\/api.w.org\/{rel}","templated":true}]}}