{"id":10043,"date":"2025-08-06T08:06:26","date_gmt":"2025-08-06T06:06:26","guid":{"rendered":"https:\/\/wordpress.nibis.de\/gssuederberg\/?page_id=10043"},"modified":"2025-08-06T08:06:27","modified_gmt":"2025-08-06T06:06:27","slug":"klasse-1b","status":"publish","type":"page","link":"https:\/\/wordpress.nibis.de\/gssuederberg\/klasse-1b\/","title":{"rendered":"Klasse 1b"},"content":{"rendered":"\n<p>Die Klasse 1b wird von Frau Wiegard unterrichtet.<\/p>\n<p>Am Samstag, dem 16. August findet die Einschulung statt. Der Einschulungsgottesdienst beginnt um 8 Uhr in der ev. Johannes-der-T\u00e4ufer-Kirche. Im Anschluss werden die neuen Schulkinder in der gro\u00dfen Turnhalle von ihren Patinnen und Paten der vierten Klassen begr\u00fc\u00dft. Anschlie\u00dfend haben die Kinder der Klasse 1b ihre erste Schulstunde mit Frau Wiegard .<\/p>\n","protected":false},"excerpt":{"rendered":"<p>Die Klasse 1b wird von Frau Wiegard unterrichtet. Am Samstag, dem 16. August findet die Einschulung statt. Der Einschulungsgottesdienst beginnt um 8 Uhr in der ev. Johannes-der-T\u00e4ufer-Kirche. Im Anschluss werden die neuen Schulkinder in der gro\u00dfen Turnhalle von ihren Patinnen &hellip; <a href=\"https:\/\/wordpress.nibis.de\/gssuederberg\/klasse-1b\/\">Weiterlesen <span class=\"meta-nav\">&rarr;<\/span><\/a><\/p>\n","protected":false},"author":292,"featured_media":0,"parent":0,"menu_order":0,"comment_status":"closed","ping_status":"closed","template":"","meta":{"footnotes":""},"class_list":["post-10043","page","type-page","status-publish","hentry"],"_links":{"self":[{"href":"https:\/\/wordpress.nibis.de\/gssuederberg\/wp-json\/wp\/v2\/pages\/10043","targetHints":{"allow":["GET"]}}],"collection":[{"href":"https:\/\/wordpress.nibis.de\/gssuederberg\/wp-json\/wp\/v2\/pages"}],"about":[{"href":"https:\/\/wordpress.nibis.de\/gssuederberg\/wp-json\/wp\/v2\/types\/page"}],"author":[{"embeddable":true,"href":"https:\/\/wordpress.nibis.de\/gssuederberg\/wp-json\/wp\/v2\/users\/292"}],"replies":[{"embeddable":true,"href":"https:\/\/wordpress.nibis.de\/gssuederberg\/wp-json\/wp\/v2\/comments?post=10043"}],"version-history":[{"count":1,"href":"https:\/\/wordpress.nibis.de\/gssuederberg\/wp-json\/wp\/v2\/pages\/10043\/revisions"}],"predecessor-version":[{"id":10044,"href":"https:\/\/wordpress.nibis.de\/gssuederberg\/wp-json\/wp\/v2\/pages\/10043\/revisions\/10044"}],"wp:attachment":[{"href":"https:\/\/wordpress.nibis.de\/gssuederberg\/wp-json\/wp\/v2\/media?parent=10043"}],"curies":[{"name":"wp","href":"https:\/\/api.w.org\/{rel}","templated":true}]}}