{"id":107,"date":"2013-10-23T19:56:16","date_gmt":"2013-10-23T17:56:16","guid":{"rendered":"http:\/\/wordpress.nibis.de\/gssuederberg\/?page_id=107"},"modified":"2021-01-28T15:18:11","modified_gmt":"2021-01-28T14:18:11","slug":"konzept","status":"publish","type":"page","link":"https:\/\/wordpress.nibis.de\/gssuederberg\/konzept\/","title":{"rendered":"Konzept"},"content":{"rendered":"<p><span style=\"font-family: Arial;font-size: medium\"><span style=\"font-family: Arial;font-size: medium\">Von montags bis donnerstags besuchen ca. 40 Sch\u00fclerinnen und Sch\u00fcler aus der Grundschule das Ganztagsangebot von 13.00 bis 15.00 Uhr. Die Kinder essen mittags warm in der Schule und fertigen anschlie\u00dfend in Gruppen ihre Hausaufgaben an. Anschlie\u00dfend finden f\u00fcr alle Kinder die AGs im Ganztag bis 15.00 Uhr statt. <\/span><\/span><\/p>\n<p><a href=\"http:\/\/www.suederbergschule.de\/ganztag.htm\">Genaueres zum Ablauf und zur Organisation des Ganztags<\/a><\/p>\n<p>Unser Mittagessen beziehen wir von der Firma Sm\u00f6rrebr\u00f6d in Versmold. Eine Mahlzeit kostet 3,-\u20ac. Das Essensgeld wird monatlich per Lastschrift eingezogen.<\/p>\n<p><a href=\"http:\/\/wordpress.nibis.de\/gssuederberg\/konzept\/smoerrebroed\/\" rel=\"attachment wp-att-2992\"><img loading=\"lazy\" decoding=\"async\" class=\"alignnone size-thumbnail wp-image-2992\" src=\"http:\/\/wordpress.nibis.de\/gssuederberg\/files\/Sm\u00f6rrebr\u00f6d-150x150.jpg\" alt=\"Sm\u00f6rrebr\u00f6d\" width=\"150\" height=\"150\" srcset=\"https:\/\/wordpress.nibis.de\/gssuederberg\/files\/Sm\u00f6rrebr\u00f6d-150x150.jpg 150w, https:\/\/wordpress.nibis.de\/gssuederberg\/files\/Sm\u00f6rrebr\u00f6d.jpg 220w\" sizes=\"auto, (max-width: 150px) 100vw, 150px\" \/><\/a><\/p>\n<p><a href=\"http:\/\/www.suederbergschule.de\/formulare\/anmeldung_ganztag.pdf\"><img loading=\"lazy\" decoding=\"async\" class=\"alignnone size-full wp-image-360\" src=\"https:\/\/wordpress.nibis.de\/gssuederberg\/files\/nadel6.gif\" alt=\"\" width=\"31\" height=\"38\" \/>Formular zur Ganztagsanmeldung<\/a><\/p>\n<p><a href=\"http:\/\/www.suederbergschule.de\/formulare\/ganztag_aenderung.pdf\"><img loading=\"lazy\" decoding=\"async\" class=\"alignnone size-full wp-image-357\" src=\"https:\/\/wordpress.nibis.de\/gssuederberg\/files\/nadel3.gif\" alt=\"\" width=\"31\" height=\"38\" \/><\/a><a href=\"http:\/\/www.suederbergschule.de\/formulare\/aenderung_ganztag.pdf\">Formular zur Ganztagsabmeldung bzw. -\u00e4nderung<\/a><\/p>\n","protected":false},"excerpt":{"rendered":"<p>Von montags bis donnerstags besuchen ca. 40 Sch\u00fclerinnen und Sch\u00fcler aus der Grundschule das Ganztagsangebot von 13.00 bis 15.00 Uhr. Die Kinder essen mittags warm in der Schule und fertigen anschlie\u00dfend in Gruppen ihre Hausaufgaben an. Anschlie\u00dfend finden f\u00fcr alle &hellip; <a href=\"https:\/\/wordpress.nibis.de\/gssuederberg\/konzept\/\">Weiterlesen <span class=\"meta-nav\">&rarr;<\/span><\/a><\/p>\n","protected":false},"author":289,"featured_media":0,"parent":0,"menu_order":0,"comment_status":"closed","ping_status":"closed","template":"","meta":{"footnotes":""},"class_list":["post-107","page","type-page","status-publish","hentry"],"_links":{"self":[{"href":"https:\/\/wordpress.nibis.de\/gssuederberg\/wp-json\/wp\/v2\/pages\/107","targetHints":{"allow":["GET"]}}],"collection":[{"href":"https:\/\/wordpress.nibis.de\/gssuederberg\/wp-json\/wp\/v2\/pages"}],"about":[{"href":"https:\/\/wordpress.nibis.de\/gssuederberg\/wp-json\/wp\/v2\/types\/page"}],"author":[{"embeddable":true,"href":"https:\/\/wordpress.nibis.de\/gssuederberg\/wp-json\/wp\/v2\/users\/289"}],"replies":[{"embeddable":true,"href":"https:\/\/wordpress.nibis.de\/gssuederberg\/wp-json\/wp\/v2\/comments?post=107"}],"version-history":[{"count":13,"href":"https:\/\/wordpress.nibis.de\/gssuederberg\/wp-json\/wp\/v2\/pages\/107\/revisions"}],"predecessor-version":[{"id":6533,"href":"https:\/\/wordpress.nibis.de\/gssuederberg\/wp-json\/wp\/v2\/pages\/107\/revisions\/6533"}],"wp:attachment":[{"href":"https:\/\/wordpress.nibis.de\/gssuederberg\/wp-json\/wp\/v2\/media?parent=107"}],"curies":[{"name":"wp","href":"https:\/\/api.w.org\/{rel}","templated":true}]}}