{"id":2031,"date":"2015-02-19T21:09:24","date_gmt":"2015-02-19T20:09:24","guid":{"rendered":"http:\/\/wordpress.nibis.de\/gssuederberg\/?page_id=2031"},"modified":"2015-02-19T21:09:24","modified_gmt":"2015-02-19T20:09:24","slug":"schach-ag","status":"publish","type":"page","link":"https:\/\/wordpress.nibis.de\/gssuederberg\/schach-ag\/","title":{"rendered":"Schach-AG"},"content":{"rendered":"<p>Schach ist ein kompliziertes Spiel, denkt man. Stimmt aber gar nicht!<\/p>\n<p>Dass Schach sehr viel Spa\u00df macht, beweisen die 15 Kinder, die jedes Jahr in den Schach-AG\u2019s f\u00fcr Anf\u00e4nger oder f\u00fcr Fortgeschrittene Woche f\u00fcr Woche um Bauern, Springer oder K\u00f6nige k\u00e4mpfen.<\/p>\n<p>Logisches Denken und taktisches Spielverhalten werden gut trainiert und die Kinder lernen etwas, was sogar viele Erwachsene nicht k\u00f6nnen.<\/p>\n<p>&nbsp;<\/p>\n","protected":false},"excerpt":{"rendered":"<p>Schach ist ein kompliziertes Spiel, denkt man. Stimmt aber gar nicht! Dass Schach sehr viel Spa\u00df macht, beweisen die 15 Kinder, die jedes Jahr in den Schach-AG\u2019s f\u00fcr Anf\u00e4nger oder f\u00fcr Fortgeschrittene Woche f\u00fcr Woche um Bauern, Springer oder K\u00f6nige &hellip; <a href=\"https:\/\/wordpress.nibis.de\/gssuederberg\/schach-ag\/\">Weiterlesen <span class=\"meta-nav\">&rarr;<\/span><\/a><\/p>\n","protected":false},"author":292,"featured_media":0,"parent":0,"menu_order":0,"comment_status":"closed","ping_status":"closed","template":"","meta":{"footnotes":""},"class_list":["post-2031","page","type-page","status-publish","hentry"],"_links":{"self":[{"href":"https:\/\/wordpress.nibis.de\/gssuederberg\/wp-json\/wp\/v2\/pages\/2031","targetHints":{"allow":["GET"]}}],"collection":[{"href":"https:\/\/wordpress.nibis.de\/gssuederberg\/wp-json\/wp\/v2\/pages"}],"about":[{"href":"https:\/\/wordpress.nibis.de\/gssuederberg\/wp-json\/wp\/v2\/types\/page"}],"author":[{"embeddable":true,"href":"https:\/\/wordpress.nibis.de\/gssuederberg\/wp-json\/wp\/v2\/users\/292"}],"replies":[{"embeddable":true,"href":"https:\/\/wordpress.nibis.de\/gssuederberg\/wp-json\/wp\/v2\/comments?post=2031"}],"version-history":[{"count":1,"href":"https:\/\/wordpress.nibis.de\/gssuederberg\/wp-json\/wp\/v2\/pages\/2031\/revisions"}],"predecessor-version":[{"id":2032,"href":"https:\/\/wordpress.nibis.de\/gssuederberg\/wp-json\/wp\/v2\/pages\/2031\/revisions\/2032"}],"wp:attachment":[{"href":"https:\/\/wordpress.nibis.de\/gssuederberg\/wp-json\/wp\/v2\/media?parent=2031"}],"curies":[{"name":"wp","href":"https:\/\/api.w.org\/{rel}","templated":true}]}}