{"id":45,"date":"2018-04-12T12:12:49","date_gmt":"2018-04-12T10:12:49","guid":{"rendered":"http:\/\/wordpress.nibis.de\/gsszthiede\/?page_id=45"},"modified":"2025-07-04T11:57:48","modified_gmt":"2025-07-04T09:57:48","slug":"klassen","status":"publish","type":"page","link":"https:\/\/wordpress.nibis.de\/gsszthiede\/klassen\/","title":{"rendered":"Klassen"},"content":{"rendered":"<p><span style=\"font-family: arial,helvetica,sans-serif\">Das sind unsere Klassen im Schuljahr 2025\/2026<br \/>\n<\/span><\/p>\n<p><strong>Jahrgang 1<\/strong><\/p>\n<ul>\n<li>Klasse 1a (Frau Albrecht)<\/li>\n<li>Klasse 1b (Frau Born)<\/li>\n<li>Klasse 1c (Frau May)<\/li>\n<\/ul>\n<p><strong>Jahrgang 2<\/strong><\/p>\n<ul>\n<li>Klasse 2a (Herr Haertel)<\/li>\n<li>Klasse 2b (Frau M\u00fcller)<\/li>\n<li>Klasse 2c (Frau P\u00e4tsch)<\/li>\n<\/ul>\n<p><strong>Jahrgang 3<\/strong><\/p>\n<ul>\n<li>Klasse 3a (Frau Gei\u00dfelbrecht)<\/li>\n<li>Klasse 3b (Frau Frerichs)<\/li>\n<li>Klasse 3c (Frau Bail)<\/li>\n<\/ul>\n<p><strong>Jahrgang 4<\/strong><\/p>\n<ul>\n<li>Klasse 4a (Frau St\u00fcbig)<\/li>\n<li>Klasse 4b (Frau Maury)<\/li>\n<li>Klasse 4c (Frau Strathmann)<\/li>\n<\/ul>\n<p><em><strong><span style=\"font-family: arial, helvetica, sans-serif\">\u00a0<\/span><\/strong><\/em><\/p>\n","protected":false},"excerpt":{"rendered":"<p>Das sind unsere Klassen im Schuljahr 2025\/2026 Jahrgang 1 Klasse 1a (Frau Albrecht) Klasse 1b (Frau Born) Klasse 1c (Frau May) Jahrgang 2 Klasse 2a (Herr Haertel) Klasse 2b (Frau M\u00fcller) Klasse 2c (Frau P\u00e4tsch) Jahrgang 3 Klasse 3a (Frau Gei\u00dfelbrecht) Klasse 3b (Frau Frerichs) Klasse 3c (Frau Bail) Jahrgang 4 Klasse 4a (Frau St\u00fcbig) &hellip; <a href=\"https:\/\/wordpress.nibis.de\/gsszthiede\/klassen\/\" class=\"more-link\"><span class=\"screen-reader-text\">Klassen<\/span> weiterlesen <span class=\"meta-nav\">&rarr;<\/span><\/a><\/p>\n","protected":false},"author":9192581,"featured_media":0,"parent":0,"menu_order":0,"comment_status":"closed","ping_status":"closed","template":"","meta":{"footnotes":""},"class_list":["post-45","page","type-page","status-publish","hentry"],"_links":{"self":[{"href":"https:\/\/wordpress.nibis.de\/gsszthiede\/wp-json\/wp\/v2\/pages\/45","targetHints":{"allow":["GET"]}}],"collection":[{"href":"https:\/\/wordpress.nibis.de\/gsszthiede\/wp-json\/wp\/v2\/pages"}],"about":[{"href":"https:\/\/wordpress.nibis.de\/gsszthiede\/wp-json\/wp\/v2\/types\/page"}],"author":[{"embeddable":true,"href":"https:\/\/wordpress.nibis.de\/gsszthiede\/wp-json\/wp\/v2\/users\/9192581"}],"replies":[{"embeddable":true,"href":"https:\/\/wordpress.nibis.de\/gsszthiede\/wp-json\/wp\/v2\/comments?post=45"}],"version-history":[{"count":27,"href":"https:\/\/wordpress.nibis.de\/gsszthiede\/wp-json\/wp\/v2\/pages\/45\/revisions"}],"predecessor-version":[{"id":1938,"href":"https:\/\/wordpress.nibis.de\/gsszthiede\/wp-json\/wp\/v2\/pages\/45\/revisions\/1938"}],"wp:attachment":[{"href":"https:\/\/wordpress.nibis.de\/gsszthiede\/wp-json\/wp\/v2\/media?parent=45"}],"curies":[{"name":"wp","href":"https:\/\/api.w.org\/{rel}","templated":true}]}}