{"id":82,"date":"2018-04-12T12:42:50","date_gmt":"2018-04-12T10:42:50","guid":{"rendered":"http:\/\/wordpress.nibis.de\/gsszthiede\/?page_id=82"},"modified":"2018-04-14T20:56:59","modified_gmt":"2018-04-14T18:56:59","slug":"projekt-tage","status":"publish","type":"page","link":"https:\/\/wordpress.nibis.de\/gsszthiede\/projekt-tage\/","title":{"rendered":"Aktionen und Projekte"},"content":{"rendered":"<p><span style=\"font-family: arial, helvetica, sans-serif\">Unter <em>Aktionen und Projekte<\/em> m\u00f6chten wir den Besuchern unserer Website einen Eindruck von den vielf\u00e4ltigen Aktivit\u00e4ten vermitteln, die das Miteinander aller an der GS SZ-Thiede beteiligten ausmachen.<\/span><\/p>\n","protected":false},"excerpt":{"rendered":"<p>Unter Aktionen und Projekte m\u00f6chten wir den Besuchern unserer Website einen Eindruck von den vielf\u00e4ltigen Aktivit\u00e4ten vermitteln, die das Miteinander aller an der GS SZ-Thiede beteiligten ausmachen.<\/p>\n","protected":false},"author":9192581,"featured_media":0,"parent":0,"menu_order":0,"comment_status":"closed","ping_status":"closed","template":"","meta":{"footnotes":""},"class_list":["post-82","page","type-page","status-publish","hentry"],"_links":{"self":[{"href":"https:\/\/wordpress.nibis.de\/gsszthiede\/wp-json\/wp\/v2\/pages\/82","targetHints":{"allow":["GET"]}}],"collection":[{"href":"https:\/\/wordpress.nibis.de\/gsszthiede\/wp-json\/wp\/v2\/pages"}],"about":[{"href":"https:\/\/wordpress.nibis.de\/gsszthiede\/wp-json\/wp\/v2\/types\/page"}],"author":[{"embeddable":true,"href":"https:\/\/wordpress.nibis.de\/gsszthiede\/wp-json\/wp\/v2\/users\/9192581"}],"replies":[{"embeddable":true,"href":"https:\/\/wordpress.nibis.de\/gsszthiede\/wp-json\/wp\/v2\/comments?post=82"}],"version-history":[{"count":4,"href":"https:\/\/wordpress.nibis.de\/gsszthiede\/wp-json\/wp\/v2\/pages\/82\/revisions"}],"predecessor-version":[{"id":342,"href":"https:\/\/wordpress.nibis.de\/gsszthiede\/wp-json\/wp\/v2\/pages\/82\/revisions\/342"}],"wp:attachment":[{"href":"https:\/\/wordpress.nibis.de\/gsszthiede\/wp-json\/wp\/v2\/media?parent=82"}],"curies":[{"name":"wp","href":"https:\/\/api.w.org\/{rel}","templated":true}]}}