{"id":103,"date":"2016-11-18T14:15:27","date_gmt":"2016-11-18T13:15:27","guid":{"rendered":"http:\/\/wordpress.nibis.de\/gstodtgl\/?page_id=103"},"modified":"2023-12-01T18:42:01","modified_gmt":"2023-12-01T17:42:01","slug":"schul-abc","status":"publish","type":"page","link":"https:\/\/wordpress.nibis.de\/gstodtgl\/schul-abc\/","title":{"rendered":"Schul-ABC"},"content":{"rendered":"<table style=\"height: 850px;width: 100%\" width=\"584\">\n<tbody>\n<tr style=\"height: 94px\">\n<td style=\"width: 42.1824%;height: 94px\"><strong>AGs <\/strong>(Arbeits\u00adgemeinschaften)<\/td>\n<td style=\"width: 57.8176%;height: 94px\">Wir bieten je nach Stundenplan ver\u00adschiedene Arbeitsgemeinschaften f\u00fcr alle Klassenstufen an, wie zum Beispiel Fu\u00dfball, Tennis, Baseball, Theater, Kunst, Handball\u00a0 u.v.m. Eine AG pro Woche ist f\u00fcr die 3.+4. Klassen verpflichtend. Erst- und Zweitkl\u00e4ssler belegen Arbeitsgemeinschaften optional.<\/td>\n<\/tr>\n<tr style=\"height: 94px\">\n<td style=\"width: 42.1824%;height: 94px\"><strong>Aktivit\u00e4ten<\/strong><\/td>\n<td style=\"width: 57.8176%;height: 94px\">Neben dem Unterricht finden in je\u00addem Schuljahr noch zus\u00e4tzliche Ak\u00adtivit\u00e4ten statt, z.B. Ausfl\u00fcge, Wan\u00addertage, Adventssingen, Laternen\u00adumzug, Spiele- und Sportfeste, Theaterbesuche, Weihnachtsbasteln u.v.m. (siehe Termine)<\/td>\n<\/tr>\n<tr style=\"height: 70px\">\n<td style=\"width: 42.1824%;height: 70px\"><strong>B\u00fccherei<\/strong><\/td>\n<td style=\"width: 57.8176%;height: 70px\">Dienstags und freitags in der 1. gro\u00ad\u00dfen Pause k\u00f6nnt ihr unsere B\u00fccherei besuchen und euch B\u00fccher ausleihen. Bitte geht sorgsam mit ihnen um, damit noch viele Kinder daran Freude haben k\u00f6nnen. Buchspenden sind herzlich Willkommen!! (Bitte auf Altersstufe, Erhalt des Buches und neue Rechtschreibreform achten)<\/td>\n<\/tr>\n<tr style=\"height: 70px\">\n<td style=\"width: 42.1824%;height: 70px\"><strong>B\u00fcro<\/strong><\/td>\n<td style=\"width: 57.8176%;height: 70px\">Dort sitzen unsere Sekret\u00e4rinnen Frau Altmann und Frau Sch\u00e4fer-Burkhardt. Das B\u00fcro ist montags und mittwochs bis freitags von 8.00 \u2013 12.30 Uhr besetzt.<\/td>\n<\/tr>\n<tr style=\"height: 118px\">\n<td style=\"width: 42.1824%;height: 118px\"><strong>Betreuungsangebote<\/strong><\/td>\n<td style=\"width: 57.8176%;height: 118px\">Eure Eltern k\u00f6nnen euch \u00fcber das Sekretariat zu zwei unterschiedlichen Betreuungszeiten nach dem Unterricht anmelden. F\u00fcr Klasse 1+2 gibt es die VGS in der 5.Schulstunde (11.50 \u2013 12.35Uhr) und f\u00fcr alle Kinder die Betreuung im Ganztag (bis 15.30Uhr). Anmeldeformulare siehe &#8222;Formulare zum Download&#8220;. N\u00e4here Infos unter dem Reiter &#8222;Betreuungsangebote&#8220;<\/td>\n<\/tr>\n<tr style=\"height: 94px\">\n<td style=\"width: 42.1824%;height: 94px\"><strong>Computer \/ Tablets und Co.<br \/>\n<\/strong><\/td>\n<td style=\"width: 57.8176%;height: 94px\">Wir lernen und spielen auch mit dem Computer und nutzen das In\u00adternet. Es ist vorgesehen, dass ihr in der 3. oder 4. Klasse einen Computer-F\u00fchrerschein bei uns macht. Jeder Klassenraum hat einen E-screen (eine elktronische Tafel) und verf\u00fcgt \u00fcber 2 klasseninterne Laptops mit unterschiedlichen Lernprogrammen. Au\u00dferdem besitzt unsere Schule Tablet-Klassens\u00e4tze, die mit den Tafeln verbunden werden k\u00f6nnen und in jeder Klasse genutzt werden k\u00f6nnen.<\/td>\n<\/tr>\n<tr style=\"height: 94px\">\n<td style=\"width: 42.1824%;height: 94px\"><strong>Elternsprechtag<\/strong><\/td>\n<td style=\"width: 57.8176%;height: 94px\">Einmal im Jahr nach dem Halbjahreszeugnis gibt es einen ge\u00admeinsamen Elternsprechtag. Aber auch sonst k\u00f6nnen Sie uns gerne um ein Gespr\u00e4ch bitten.<\/td>\n<\/tr>\n<tr style=\"height: 91px\">\n<td style=\"width: 42.1824%;height: 91px\"><strong>Englisch<\/strong><\/td>\n<td style=\"width: 57.8176%;height: 91px\">Englischunterricht wird bei uns ab der dritten Klasse erteilt. It\u2019s great! Zensuren gibt es erst in Klasse 4.<\/td>\n<\/tr>\n<\/tbody>\n<\/table>\n<table style=\"width: 100%;height: 1413px\">\n<tbody>\n<tr style=\"height: 149px\">\n<td style=\"width: 42.1824%;height: 149px\"><strong>Fahrr\u00e4der<\/strong><\/td>\n<td style=\"width: 57.8176%;height: 149px\">Am Ende der 3. bzw. Anfang der 4. Klasse k\u00f6nnt ihr in einer Radfahrpr\u00fcfung zeigen, dass ihr euch im Stra\u00dfenverkehr sicher bewegen k\u00f6nnt. Wir empfeh\u00adlen, dass ihr erst danach mit dem Rad zur Schule kommt. Unser Fahrradhof ist auch zu klein f\u00fcr so viele R\u00e4der! Derzeit werden aber neue Fahrradst\u00e4nder angeschafft.<\/td>\n<\/tr>\n<tr style=\"height: 149px\">\n<td style=\"width: 42.1824%;height: 149px\"><strong>Hausaufgabenheft<\/strong><\/td>\n<td style=\"width: 57.8176%;height: 149px\">In jedem neuen Halbjahr bekommst du von der Schule unser eigens erstelltes Hausaufgabenheft. Die Kosten daf\u00fcr tr\u00e4gt unser Schulverein. Vielen Dank daf\u00fcr! Das Deckblatt des Hausaufgabenheftes wird durch den\/die GewinnerIn des regelm\u00e4\u00dfigen Malwettbewerbs der jeweils 3. Klassen gestaltet.<\/td>\n<\/tr>\n<tr style=\"height: 129px\">\n<td style=\"width: 42.1824%;height: 129px\"><strong>Hund \/ Schulhund<br \/>\n<\/strong><\/td>\n<td style=\"width: 57.8176%;height: 129px\">Wir haben eine vierbeinige Kollegin, unsere Schulh\u00fcndin Maja. Sie ist eine Golden Retriever H\u00fcndin und wird derzeit von und mit ihrer Besitzerin Frau Krehlik f\u00fcr ihre Aufgaben an unserer Schule ausgebildet. An einigen Wochentagen begleitet Maja Frau Krehlik in ihrem Unterricht.<\/td>\n<\/tr>\n<tr style=\"height: 51px\">\n<td style=\"width: 42.1824%;height: 51px\"><strong>Kinder<\/strong><\/td>\n<td style=\"width: 57.8176%;height: 51px\">In unserer Schule lernen und spie\u00adlen zur Zeit ungef\u00e4hr 180 Kinder. Ganz sch\u00f6n viele!<\/td>\n<\/tr>\n<tr style=\"height: 51px\">\n<td style=\"width: 42.1824%;height: 51px\"><strong>Klassen<\/strong><\/td>\n<td style=\"width: 57.8176%;height: 51px\">Hier lernen 9 Klassen: die 1a, 1b, 2a, 2b, 3a, 3b, 4a, 4b und 4c<\/td>\n<\/tr>\n<tr style=\"height: 32px\">\n<td style=\"width: 42.1824%;height: 32px\"><strong>Schulleitung<\/strong><\/td>\n<td style=\"width: 57.8176%;height: 32px\">Ilka Malten<\/td>\n<\/tr>\n<tr style=\"height: 32px\">\n<td style=\"width: 42.1824%;height: 32px\"><\/td>\n<td style=\"width: 57.8176%;height: 32px\"><\/td>\n<\/tr>\n<tr style=\"height: 51px\">\n<td style=\"width: 42.1824%;height: 51px\"><strong>Lehrerinnen und Lehrer \/ Team<br \/>\n<\/strong><\/td>\n<td style=\"width: 57.8176%;height: 51px\">Es unterrichten\/arbeiten zurzeit 14 Leh\u00adrerinnen, 1 Lehrer, 2 Referendarinnen, 8 p\u00e4dagogische Mitarbeiter und 1 Bundesfreiwilligendienstler an dieser Schule.<\/td>\n<\/tr>\n<tr style=\"height: 149px\">\n<td style=\"width: 42.1824%;height: 149px\"><strong>Monatskreis<\/strong><\/td>\n<td style=\"width: 57.8176%;height: 149px\">Jeden ersten Montagmorgen im Monat versammelt sich die gesamte Schule in der Pausenhalle, um die Woche gemeinsam zu beginnen. Im Montagskreis werden alle besonderen Aktivit\u00e4ten und Ausfl\u00fcge der Woche besprochen, die Geburtstagskinder besungen und Themen der Woche von Sch\u00fcler:innen und Lehrer:Innen vorgestellt.<\/td>\n<\/tr>\n<tr style=\"height: 149px\">\n<td style=\"width: 42.1824%;height: 149px\"><strong>Montagsradio<\/strong><\/td>\n<td style=\"width: 57.8176%;height: 149px\">Da coronabedingt unser vielgeliebter Montagskreis nicht stattfinden kann, haben wir uns eine Alternative ausgedacht: das Montagsradio ert\u00f6nt nun jeden Montagmorgen und informiert und gestaltet musikalisch unseren Wochenbeginn. Jede Woche bringen sich neue Moderatoren der Schule mit ein und tragen die Anliegen der Woche vor.<\/td>\n<\/tr>\n<tr style=\"height: 110px\">\n<td style=\"width: 42.1824%;height: 110px\"><strong>Offene Ganztagsschule<\/strong><\/td>\n<td style=\"width: 57.8176%;height: 110px\">Die offene Ganztagsschule findet bei uns an dreit Tagen in der Woche statt (Di,Mi,Do). Das bedeutet, ihr k\u00f6nnt auch nach dem Unterricht von Di-Do bis 15.30Uhr bei uns bleiben und an Nachmittagsangeboten teilnehmen. Im Unterschied zu einer Hortbetreuung (an unserer Schule am Mo und Fr angeboten), gelten hier f\u00fcr die Teilnahme am Nachmittag die gleichen Regeln wie am Vormittag, deshalb hei\u00dft es auch &#8222;offene Ganztagsschule&#8220;. Die Teilnahme ist also nach Anmeldung f\u00fcr ein Jahr verpflichtend und ein Fehlen muss vorher genehmigt werden. F\u00fcr die Betreuung am Mo und Fr, die an der Schule auch angeboten wird, gilt das nicht. Diese ist schulunabh\u00e4ngig organisiert und kostenpfichtig. An allen Tagen bekommt ihr ein Mittagessen f\u00fcr ca. 3,00\u20ac und es findet eine Hausaufgabenbetreuung statt (Anmeldung siehe Dokumente zum Download). Zur genaueren Information bitte auf dieser Homepage unter &#8222;Beutreuungsangebote&#8220; nachlesen. Auch die dort hinterlegten FAQs sind sicher hilfreich.<\/td>\n<\/tr>\n<tr style=\"height: 129px\">\n<td style=\"width: 42.1824%;height: 129px\"><strong>Pausenhalle <\/strong><\/td>\n<td style=\"width: 57.8176%;height: 129px\">Unsere Pausenhalle bietet viel Platz. Hier steht eine B\u00fchne, die wir f\u00fcr Vorf\u00fchrungen nutzen und viele Kunstwerke h\u00e4ngen an den W\u00e4nden. Schaut euch einmal um! Die 1. gro\u00dfe Pause k\u00f6nnt ihr in den Wintermonaten auch in unserer Pausenhalle verbringen und euch Spiele ausleihen.<\/td>\n<\/tr>\n<tr style=\"height: 149px\">\n<td style=\"width: 42.1824%;height: 149px\"><strong>R\u00e4ume<br \/>\n<\/strong><\/td>\n<td style=\"width: 57.8176%;height: 149px\">Seit unserem Umbau konnten wir uns deutlich vergr\u00f6\u00dfern und k\u00f6nnen neben den Klassenr\u00e4umen viele unterschiedliche R\u00e4ume nutzen. Zwischen 2 Klassen befindet sich immer ein Gruppenraum, der beide R\u00e4ume miteinander verbindet. Au\u00dferdem lernen wir im Musikraum und dem gro\u00dfen Werkraum. Es gibt einen Sanit\u00e4tsraum, die Mensa mit K\u00fcchentresen, Sprechzimmer, einen Inklusionsraum und einen Gruppenraum der Nachmittagsbetreuung. Herzst\u00fcck unseres zweist\u00f6ckigen Geb\u00e4udes ist die gro\u00dfe Aula mit unserer B\u00fchne. Derzeit musste der Musikraum leider zu einem Klassenraum umfunktioniert werden.<\/td>\n<\/tr>\n<tr style=\"height: 51px\">\n<td style=\"width: 42.1824%;height: 51px\"><strong>Schwimmen<\/strong><\/td>\n<td style=\"width: 57.8176%;height: 51px\">Die 3. Klassen fahren jeweils ca. ein halbes Jahr zum Schwimmunterricht nach Schneverdingen.<\/td>\n<\/tr>\n<tr style=\"height: 32px\">\n<td style=\"width: 42.1824%;height: 32px\"><strong>Zeiten<\/strong><\/td>\n<td style=\"width: 57.8176%;height: 32px\">Unterrichtszeiten siehe \u201eSchulorganisation\u201c.<\/td>\n<\/tr>\n<\/tbody>\n<\/table>\n","protected":false},"excerpt":{"rendered":"<p>AGs (Arbeits\u00adgemeinschaften) Wir bieten je nach Stundenplan ver\u00adschiedene Arbeitsgemeinschaften f\u00fcr alle Klassenstufen an, wie zum Beispiel Fu\u00dfball, Tennis, Baseball, Theater, Kunst, Handball\u00a0 u.v.m. Eine AG pro Woche ist f\u00fcr die 3.+4. Klassen verpflichtend. Erst- und Zweitkl\u00e4ssler belegen Arbeitsgemeinschaften optional. Aktivit\u00e4ten &hellip; <a href=\"https:\/\/wordpress.nibis.de\/gstodtgl\/schul-abc\/\">Weiterlesen <span class=\"meta-nav\">&rarr;<\/span><\/a><\/p>\n","protected":false},"author":1206,"featured_media":0,"parent":0,"menu_order":0,"comment_status":"closed","ping_status":"closed","template":"","meta":{"footnotes":""},"class_list":["post-103","page","type-page","status-publish","hentry"],"_links":{"self":[{"href":"https:\/\/wordpress.nibis.de\/gstodtgl\/wp-json\/wp\/v2\/pages\/103","targetHints":{"allow":["GET"]}}],"collection":[{"href":"https:\/\/wordpress.nibis.de\/gstodtgl\/wp-json\/wp\/v2\/pages"}],"about":[{"href":"https:\/\/wordpress.nibis.de\/gstodtgl\/wp-json\/wp\/v2\/types\/page"}],"author":[{"embeddable":true,"href":"https:\/\/wordpress.nibis.de\/gstodtgl\/wp-json\/wp\/v2\/users\/1206"}],"replies":[{"embeddable":true,"href":"https:\/\/wordpress.nibis.de\/gstodtgl\/wp-json\/wp\/v2\/comments?post=103"}],"version-history":[{"count":25,"href":"https:\/\/wordpress.nibis.de\/gstodtgl\/wp-json\/wp\/v2\/pages\/103\/revisions"}],"predecessor-version":[{"id":2720,"href":"https:\/\/wordpress.nibis.de\/gstodtgl\/wp-json\/wp\/v2\/pages\/103\/revisions\/2720"}],"wp:attachment":[{"href":"https:\/\/wordpress.nibis.de\/gstodtgl\/wp-json\/wp\/v2\/media?parent=103"}],"curies":[{"name":"wp","href":"https:\/\/api.w.org\/{rel}","templated":true}]}}

<table style="height: 850px;width: 100%" width="584">
<tbody>
<tr style="height: 94px">
<td style="width: 42.1824%;height: 94px"><strong>AGs </strong>(Arbeits­gemeinschaften)</td>
<td style="width: 57.8176%;height: 94px">Wir bieten je nach Stundenplan ver­schiedene Arbeitsgemeinschaften für alle Klassenstufen an, wie zum Beispiel Fußball, Tennis, Baseball, Theater, Kunst, Handball  u.v.m. Eine AG pro Woche ist für die 3.+4. Klassen verpflichtend. Erst- und Zweitklässler belegen Arbeitsgemeinschaften optional.</td>
</tr>
<tr style="height: 94px">
<td style="width: 42.1824%;height: 94px"><strong>Aktivitäten</strong></td>
<td style="width: 57.8176%;height: 94px">Neben dem Unterricht finden in je­dem Schuljahr noch zusätzliche Ak­tivitäten statt, z.B. Ausflüge, Wan­dertage, Adventssingen, Laternen­umzug, Spiele- und Sportfeste, Theaterbesuche, Weihnachtsbasteln u.v.m. (siehe Termine)</td>
</tr>
<tr style="height: 70px">
<td style="width: 42.1824%;height: 70px"><strong>Bücherei</strong></td>
<td style="width: 57.8176%;height: 70px">Dienstags und freitags in der 1. gro­ßen Pause könnt ihr unsere Bücherei besuchen und euch Bücher ausleihen. Bitte geht sorgsam mit ihnen um, damit noch viele Kinder daran Freude haben können. Buchspenden sind herzlich Willkommen!! (Bitte auf Altersstufe, Erhalt des Buches und neue Rechtschreibreform achten)</td>
</tr>
<tr style="height: 70px">
<td style="width: 42.1824%;height: 70px"><strong>Büro</strong></td>
<td style="width: 57.8176%;height: 70px">Dort sitzen unsere Sekretärinnen Frau Altmann und Frau Schäfer-Burkhardt. Das Büro ist montags und mittwochs bis freitags von 8.00 – 12.30 Uhr besetzt.</td>
</tr>
<tr style="height: 118px">
<td style="width: 42.1824%;height: 118px"><strong>Betreuungsangebote</strong></td>
<td style="width: 57.8176%;height: 118px">Eure Eltern können euch über das Sekretariat zu zwei unterschiedlichen Betreuungszeiten nach dem Unterricht anmelden. Für Klasse 1+2 gibt es die VGS in der 5.Schulstunde (11.50 – 12.35Uhr) und für alle Kinder die Betreuung im Ganztag (bis 15.30Uhr). Anmeldeformulare siehe &#8222;Formulare zum Download&#8220;. Nähere Infos unter dem Reiter &#8222;Betreuungsangebote&#8220;</td>
</tr>
<tr style="height: 94px">
<td style="width: 42.1824%;height: 94px"><strong>Computer / Tablets und Co.<br />
</strong></td>
<td style="width: 57.8176%;height: 94px">Wir lernen und spielen auch mit dem Computer und nutzen das In­ternet. Es ist vorgesehen, dass ihr in der 3. oder 4. Klasse einen Computer-Führerschein bei uns macht. Jeder Klassenraum hat einen E-screen (eine elktronische Tafel) und verfügt über 2 klasseninterne Laptops mit unterschiedlichen Lernprogrammen. Außerdem besitzt unsere Schule Tablet-Klassensätze, die mit den Tafeln verbunden werden können und in jeder Klasse genutzt werden können.</td>
</tr>
<tr style="height: 94px">
<td style="width: 42.1824%;height: 94px"><strong>Elternsprechtag</strong></td>
<td style="width: 57.8176%;height: 94px">Einmal im Jahr nach dem Halbjahreszeugnis gibt es einen ge­meinsamen Elternsprechtag. Aber auch sonst können Sie uns gerne um ein Gespräch bitten.</td>
</tr>
<tr style="height: 91px">
<td style="width: 42.1824%;height: 91px"><strong>Englisch</strong></td>
<td style="width: 57.8176%;height: 91px">Englischunterricht wird bei uns ab der dritten Klasse erteilt. It’s great! Zensuren gibt es erst in Klasse 4.</td>
</tr>
</tbody>
</table>
<table style="width: 100%;height: 1413px">
<tbody>
<tr style="height: 149px">
<td style="width: 42.1824%;height: 149px"><strong>Fahrräder</strong></td>
<td style="width: 57.8176%;height: 149px">Am Ende der 3. bzw. Anfang der 4. Klasse könnt ihr in einer Radfahrprüfung zeigen, dass ihr euch im Straßenverkehr sicher bewegen könnt. Wir empfeh­len, dass ihr erst danach mit dem Rad zur Schule kommt. Unser Fahrradhof ist auch zu klein für so viele Räder! Derzeit werden aber neue Fahrradständer angeschafft.</td>
</tr>
<tr style="height: 149px">
<td style="width: 42.1824%;height: 149px"><strong>Hausaufgabenheft</strong></td>
<td style="width: 57.8176%;height: 149px">In jedem neuen Halbjahr bekommst du von der Schule unser eigens erstelltes Hausaufgabenheft. Die Kosten dafür trägt unser Schulverein. Vielen Dank dafür! Das Deckblatt des Hausaufgabenheftes wird durch den/die GewinnerIn des regelmäßigen Malwettbewerbs der jeweils 3. Klassen gestaltet.</td>
</tr>
<tr style="height: 129px">
<td style="width: 42.1824%;height: 129px"><strong>Hund / Schulhund<br />
</strong></td>
<td style="width: 57.8176%;height: 129px">Wir haben eine vierbeinige Kollegin, unsere Schulhündin Maja. Sie ist eine Golden Retriever Hündin und wird derzeit von und mit ihrer Besitzerin Frau Krehlik für ihre Aufgaben an unserer Schule ausgebildet. An einigen Wochentagen begleitet Maja Frau Krehlik in ihrem Unterricht.</td>
</tr>
<tr style="height: 51px">
<td style="width: 42.1824%;height: 51px"><strong>Kinder</strong></td>
<td style="width: 57.8176%;height: 51px">In unserer Schule lernen und spie­len zur Zeit ungefähr 180 Kinder. Ganz schön viele!</td>
</tr>
<tr style="height: 51px">
<td style="width: 42.1824%;height: 51px"><strong>Klassen</strong></td>
<td style="width: 57.8176%;height: 51px">Hier lernen 9 Klassen: die 1a, 1b, 2a, 2b, 3a, 3b, 4a, 4b und 4c</td>
</tr>
<tr style="height: 32px">
<td style="width: 42.1824%;height: 32px"><strong>Schulleitung</strong></td>
<td style="width: 57.8176%;height: 32px">Ilka Malten</td>
</tr>
<tr style="height: 32px">
<td style="width: 42.1824%;height: 32px"></td>
<td style="width: 57.8176%;height: 32px"></td>
</tr>
<tr style="height: 51px">
<td style="width: 42.1824%;height: 51px"><strong>Lehrerinnen und Lehrer / Team<br />
</strong></td>
<td style="width: 57.8176%;height: 51px">Es unterrichten/arbeiten zurzeit 14 Leh­rerinnen, 1 Lehrer, 2 Referendarinnen, 8 pädagogische Mitarbeiter und 1 Bundesfreiwilligendienstler an dieser Schule.</td>
</tr>
<tr style="height: 149px">
<td style="width: 42.1824%;height: 149px"><strong>Monatskreis</strong></td>
<td style="width: 57.8176%;height: 149px">Jeden ersten Montagmorgen im Monat versammelt sich die gesamte Schule in der Pausenhalle, um die Woche gemeinsam zu beginnen. Im Montagskreis werden alle besonderen Aktivitäten und Ausflüge der Woche besprochen, die Geburtstagskinder besungen und Themen der Woche von Schüler:innen und Lehrer:Innen vorgestellt.</td>
</tr>
<tr style="height: 149px">
<td style="width: 42.1824%;height: 149px"><strong>Montagsradio</strong></td>
<td style="width: 57.8176%;height: 149px">Da coronabedingt unser vielgeliebter Montagskreis nicht stattfinden kann, haben wir uns eine Alternative ausgedacht: das Montagsradio ertönt nun jeden Montagmorgen und informiert und gestaltet musikalisch unseren Wochenbeginn. Jede Woche bringen sich neue Moderatoren der Schule mit ein und tragen die Anliegen der Woche vor.</td>
</tr>
<tr style="height: 110px">
<td style="width: 42.1824%;height: 110px"><strong>Offene Ganztagsschule</strong></td>
<td style="width: 57.8176%;height: 110px">Die offene Ganztagsschule findet bei uns an dreit Tagen in der Woche statt (Di,Mi,Do). Das bedeutet, ihr könnt auch nach dem Unterricht von Di-Do bis 15.30Uhr bei uns bleiben und an Nachmittagsangeboten teilnehmen. Im Unterschied zu einer Hortbetreuung (an unserer Schule am Mo und Fr angeboten), gelten hier für die Teilnahme am Nachmittag die gleichen Regeln wie am Vormittag, deshalb heißt es auch &#8222;offene Ganztagsschule&#8220;. Die Teilnahme ist also nach Anmeldung für ein Jahr verpflichtend und ein Fehlen muss vorher genehmigt werden. Für die Betreuung am Mo und Fr, die an der Schule auch angeboten wird, gilt das nicht. Diese ist schulunabhängig organisiert und kostenpfichtig. An allen Tagen bekommt ihr ein Mittagessen für ca. 3,00€ und es findet eine Hausaufgabenbetreuung statt (Anmeldung siehe Dokumente zum Download). Zur genaueren Information bitte auf dieser Homepage unter &#8222;Beutreuungsangebote&#8220; nachlesen. Auch die dort hinterlegten FAQs sind sicher hilfreich.</td>
</tr>
<tr style="height: 129px">
<td style="width: 42.1824%;height: 129px"><strong>Pausenhalle </strong></td>
<td style="width: 57.8176%;height: 129px">Unsere Pausenhalle bietet viel Platz. Hier steht eine Bühne, die wir für Vorführungen nutzen und viele Kunstwerke hängen an den Wänden. Schaut euch einmal um! Die 1. große Pause könnt ihr in den Wintermonaten auch in unserer Pausenhalle verbringen und euch Spiele ausleihen.</td>
</tr>
<tr style="height: 149px">
<td style="width: 42.1824%;height: 149px"><strong>Räume<br />
</strong></td>
<td style="width: 57.8176%;height: 149px">Seit unserem Umbau konnten wir uns deutlich vergrößern und können neben den Klassenräumen viele unterschiedliche Räume nutzen. Zwischen 2 Klassen befindet sich immer ein Gruppenraum, der beide Räume miteinander verbindet. Außerdem lernen wir im Musikraum und dem großen Werkraum. Es gibt einen Sanitätsraum, die Mensa mit Küchentresen, Sprechzimmer, einen Inklusionsraum und einen Gruppenraum der Nachmittagsbetreuung. Herzstück unseres zweistöckigen Gebäudes ist die große Aula mit unserer Bühne. Derzeit musste der Musikraum leider zu einem Klassenraum umfunktioniert werden.</td>
</tr>
<tr style="height: 51px">
<td style="width: 42.1824%;height: 51px"><strong>Schwimmen</strong></td>
<td style="width: 57.8176%;height: 51px">Die 3. Klassen fahren jeweils ca. ein halbes Jahr zum Schwimmunterricht nach Schneverdingen.</td>
</tr>
<tr style="height: 32px">
<td style="width: 42.1824%;height: 32px"><strong>Zeiten</strong></td>
<td style="width: 57.8176%;height: 32px">Unterrichtszeiten siehe „Schulorganisation“.</td>
</tr>
</tbody>
</table>

<p>AGs (Arbeits­gemeinschaften) Wir bieten je nach Stundenplan ver­schiedene Arbeitsgemeinschaften für alle Klassenstufen an, wie zum Beispiel Fußball, Tennis, Baseball, Theater, Kunst, Handball  u.v.m. Eine AG pro Woche ist für die 3.+4. Klassen verpflichtend. Erst- und Zweitklässler belegen Arbeitsgemeinschaften optional. Aktivitäten &hellip; <a href="https://wordpress.nibis.de/gstodtgl/schul-abc/">Weiterlesen <span class="meta-nav">&rarr;</span></a></p>
