{"id":265,"date":"2017-09-04T22:17:42","date_gmt":"2017-09-04T20:17:42","guid":{"rendered":"http:\/\/wordpress.nibis.de\/gstodtgl\/?page_id=265"},"modified":"2024-08-08T15:27:23","modified_gmt":"2024-08-08T13:27:23","slug":"jahrgang-3","status":"publish","type":"page","link":"https:\/\/wordpress.nibis.de\/gstodtgl\/jahrgang-3\/","title":{"rendered":"L\u00e4usebefall"},"content":{"rendered":"\n<p>Das kann jedem mal passieren..<\/p>\n<p>Niemand h\u00f6rt das gern, aber leider sind diese ungebetenen G\u00e4ste immer mal wieder in Schulen, genauso wie auch in Kinderg\u00e4rten, anzutreffen. Besonders im November und Februar wird dies dann ein Problem, wenn nicht schnell genug reagiert wird. Ansonsten ist\u00a0 die Gefahr des L\u00e4usebefalls schnell gebannt.<\/p>\n<p>Befolgen Sie also bitte dringend folgende Anweisungen:<\/p>\n<p><a href=\"https:\/\/wordpress.nibis.de\/gstodtgl\/dokumente-zum-download\/laeuse-merkblatt\/\" rel=\"attachment wp-att-2476\">Laeuse-Merkblatt<\/a><\/p>\n","protected":false},"excerpt":{"rendered":"<p>Das kann jedem mal passieren.. Niemand h\u00f6rt das gern, aber leider sind diese ungebetenen G\u00e4ste immer mal wieder in Schulen, genauso wie auch in Kinderg\u00e4rten, anzutreffen. Besonders im November und Februar wird dies dann ein Problem, wenn nicht schnell genug &hellip; <a href=\"https:\/\/wordpress.nibis.de\/gstodtgl\/jahrgang-3\/\">Weiterlesen <span class=\"meta-nav\">&rarr;<\/span><\/a><\/p>\n","protected":false},"author":1251,"featured_media":0,"parent":0,"menu_order":0,"comment_status":"closed","ping_status":"closed","template":"","meta":{"footnotes":""},"class_list":["post-265","page","type-page","status-publish","hentry"],"_links":{"self":[{"href":"https:\/\/wordpress.nibis.de\/gstodtgl\/wp-json\/wp\/v2\/pages\/265","targetHints":{"allow":["GET"]}}],"collection":[{"href":"https:\/\/wordpress.nibis.de\/gstodtgl\/wp-json\/wp\/v2\/pages"}],"about":[{"href":"https:\/\/wordpress.nibis.de\/gstodtgl\/wp-json\/wp\/v2\/types\/page"}],"author":[{"embeddable":true,"href":"https:\/\/wordpress.nibis.de\/gstodtgl\/wp-json\/wp\/v2\/users\/1251"}],"replies":[{"embeddable":true,"href":"https:\/\/wordpress.nibis.de\/gstodtgl\/wp-json\/wp\/v2\/comments?post=265"}],"version-history":[{"count":15,"href":"https:\/\/wordpress.nibis.de\/gstodtgl\/wp-json\/wp\/v2\/pages\/265\/revisions"}],"predecessor-version":[{"id":2980,"href":"https:\/\/wordpress.nibis.de\/gstodtgl\/wp-json\/wp\/v2\/pages\/265\/revisions\/2980"}],"wp:attachment":[{"href":"https:\/\/wordpress.nibis.de\/gstodtgl\/wp-json\/wp\/v2\/media?parent=265"}],"curies":[{"name":"wp","href":"https:\/\/api.w.org\/{rel}","templated":true}]}}