{"id":3012,"date":"2024-08-13T14:05:55","date_gmt":"2024-08-13T12:05:55","guid":{"rendered":"https:\/\/wordpress.nibis.de\/gstodtgl\/?page_id=3012"},"modified":"2025-03-26T15:37:41","modified_gmt":"2025-03-26T14:37:41","slug":"kooperationspartner","status":"publish","type":"page","link":"https:\/\/wordpress.nibis.de\/gstodtgl\/kooperationspartner\/","title":{"rendered":"Kooperationspartner"},"content":{"rendered":"\n<p>Die GS Todtgl\u00fcsingen arbeitet eng mit lokal ans\u00e4ssigen F\u00f6rderst\u00e4tten, Betrieben und Bildungseinrichtungen sowie Musikschulen und Sportvereinen zusammen, um au\u00dferschulisches Lernen bestm\u00f6glich umsetzen und unterst\u00fctzen zu k\u00f6nnen. \u00dcber die bestehenden Vernetzungen und Kooperationen freuen wir uns sehr! Ohne sie w\u00e4re Grundschule l\u00e4ngst nicht das, was es ist. Ein Ort des Lernens und Miteinanders, auch und gerade in der unmittelbaren Lebensumgebung der Kinder. Dort gibt es vieles gemeinsam zu entdecken:<\/p>\n<p>Besonders f\u00fcr Lernerfahrungen im Bereich Sachunterricht ist hier die Zusammenarbeit mit der <strong>Feuerwehr Todtgl\u00fcsingen<\/strong> und dem <strong>JUZ Tostedt<\/strong> zu nennen sowie dem \u00f6rtlichen Projekt &#8222;<strong>Rehkitzschutz<\/strong>&#8222;.\u00a0<\/p>\n<p>Regelm\u00e4\u00dfig von uns besucht werden au\u00dferdem die <strong>B\u00e4ckerei Wei\u00df<\/strong>, der <strong>Kiekeberg<\/strong>, der <strong>Museumsbauernhof Wennerstorf<\/strong>, der <strong>Bauernhof Moorweghof<\/strong>, das <strong>Schulmuseum<\/strong> <strong>Hamburg, die Hamburger Staatsoper <\/strong>sowie zahlreiche biologische Lebensr\u00e4ume in der Umgebung.<\/p>\n<p>Regelm\u00e4\u00dfig spielt an unserer Schule das <strong>Holzwurmtheater<\/strong> ihr St\u00fcck &#8222;Sascha &#8211; bis hierhin und nicht weiter!&#8220; im Kontext der Gewaltpr\u00e4vention. Ehernamtliche Trauerbegleiter unter anderem des <strong>Hospizes Tosted<\/strong>t begleiten eine Projektwoche zum Thema Tod und Sterben, um einen altersgerechten Umgang kennenzulernen. Des Weiteren nehmen alle Sch\u00fclerInnen an einer F\u00fchrung durch die <strong>B\u00fccherei Tostedt<\/strong> teil.<\/p>\n<p>Einen sehr wichtigen Beitrag f\u00fcr unsere Schule leistet der <strong>Schulf\u00f6rderverein<\/strong>. Ohne die finanzielle Unterst\u00fctzung und das Engagement dieses Gremiums w\u00e4ren viele schulische Projekte nicht denkbar. Neue Mitglieder sind immer willkommen. Sie finden gesonderte Informationen hierzu unter dem Reiter &#8222;Wir \u00fcber uns &#8211; Gremien&#8220;. <\/p>\n<p><a href=\"https:\/\/wordpress.nibis.de\/gstodtgl\/schulverein\/schulfoerderverein-logo\/\" rel=\"attachment wp-att-3294\"><img loading=\"lazy\" decoding=\"async\" class=\"aligncenter  wp-image-3294\" src=\"https:\/\/wordpress.nibis.de\/gstodtgl\/files\/2025\/03\/Schulfoerderverein-Logo.jpg\" alt=\"\" width=\"203\" height=\"142\" \/><\/a><\/p>\n<p>Ganzheitliches Lernen ist f\u00fcr uns als Grundschule sehr wichtig. Auch f\u00fcr interessierte Eltern werden regelm\u00e4\u00dfig Elternabende angeboten, die u.a. vom <strong>Kinderschutzbund<\/strong> ausgerichtet werden und zu allt\u00e4glichen Themen wie z.B. dem Umgang mit Medien beraten.<\/p>\n<p>Unser Schulgeb\u00e4ude wird auch von Sportvereinen und Musikschulen genutzt, die hier nachmittags und abends mit viel Spa\u00df und Freude trainieren und musizieren.<\/p>\n<p>So z.B. der <strong>Spielmannszug Todtgl\u00fcsingen<\/strong>, bei dem Nachwuchs jederzeit willkommen ist. Oft k\u00f6nnen wir von seiner musikalischen Unterst\u00fctzung profitieren, z.B. bei Festen und Laternenumz\u00fcgen, bei denen uns der Spielmannszug seit vielen Jahren begleitet.<\/p>\n<p><a href=\"https:\/\/wordpress.nibis.de\/gstodtgl\/kooperationspartner\/spielmannszug\/\" rel=\"attachment wp-att-3185\"><img loading=\"lazy\" decoding=\"async\" class=\"aligncenter  wp-image-3185\" src=\"https:\/\/wordpress.nibis.de\/gstodtgl\/files\/2024\/10\/Spielmannszug.jpg\" alt=\"\" width=\"349\" height=\"224\" \/><\/a>Du hast Lust dort mitzuwirken und wolltest schon immer mal ein Instrument lernen? Dann melde dich bei:<\/p>\n<p><strong>Uwe Albers: 04182 &#8211; 2884911 (&#117;&#x77;&#101;&#x2e;&#97;&#x6c;&#98;&#x65;&#114;&#x73;&#64;&#x73;&#99;&#x68;&#117;&#x65;&#116;&#x7a;&#101;&#x6e;&#118;&#x65;&#114;&#x65;&#105;&#x6e;-&#x74;o&#x64;t&#x67;l&#x75;e&#x73;i&#x6e;g&#x65;n&#x2e;d&#x65;)<\/strong><\/p>\n<p>Als Sportfreundliche Schule d\u00fcrfen nat\u00fcrlich die Sportvereine nicht fehlen. Auch diese freuen sich sehr \u00fcber Nachwuchstalente.<\/p>\n<p>Besonders zu nennen ist hier die Handballsparte des MTV Tostedt. Jedes Jahr bieten Ehrenamtliche der Handballmannschaft einen Handballtag an unserer Schule f\u00fcr alle Sch\u00fclerInnen an und wir freuen uns sehr dar\u00fcber, so diese tolle Sportart etwas n\u00e4her kennenzulernen.<\/p>\n<p><a href=\"https:\/\/wordpress.nibis.de\/gstodtgl\/kooperationspartner\/handball\/\" rel=\"attachment wp-att-3184\"><img loading=\"lazy\" decoding=\"async\" class=\"aligncenter size-full wp-image-3184\" src=\"https:\/\/wordpress.nibis.de\/gstodtgl\/files\/2024\/10\/Handball.jpg\" alt=\"\" width=\"180\" height=\"180\" \/><\/a>Ein interessantes Hobby f\u00fcr dich? Dann melde dich bei der Jugendwartin<\/p>\n<p><strong>Friederike Kr\u00f6ger: 0151 &#8211; 5796 5019 (&#102;&#114;&#x69;e&#100;&#x65;&#x72;i&#107;&#x65;&#x32;3&#54;&#x39;3&#64;&#x61;&#x6f;l&#46;&#x63;&#x6f;m)<\/strong><\/p>\n<p>\u00a0<\/p>\n<p><strong>Wichtige Kooperationspartner unserer Schule sind au\u00dferdem:<\/strong><\/p>\n<p>Die Zukunftswerkstatt in Buchholz<a href=\"https:\/\/wordpress.nibis.de\/gstodtgl\/startseite\/logo-zukunfstwerkstatt-neu\/\" rel=\"attachment wp-att-3002\"><img loading=\"lazy\" decoding=\"async\" class=\"aligncenter  wp-image-3002\" src=\"https:\/\/wordpress.nibis.de\/gstodtgl\/files\/2024\/08\/Logo-Zukunfstwerkstatt-neu.jpg\" alt=\"\" width=\"418\" height=\"145\" \/><\/a>sowie das Walderlebniszentrum Erhorn.<a href=\"https:\/\/wordpress.nibis.de\/gstodtgl\/startseite\/logo-wald\/\" rel=\"attachment wp-att-3010\"><img loading=\"lazy\" decoding=\"async\" class=\"aligncenter  wp-image-3010\" src=\"https:\/\/wordpress.nibis.de\/gstodtgl\/files\/2024\/08\/logo-wald.png\" alt=\"\" width=\"420\" height=\"186\" \/><\/a><\/p>\n<p>\u00a0<\/p>\n<p>\u00a0<\/p>\n","protected":false},"excerpt":{"rendered":"<p>Die GS Todtgl\u00fcsingen arbeitet eng mit lokal ans\u00e4ssigen F\u00f6rderst\u00e4tten, Betrieben und Bildungseinrichtungen sowie Musikschulen und Sportvereinen zusammen, um au\u00dferschulisches Lernen bestm\u00f6glich umsetzen und unterst\u00fctzen zu k\u00f6nnen. \u00dcber die bestehenden Vernetzungen und Kooperationen freuen wir uns sehr! Ohne sie w\u00e4re Grundschule &hellip; <a href=\"https:\/\/wordpress.nibis.de\/gstodtgl\/kooperationspartner\/\">Weiterlesen <span class=\"meta-nav\">&rarr;<\/span><\/a><\/p>\n","protected":false},"author":1251,"featured_media":0,"parent":0,"menu_order":0,"comment_status":"closed","ping_status":"closed","template":"","meta":{"footnotes":""},"class_list":["post-3012","page","type-page","status-publish","hentry"],"_links":{"self":[{"href":"https:\/\/wordpress.nibis.de\/gstodtgl\/wp-json\/wp\/v2\/pages\/3012","targetHints":{"allow":["GET"]}}],"collection":[{"href":"https:\/\/wordpress.nibis.de\/gstodtgl\/wp-json\/wp\/v2\/pages"}],"about":[{"href":"https:\/\/wordpress.nibis.de\/gstodtgl\/wp-json\/wp\/v2\/types\/page"}],"author":[{"embeddable":true,"href":"https:\/\/wordpress.nibis.de\/gstodtgl\/wp-json\/wp\/v2\/users\/1251"}],"replies":[{"embeddable":true,"href":"https:\/\/wordpress.nibis.de\/gstodtgl\/wp-json\/wp\/v2\/comments?post=3012"}],"version-history":[{"count":10,"href":"https:\/\/wordpress.nibis.de\/gstodtgl\/wp-json\/wp\/v2\/pages\/3012\/revisions"}],"predecessor-version":[{"id":3298,"href":"https:\/\/wordpress.nibis.de\/gstodtgl\/wp-json\/wp\/v2\/pages\/3012\/revisions\/3298"}],"wp:attachment":[{"href":"https:\/\/wordpress.nibis.de\/gstodtgl\/wp-json\/wp\/v2\/media?parent=3012"}],"curies":[{"name":"wp","href":"https:\/\/api.w.org\/{rel}","templated":true}]}}