{"id":349,"date":"2017-09-05T18:32:33","date_gmt":"2017-09-05T16:32:33","guid":{"rendered":"http:\/\/wordpress.nibis.de\/gstodtgl\/?page_id=349"},"modified":"2025-02-05T19:59:20","modified_gmt":"2025-02-05T18:59:20","slug":"paedagogische-mitarbeiter","status":"publish","type":"page","link":"https:\/\/wordpress.nibis.de\/gstodtgl\/paedagogische-mitarbeiter\/","title":{"rendered":"P\u00e4dagogische Mitarbeiter"},"content":{"rendered":"<p>Unsere p\u00e4dagogischen Mitarbeiter bilden einen wichtigen Bestandteil unseres Teams. Sie unterst\u00fctzen die Lehrkr\u00e4fte im Unterricht und betreuen die Kinder am Nachmittag. F\u00fcr den Ganztag stellen sie Angebote wie z.B. die Gestaltung des Schulgartens, Bastelarbeiten, Kochprojekte, Gesellschaftsspielangebote und vieles mehr.<\/p>\n<p><span style=\"font-family: helvetica, arial, sans-serif\"><strong>Im Unterricht t\u00e4tig: \u00a0 \u00a0 \u00a0 \u00a0 \u00a0 \u00a0 \u00a0 \u00a0 \u00a0 \u00a0 \u00a0 \u00a0 \u00a0 \u00a0<\/strong><\/span><\/p>\n<ul>\n<li><span style=\"font-family: helvetica, arial, sans-serif\">Drita Muzaqi<br \/>\n<\/span><\/li>\n<li>Kim Marzahn<\/li>\n<li>Benita Barbuir<\/li>\n<li>ggf. unterst\u00fctzend: BundesfreiwilligendienstlerIn (Schuljahr 2024\/25: Amy Kleinknecht)<\/li>\n<\/ul>\n<p><span style=\"font-family: helvetica, arial, sans-serif\"><strong>Am Nachmittag und in der VGS (Betreuung 5.Stunde) t\u00e4tig:<\/strong><\/span><\/p>\n<ul>\n<li>Drita Muzaqi<\/li>\n<li><span style=\"font-family: helvetica, arial, sans-serif\">Martina Heidrich<\/span><\/li>\n<li><span style=\"font-family: helvetica, arial, sans-serif\">Silke Holtzhauer<\/span><\/li>\n<li>Benita Barbuir<\/li>\n<li>unterst\u00fctzend: BundesfreiwilligendienstlerIn (Schuljahr 2024\/25: Amy Kleinknecht)<\/li>\n<\/ul>\n<p>Unsere Schule freut sich zudem \u00fcber den h\u00e4ufigen Besuch von Praktikanten u.a. von der Leuphana Universit\u00e4t in L\u00fcneburg.<\/p>\n","protected":false},"excerpt":{"rendered":"<p>Unsere p\u00e4dagogischen Mitarbeiter bilden einen wichtigen Bestandteil unseres Teams. Sie unterst\u00fctzen die Lehrkr\u00e4fte im Unterricht und betreuen die Kinder am Nachmittag. F\u00fcr den Ganztag stellen sie Angebote wie z.B. die Gestaltung des Schulgartens, Bastelarbeiten, Kochprojekte, Gesellschaftsspielangebote und vieles mehr. Im &hellip; <a href=\"https:\/\/wordpress.nibis.de\/gstodtgl\/paedagogische-mitarbeiter\/\">Weiterlesen <span class=\"meta-nav\">&rarr;<\/span><\/a><\/p>\n","protected":false},"author":1251,"featured_media":0,"parent":0,"menu_order":0,"comment_status":"closed","ping_status":"closed","template":"","meta":{"footnotes":""},"class_list":["post-349","page","type-page","status-publish","hentry"],"_links":{"self":[{"href":"https:\/\/wordpress.nibis.de\/gstodtgl\/wp-json\/wp\/v2\/pages\/349","targetHints":{"allow":["GET"]}}],"collection":[{"href":"https:\/\/wordpress.nibis.de\/gstodtgl\/wp-json\/wp\/v2\/pages"}],"about":[{"href":"https:\/\/wordpress.nibis.de\/gstodtgl\/wp-json\/wp\/v2\/types\/page"}],"author":[{"embeddable":true,"href":"https:\/\/wordpress.nibis.de\/gstodtgl\/wp-json\/wp\/v2\/users\/1251"}],"replies":[{"embeddable":true,"href":"https:\/\/wordpress.nibis.de\/gstodtgl\/wp-json\/wp\/v2\/comments?post=349"}],"version-history":[{"count":33,"href":"https:\/\/wordpress.nibis.de\/gstodtgl\/wp-json\/wp\/v2\/pages\/349\/revisions"}],"predecessor-version":[{"id":3246,"href":"https:\/\/wordpress.nibis.de\/gstodtgl\/wp-json\/wp\/v2\/pages\/349\/revisions\/3246"}],"wp:attachment":[{"href":"https:\/\/wordpress.nibis.de\/gstodtgl\/wp-json\/wp\/v2\/media?parent=349"}],"curies":[{"name":"wp","href":"https:\/\/api.w.org\/{rel}","templated":true}]}}