{"id":3672,"date":"2026-05-06T18:49:18","date_gmt":"2026-05-06T16:49:18","guid":{"rendered":"https:\/\/wordpress.nibis.de\/gstodtgl\/?page_id=3672"},"modified":"2026-05-06T18:49:18","modified_gmt":"2026-05-06T16:49:18","slug":"projektwoche-trommelzauber","status":"publish","type":"page","link":"https:\/\/wordpress.nibis.de\/gstodtgl\/projektwoche-trommelzauber\/","title":{"rendered":"Projektwoche Trommelzauber"},"content":{"rendered":"\n<p>Eine Woche lang verwandelte sich unsere Schule in Rhythmus, Trommelkl\u00e4nge, wilde Tiere, einen Hauch von Afrika und mit sich brachte dies eine Menge gute Laune!\u00a0<\/p>\n<p>Mit dem Projekt Trommelzauber reisten die Kinder musikalisch in ein afrikanisches Dorf und lernten dabei so manche Lieder, Percussion-Groves auf echten Djemben und nat\u00fcrlich passende T\u00e4nze kennen. In dieser Zeit wimmelte es bei uns vor schnellen Gazellen, lieben Giraffen, m\u00e4chtigen Elefanten und coolen Affen.<\/p>\n<p>Vielen Dank an die Johanneskirche in Tostedt, in der die Kinder ihre gelernten Rhythmen und gebastelten Kost\u00fcme in einem unvergesslichen Rahmen den Eltern und Familien pr\u00e4sentieren durften.<\/p>\n<div class=\"wp-block-image\"><a href=\"https:\/\/wordpress.nibis.de\/gstodtgl\/?attachment_id=3673\" rel=\"attachment wp-att-3673\"><img loading=\"lazy\" decoding=\"async\" class=\"wpa-warning wpa-image-missing-alt aligncenter size-full wp-image-3673\" src=\"https:\/\/wordpress.nibis.de\/gstodtgl\/files\/2026\/05\/Trommel-4.jpg\" alt=\"\" width=\"1600\" height=\"1200\" data-warning=\"Missing alt text\" srcset=\"https:\/\/wordpress.nibis.de\/gstodtgl\/files\/2026\/05\/Trommel-4.jpg 1600w, https:\/\/wordpress.nibis.de\/gstodtgl\/files\/2026\/05\/Trommel-4-768x576.jpg 768w, https:\/\/wordpress.nibis.de\/gstodtgl\/files\/2026\/05\/Trommel-4-100x75.jpg 100w, https:\/\/wordpress.nibis.de\/gstodtgl\/files\/2026\/05\/Trommel-4-1536x1152.jpg 1536w, https:\/\/wordpress.nibis.de\/gstodtgl\/files\/2026\/05\/Trommel-4-400x300.jpg 400w\" sizes=\"auto, (max-width: 1600px) 100vw, 1600px\" \/><\/a><\/div>\n<p>\u00a0<\/p>\n\n\n\n<div class=\"wp-block-image\">\u00a0<\/div>\n","protected":false},"excerpt":{"rendered":"<p>Eine Woche lang verwandelte sich unsere Schule in Rhythmus, Trommelkl\u00e4nge, wilde Tiere, einen Hauch von Afrika und mit sich brachte dies eine Menge gute Laune!\u00a0 Mit dem Projekt Trommelzauber reisten die Kinder musikalisch in ein afrikanisches Dorf und lernten dabei &hellip; <a href=\"https:\/\/wordpress.nibis.de\/gstodtgl\/projektwoche-trommelzauber\/\">Weiterlesen <span class=\"meta-nav\">&rarr;<\/span><\/a><\/p>\n","protected":false},"author":1251,"featured_media":0,"parent":0,"menu_order":0,"comment_status":"closed","ping_status":"closed","template":"","meta":{"footnotes":""},"class_list":["post-3672","page","type-page","status-publish","hentry"],"_links":{"self":[{"href":"https:\/\/wordpress.nibis.de\/gstodtgl\/wp-json\/wp\/v2\/pages\/3672","targetHints":{"allow":["GET"]}}],"collection":[{"href":"https:\/\/wordpress.nibis.de\/gstodtgl\/wp-json\/wp\/v2\/pages"}],"about":[{"href":"https:\/\/wordpress.nibis.de\/gstodtgl\/wp-json\/wp\/v2\/types\/page"}],"author":[{"embeddable":true,"href":"https:\/\/wordpress.nibis.de\/gstodtgl\/wp-json\/wp\/v2\/users\/1251"}],"replies":[{"embeddable":true,"href":"https:\/\/wordpress.nibis.de\/gstodtgl\/wp-json\/wp\/v2\/comments?post=3672"}],"version-history":[{"count":1,"href":"https:\/\/wordpress.nibis.de\/gstodtgl\/wp-json\/wp\/v2\/pages\/3672\/revisions"}],"predecessor-version":[{"id":3674,"href":"https:\/\/wordpress.nibis.de\/gstodtgl\/wp-json\/wp\/v2\/pages\/3672\/revisions\/3674"}],"wp:attachment":[{"href":"https:\/\/wordpress.nibis.de\/gstodtgl\/wp-json\/wp\/v2\/media?parent=3672"}],"curies":[{"name":"wp","href":"https:\/\/api.w.org\/{rel}","templated":true}]}}