{"id":40,"date":"2016-11-18T14:15:46","date_gmt":"2016-11-18T13:15:46","guid":{"rendered":"http:\/\/wordpress.nibis.de\/gstodtgl\/?page_id=40"},"modified":"2025-10-06T19:54:21","modified_gmt":"2025-10-06T17:54:21","slug":"schulelternrat","status":"publish","type":"page","link":"https:\/\/wordpress.nibis.de\/gstodtgl\/schulelternrat\/","title":{"rendered":"Schulelternrat"},"content":{"rendered":"\n<p><strong>N\u00e4chste Schulelternratssitzung: <\/strong>noch nicht bekannt<strong><br \/><\/strong><\/p>\n\n\n\n<p>Ein neues Schuljahr hat begonnen und in den ersten und dritten Klassen wurden neue Elternvertreter gew\u00e4hlt.<\/p>\n\n\n\n<p>Vielen Dank an dieser Stelle von unserem gesamten Team an die zahlreichen engagierten Eltern, die sich z.B. durch die \u00dcbernahme von \u00c4mtern oder aber auch auf vielf\u00e4ltige andere Weise in das Schulgeschehen einbringen.<\/p>\n\n\n\n<p><strong>Wir freuen uns auf eine gute Zusammenarbeit!<\/strong><\/p>\n\n\n\n<div class=\"wp-block-file\"><a id=\"wp-block-file--media-bf306e4e-7243-4da6-9ab6-1c5923994c64\" href=\"https:\/\/wordpress.nibis.de\/gstodtgl\/files\/2020\/10\/Geschaeftsordnung_Elternrat_GS_Todtgluesingen.pdf\">Geschaeftsordnung desElternrats der GS Todtgluesingen<\/a><a href=\"https:\/\/wordpress.nibis.de\/gstodtgl\/files\/2020\/10\/Geschaeftsordnung_Elternrat_GS_Todtgluesingen.pdf\" class=\"wp-block-file__button\" download aria-describedby=\"wp-block-file--media-bf306e4e-7243-4da6-9ab6-1c5923994c64\">Herunterladen<\/a><\/div>\n\n\n\n<div class=\"wp-block-file\"><a id=\"wp-block-file--media-4a61935c-8e52-4218-95d7-550dd4fedb26\" href=\"https:\/\/wordpress.nibis.de\/gstodtgl\/files\/2022\/10\/Beitrittserklaerung-Schulfoederverein-Grundschule-Todtgluesingen_06102022-1.pdf\">Beitrittserkl\u00e4rung Schulf\u00f6rderverein GS Todtgl\u00fcsingen<\/a><a href=\"https:\/\/wordpress.nibis.de\/gstodtgl\/files\/2022\/10\/Beitrittserklaerung-Schulfoederverein-Grundschule-Todtgluesingen_06102022-1.pdf\" class=\"wp-block-file__button\" download aria-describedby=\"wp-block-file--media-4a61935c-8e52-4218-95d7-550dd4fedb26\">Herunterladen<\/a><\/div>\n\n\n\n<p><\/p>\n\n\n\n<p><strong>Wichtiger Hinweis:<\/strong><\/p>\n\n\n\n<p>Kommunikation und Produktivit\u00e4t gelingt grunds\u00e4tzlich besser, wenn man miteinander und nicht \u00fcbereinander redet. Je mehr sich an einem Austausch beteiligen, desto gewinnbringender k\u00f6nnen also auch Ergebnisse sein.<\/p>\n\n\n\n<p class=\"has-text-color\" style=\"color:#9600a3\"><strong>Die Elternratssitzungen sind schulintern \u00f6ffentlich. Jedes Elternteil sowie alle in unserer Schule t\u00e4tige Personen k\u00f6nnen als Gast an den Sitzungen teilnehmen und sind herzlich dazu eingeladen.<\/strong><\/p>\n\n\n\n<p>_________________________________________________________________________<\/p>\n\n\n<p>Der Schulelternrat der GS Todtgl\u00fcsingen besteht aus den Elternvertretern aller Klassen. Die Mitglieder des Schulelternrats stehen Ihnen mit Fragen und Antworten gern zur Verf\u00fcgung.<\/p>\n<p><strong>Zusammensetzung des Schulelternrats im Schuljahr 2025\/26<\/strong><\/p>\n<p><strong>Vorsitzende des Schulelternrats:\u00a0\u00a0\u00a0\u00a0 <\/strong>Fr. Vieregge<strong><br \/><\/strong><\/p>\n<p><strong>Stellvertretende Vorsitzende:<\/strong>\u00a0 \u00a0 \u00a0 \u00a0 \u00a0 Hr. Bostelmann<\/p>\n<p><strong>Elternvertreter der Klassen: <\/strong><\/p>\n<table style=\"width: 100%;height: 288px\">\n<tbody>\n<tr style=\"height: 32px\">\n<td style=\"height: 32px\">1a\u00a0 \u00a0 \u00a0 \u00a0 \u00a0 \u00a0 \u00a0Hr. Bostelmann, Fr. D\u00f6ring<\/td>\n<td style=\"height: 32px\">\u00a0<\/td>\n<\/tr>\n<tr style=\"height: 32px\">\n<td style=\"height: 32px\">1b\u00a0\u00a0\u00a0\u00a0\u00a0\u00a0\u00a0\u00a0\u00a0\u00a0\u00a0\u00a0 Fr. Vieregge, Hr. Felske<\/td>\n<td style=\"height: 32px\">\u00a0<\/td>\n<\/tr>\n<tr style=\"height: 32px\">\n<td style=\"height: 32px\">2a\u00a0\u00a0\u00a0\u00a0\u00a0\u00a0\u00a0\u00a0\u00a0\u00a0\u00a0\u00a0 Fr. Wegner, Fr. Endling<\/td>\n<td style=\"height: 32px\">\u00a0<\/td>\n<\/tr>\n<tr style=\"height: 32px\">\n<td style=\"height: 32px\">2b\u00a0\u00a0\u00a0\u00a0\u00a0\u00a0\u00a0\u00a0\u00a0\u00a0\u00a0\u00a0 Fr. Sander, Fr. Mevs<\/td>\n<td style=\"height: 32px\">\u00a0<\/td>\n<\/tr>\n<tr style=\"height: 32px\">\n<td style=\"height: 32px\">2c\u00a0 \u00a0 \u00a0 \u00a0 \u00a0 \u00a0 \u00a0Fr. Verf\u00fcrth, Hr. Barekzai<\/td>\n<td style=\"height: 32px\">\u00a0<\/td>\n<\/tr>\n<tr style=\"height: 32px\">\n<td style=\"height: 32px\">3a\u00a0 \u00a0 \u00a0 \u00a0 \u00a0 \u00a0\u00a0 Fr. Stein, Hr. Edeler<\/td>\n<td style=\"height: 32px\">\u00a0<\/td>\n<\/tr>\n<tr style=\"height: 32px\">\n<td style=\"height: 32px\">3b\u00a0 \u00a0 \u00a0 \u00a0 \u00a0 \u00a0\u00a0 Fr. Wiechern, Fr. Bogarin<\/td>\n<td style=\"height: 32px\">\u00a0<\/td>\n<\/tr>\n<tr style=\"height: 32px\">\n<td style=\"height: 32px\">4a\u00a0 \u00a0 \u00a0 \u00a0 \u00a0 \u00a0\u00a0 Fr. Bostelmann, Fr. Paap<\/td>\n<td style=\"height: 32px\">\u00a0<\/td>\n<\/tr>\n<tr style=\"height: 32px\">\n<td style=\"height: 32px\">4b\u00a0 \u00a0 \u00a0 \u00a0 \u00a0 \u00a0 \u00a0Hr. Krolzik, Fr. Kirchmaier<\/td>\n<td style=\"height: 32px\">\u00a0<\/td>\n<\/tr>\n<\/tbody>\n<\/table>\n\n\n<p><strong>Kreiselternrat:<\/strong>  Frau Benjamin (in 2023, 2025, 2027 ff) <\/p>\n\n\n\n<p><strong>Samtgemeindeelternrat:<\/strong> Frau Wegner, Frau Verf\u00fcrth <\/p>\n\n\n\n<p><strong>Festkomitee<\/strong>: Frau Stein, Frau Nehls, Frau Kirchmaier, Frau Vieregge, Hr. Barekzai<\/p>\n\n\n\n<p>Stand: 06.10.2025<\/p>\n\n\n\n<p><\/p>\n\n\n\n<p><\/p>\n\n\n\n<p><\/p>\n","protected":false},"excerpt":{"rendered":"<p>N\u00e4chste Schulelternratssitzung: noch nicht bekannt Ein neues Schuljahr hat begonnen und in den ersten und dritten Klassen wurden neue Elternvertreter gew\u00e4hlt. Vielen Dank an dieser Stelle von unserem gesamten Team an die zahlreichen engagierten Eltern, die sich z.B. durch die &hellip; <a href=\"https:\/\/wordpress.nibis.de\/gstodtgl\/schulelternrat\/\">Weiterlesen <span class=\"meta-nav\">&rarr;<\/span><\/a><\/p>\n","protected":false},"author":1206,"featured_media":0,"parent":0,"menu_order":0,"comment_status":"closed","ping_status":"closed","template":"","meta":{"footnotes":""},"class_list":["post-40","page","type-page","status-publish","hentry"],"_links":{"self":[{"href":"https:\/\/wordpress.nibis.de\/gstodtgl\/wp-json\/wp\/v2\/pages\/40","targetHints":{"allow":["GET"]}}],"collection":[{"href":"https:\/\/wordpress.nibis.de\/gstodtgl\/wp-json\/wp\/v2\/pages"}],"about":[{"href":"https:\/\/wordpress.nibis.de\/gstodtgl\/wp-json\/wp\/v2\/types\/page"}],"author":[{"embeddable":true,"href":"https:\/\/wordpress.nibis.de\/gstodtgl\/wp-json\/wp\/v2\/users\/1206"}],"replies":[{"embeddable":true,"href":"https:\/\/wordpress.nibis.de\/gstodtgl\/wp-json\/wp\/v2\/comments?post=40"}],"version-history":[{"count":51,"href":"https:\/\/wordpress.nibis.de\/gstodtgl\/wp-json\/wp\/v2\/pages\/40\/revisions"}],"predecessor-version":[{"id":3403,"href":"https:\/\/wordpress.nibis.de\/gstodtgl\/wp-json\/wp\/v2\/pages\/40\/revisions\/3403"}],"wp:attachment":[{"href":"https:\/\/wordpress.nibis.de\/gstodtgl\/wp-json\/wp\/v2\/media?parent=40"}],"curies":[{"name":"wp","href":"https:\/\/api.w.org\/{rel}","templated":true}]}}