{"id":455,"date":"2017-09-07T13:29:35","date_gmt":"2017-09-07T11:29:35","guid":{"rendered":"http:\/\/wordpress.nibis.de\/gstodtgl\/?page_id=455"},"modified":"2020-09-24T23:45:24","modified_gmt":"2020-09-24T21:45:24","slug":"der-tennisclub-todtgluesingen-an-unserer-schule","status":"publish","type":"page","link":"https:\/\/wordpress.nibis.de\/gstodtgl\/der-tennisclub-todtgluesingen-an-unserer-schule\/","title":{"rendered":"Unser neuer Schulhof"},"content":{"rendered":"<p>Ende gut, alles gut&#8230;!!<\/p>\n<p style=\"text-align: center\"><strong>We proudly present&#8230;.\u00a0<\/strong><\/p>\n<p><img loading=\"lazy\" decoding=\"async\" class=\"alignnone size-medium wp-image-1190\" src=\"https:\/\/wordpress.nibis.de\/gstodtgl\/files\/2020\/09\/20200828_150228-850x478.jpg\" alt=\"\" width=\"850\" height=\"478\" srcset=\"https:\/\/wordpress.nibis.de\/gstodtgl\/files\/2020\/09\/20200828_150228-850x478.jpg 850w, https:\/\/wordpress.nibis.de\/gstodtgl\/files\/2020\/09\/20200828_150228-1200x675.jpg 1200w, https:\/\/wordpress.nibis.de\/gstodtgl\/files\/2020\/09\/20200828_150228-250x141.jpg 250w\" sizes=\"auto, (max-width: 850px) 100vw, 850px\" \/><\/p>\n<p><img loading=\"lazy\" decoding=\"async\" class=\"alignnone size-medium wp-image-1192\" src=\"https:\/\/wordpress.nibis.de\/gstodtgl\/files\/2020\/09\/IMG-20200913-WA0007-850x478.jpg\" alt=\"\" width=\"850\" height=\"478\" srcset=\"https:\/\/wordpress.nibis.de\/gstodtgl\/files\/2020\/09\/IMG-20200913-WA0007-850x478.jpg 850w, https:\/\/wordpress.nibis.de\/gstodtgl\/files\/2020\/09\/IMG-20200913-WA0007-1200x675.jpg 1200w, https:\/\/wordpress.nibis.de\/gstodtgl\/files\/2020\/09\/IMG-20200913-WA0007-250x141.jpg 250w, https:\/\/wordpress.nibis.de\/gstodtgl\/files\/2020\/09\/IMG-20200913-WA0007-768x432.jpg 768w, https:\/\/wordpress.nibis.de\/gstodtgl\/files\/2020\/09\/IMG-20200913-WA0007-1536x864.jpg 1536w, https:\/\/wordpress.nibis.de\/gstodtgl\/files\/2020\/09\/IMG-20200913-WA0007-500x281.jpg 500w, https:\/\/wordpress.nibis.de\/gstodtgl\/files\/2020\/09\/IMG-20200913-WA0007.jpg 1600w\" sizes=\"auto, (max-width: 850px) 100vw, 850px\" \/><\/p>\n<p><img loading=\"lazy\" decoding=\"async\" class=\"alignnone size-medium wp-image-1193\" src=\"https:\/\/wordpress.nibis.de\/gstodtgl\/files\/2020\/09\/20200828_150812-850x478.jpg\" alt=\"\" width=\"850\" height=\"478\" srcset=\"https:\/\/wordpress.nibis.de\/gstodtgl\/files\/2020\/09\/20200828_150812-850x478.jpg 850w, https:\/\/wordpress.nibis.de\/gstodtgl\/files\/2020\/09\/20200828_150812-1200x675.jpg 1200w, https:\/\/wordpress.nibis.de\/gstodtgl\/files\/2020\/09\/20200828_150812-250x141.jpg 250w\" sizes=\"auto, (max-width: 850px) 100vw, 850px\" \/><\/p>\n<p style=\"text-align: center\"><strong>unser neuer Schulhof ist fertig!! \ud83d\ude42<\/strong><\/p>\n<p>Und l\u00e4dt zum Spielen ein..<\/p>\n<p>Selbstverst\u00e4ndlich nicht nur unsere Schulkinder! Das ist auch richtig so. Jedoch bitten wir jeden, der sich mit uns an unserem neuen Schulhof erfreuen und diesen nutzen m\u00f6chte, mitzuhelfen, dass er lange so sch\u00f6n und gut erhalten bleibt, wie er ist.<\/p>\n<p style=\"text-align: center\"><strong>Dankesch\u00f6n!! \ud83d\ude42<\/strong><\/p>\n<p>________________________________________________________________________<\/p>\n<p>Dieser Schulhof wurde zu gro\u00dfen Teilen durch gro\u00dfz\u00fcgige Spendengelder von Eltern und Todtgl\u00fcsingern, Einnahmen aus dem Schuleinweihungsfests sowie dem Schulverein finanziert.<\/p>\n<p>Ein Gremium aus Lehrern und Eltern hat gemeinsam mit den Verantwortlichen der Stadt lange \u00fcber Umsetzungsm\u00f6glichkeiten, Gestaltungsformen und kreative Ideen diskutiert und aktiv daran mitgewirkt, dass der Schulhof zu dem werden konnte, was er ist. Auf das Ergebnis k\u00f6nnen alle zu Recht stolz sein, die Arbeit hat sich gelohnt!<\/p>\n<p style=\"text-align: center\"><strong>Ein riesiges Dankesch\u00f6n f\u00fcr all den engagierten Einsatz!<\/strong><\/p>\n<p>________________________________________________________________________<\/p>\n<p style=\"text-align: center\"><strong>Die Ruhe w\u00e4hrend der Osterferien kommt dem neuen Schulhof zu Gute! Hier geht es in gro\u00dfen Schritten weiter..<\/strong><\/p>\n<p style=\"text-align: center\">Wir sind sehr gespannt und freuen uns schon sehr, ihn auszuprobieren!<\/p>\n<p><img loading=\"lazy\" decoding=\"async\" class=\"alignnone size-medium wp-image-974\" src=\"https:\/\/wordpress.nibis.de\/gstodtgl\/files\/2020\/04\/schulhof-1-800x478.jpg\" alt=\"\" width=\"800\" height=\"478\" \/><\/p>\n<p><img loading=\"lazy\" decoding=\"async\" class=\"alignnone size-medium wp-image-975\" src=\"https:\/\/wordpress.nibis.de\/gstodtgl\/files\/2020\/04\/schulhof-2-800x478.jpg\" alt=\"\" width=\"800\" height=\"478\" \/><\/p>\n<p><img loading=\"lazy\" decoding=\"async\" class=\"alignnone size-medium wp-image-976\" src=\"https:\/\/wordpress.nibis.de\/gstodtgl\/files\/2020\/04\/Schulhof-3-800x478.jpg\" alt=\"\" width=\"800\" height=\"478\" \/><\/p>\n<p>____________________________________________________________________<\/p>\n<p style=\"text-align: center\"><span style=\"font-size: 12pt\"><strong>!! Der Abriss hat begonnen&#8230;. !!<\/strong><\/span><\/p>\n<p style=\"text-align: center\">Die Auswirkungen der Corona Epidemie haben uns alle voll im Griff. Trotzdem geht in Teilen auch der normale Alltag weiter. Der Abriss unseres alten Schulhofs hat am 23. M\u00e4rz begonnen. Wenn alles weiterhin nach Plan l\u00e4uft, dann kann bereits in der kommenden Woche mit den Vorbereitungen der Neugestaltung begonnen werden.<\/p>\n<p style=\"text-align: center\"><img loading=\"lazy\" decoding=\"async\" class=\"alignnone size-medium wp-image-957\" src=\"https:\/\/wordpress.nibis.de\/gstodtgl\/files\/2020\/03\/Schulhof-Abriss-1-800x478.jpg\" alt=\"\" width=\"800\" height=\"478\" \/><\/p>\n<p style=\"text-align: center\">Der zentrale Schulhofbereich soll demnach mit einem ineinander \u00fcbergehenden Spielger\u00e4t, bestehend aus einem <strong>Baummikado<\/strong>, <strong>Balancierst\u00e4mmen<\/strong>, einer <strong>Rutsche<\/strong>, einem <strong>Reck<\/strong> und einem<strong> Barren<\/strong> gestaltet werden. Die Randbereiche werden mit Str\u00e4uchern bepflanzt und<strong> Sitznischen<\/strong> sollen geschaffen werden. Einen <strong>Sandspielplatz<\/strong> wird es nat\u00fcrlich auch weiterhin geben. Es soll ein <strong>Multifunktionsspielfeld mit kleiner Trib\u00fcne<\/strong> entstehen, welches Platz zum Toben bietet und zudem f\u00fcr Unterrichtseinheiten im Freien genutzt werden kann.<\/p>\n<p><img loading=\"lazy\" decoding=\"async\" class=\"alignnone size-medium wp-image-958\" src=\"https:\/\/wordpress.nibis.de\/gstodtgl\/files\/2020\/03\/Schulhof-Abriss-800x478.jpg\" alt=\"\" width=\"800\" height=\"478\" \/><\/p>\n<p style=\"text-align: center\"><strong>Wir sind alle gespannt und freuen uns auf unseren neuen Schulhof!!<\/strong><\/p>\n","protected":false},"excerpt":{"rendered":"<p>Ende gut, alles gut&#8230;!! We proudly present&#8230;.\u00a0 unser neuer Schulhof ist fertig!! \ud83d\ude42 Und l\u00e4dt zum Spielen ein.. Selbstverst\u00e4ndlich nicht nur unsere Schulkinder! Das ist auch richtig so. Jedoch bitten wir jeden, der sich mit uns an unserem neuen Schulhof &hellip; <a href=\"https:\/\/wordpress.nibis.de\/gstodtgl\/der-tennisclub-todtgluesingen-an-unserer-schule\/\">Weiterlesen <span class=\"meta-nav\">&rarr;<\/span><\/a><\/p>\n","protected":false},"author":1251,"featured_media":0,"parent":0,"menu_order":0,"comment_status":"closed","ping_status":"closed","template":"","meta":{"footnotes":""},"class_list":["post-455","page","type-page","status-publish","hentry"],"_links":{"self":[{"href":"https:\/\/wordpress.nibis.de\/gstodtgl\/wp-json\/wp\/v2\/pages\/455","targetHints":{"allow":["GET"]}}],"collection":[{"href":"https:\/\/wordpress.nibis.de\/gstodtgl\/wp-json\/wp\/v2\/pages"}],"about":[{"href":"https:\/\/wordpress.nibis.de\/gstodtgl\/wp-json\/wp\/v2\/types\/page"}],"author":[{"embeddable":true,"href":"https:\/\/wordpress.nibis.de\/gstodtgl\/wp-json\/wp\/v2\/users\/1251"}],"replies":[{"embeddable":true,"href":"https:\/\/wordpress.nibis.de\/gstodtgl\/wp-json\/wp\/v2\/comments?post=455"}],"version-history":[{"count":14,"href":"https:\/\/wordpress.nibis.de\/gstodtgl\/wp-json\/wp\/v2\/pages\/455\/revisions"}],"predecessor-version":[{"id":1277,"href":"https:\/\/wordpress.nibis.de\/gstodtgl\/wp-json\/wp\/v2\/pages\/455\/revisions\/1277"}],"wp:attachment":[{"href":"https:\/\/wordpress.nibis.de\/gstodtgl\/wp-json\/wp\/v2\/media?parent=455"}],"curies":[{"name":"wp","href":"https:\/\/api.w.org\/{rel}","templated":true}]}}