{"id":548,"date":"2017-12-07T18:46:27","date_gmt":"2017-12-07T17:46:27","guid":{"rendered":"http:\/\/wordpress.nibis.de\/gstodtgl\/?page_id=548"},"modified":"2024-08-09T14:30:16","modified_gmt":"2024-08-09T12:30:16","slug":"weihnachtsbasteln","status":"publish","type":"page","link":"https:\/\/wordpress.nibis.de\/gstodtgl\/weihnachtsbasteln\/","title":{"rendered":"Einschulung"},"content":{"rendered":"\n<p><a href=\"https:\/\/wordpress.nibis.de\/gstodtgl\/weihnachtsbasteln\/school-cone-1499050_1280-2\/\" rel=\"attachment wp-att-2894\"><img loading=\"lazy\" decoding=\"async\" class=\"aligncenter  wp-image-2894\" src=\"https:\/\/wordpress.nibis.de\/gstodtgl\/files\/2024\/05\/school-cone-1499050_1280.jpg\" alt=\"\" width=\"317\" height=\"213\"><\/a><\/p>\n\n\n\n<ul>\n<li>Informationselternabend\n<ul>\n<li>\u00fcblicher Weise am Donnerstag vor der Einschulung <span style=\"color: #ff0000\">(im Schuljahr 2024\/25 ist er schon am Mittwoch)<\/span> findet abends ein Elternabend f\u00fcr alle zuk\u00fcnftigen Erstklasseltern statt, bei dem Sie die Klassenlehrkraft Ihres Kindes kennenlernen, Fragen stellen k\u00f6nnen und der Ablauf der Einschulung besprochen wird.<\/li>\n<\/ul>\n<\/li>\n<li>Einschulungsfeier\n<ul>\n<li>Die Einschulung in Niedersachsen f\u00e4llt in der Regel auf den Samstag nach Schuljahresbeginn. Die Einschulungsfeier beginnt an unserer Schule um 9.00Uhr und endet gegen 11.00Uhr. In der Turnhalle werden Ihre Kinder willkommen gehei\u00dfen, die Viertkl\u00e4ssler pr\u00e4sentieren ein Theaterst\u00fcck und im Anschluss daran erleben die neuen Schulkinder zum ersten Mal eine kleine Schulstunde in ihrem Klassenraum. W\u00e4hrenddessen wird f\u00fcr Sie und Ihre Familien Kaffee und Kuchen angeboten. Der Erl\u00f6s kommt dem Schulverein zu Gute. Im Anschluss haben Sie die M\u00f6glichkeit, den Schulgottesdienst in der Johanneskirche zu besuchen.<\/li>\n<li><span style=\"color: #ff0000\">im Schuljahr 2024\/25 findet der Einschulungsgottesdienst nicht im Anschluss an die Einschulungsfeier, sondern bereits am vorangehenden Abend, dem 9.8. um 19.00Uhr statt.<\/span><\/li>\n<\/ul>\n<\/li>\n<\/ul>\n\n\n\n<ul>\n<li>Die ersten Schulwochen\n<ul>\n<li>Sie werden gut vorbereitet sein, denn alles Wichtige wurde beim Informationselternabend besprochen. Haben Sie etwas Geduld in der Anfangszeit und besprechen Sie Fragen und Sorgen mit der zust\u00e4ndigen Klassenlehrkraft.<\/li>\n<li>schon bald findet der erste Elternabend statt, bei dem Elternvertreter gew\u00e4hlt werden. Hierzu k\u00f6nnen wir Sie nur ermutigen. Zudem werden Sie weitere unterrichtende Lehrkr\u00e4fte der Klasse kennenlernen und Unterrichtsinhalte werden besprochen.<\/li>\n<\/ul>\n<\/li>\n<\/ul>\n<p style=\"text-align: center\">\u00a0\u00a0\u00a0\u00a0\u00a0\u00a0\u00a0\u00a0\u00a0\u00a0\u00a0\u00a0\u00a0\u00a0\u00a0\u00a0\u00a0\u00a0\u00a0\u00a0\u00a0\u00a0\u00a0\u00a0\u00a0\u00a0\u00a0\u00a0\u00a0\u00a0\u00a0\u00a0\u00a0 \u00a0<strong>Und dann kann es so richtig losgehen.. \u00a0\u00a0\u00a0\u00a0\u00a0\u00a0\u00a0\u00a0\u00a0\u00a0\u00a0\u00a0\u00a0\u00a0\u00a0\u00a0\u00a0\u00a0\u00a0\u00a0\u00a0\u00a0\u00a0\u00a0\u00a0\u00a0\u00a0\u00a0\u00a0\u00a0\u00a0\u00a0\u00a0\u00a0\u00a0\u00a0\u00a0\u00a0\u00a0\u00a0 <\/strong><\/p>\n<p style=\"text-align: center\"><strong>Herzlich Willkommen an unserer Schule, <\/strong><\/p>\n<p style=\"text-align: center\"><strong>wir w\u00fcnschen einen guten Start!<\/strong><\/p>\n<p>Wir laden Sie herzlich ein, sich in unserer offenen und engagierten Elternschaft wohl zu f\u00fchlen und sich am Schulgeschehen zu beteiligen. Kommunizieren Sie mit anderen Eltern und nehmen Sie Angebote wahr, wenn Sie m\u00f6gen. Sollten Sie Anregungen suchen, wie Sie sich als Eltern in unserem Schulleben einbringen k\u00f6nnen, schauen Sie auf dieser Homepage unter &#8222;Elternarbeit in der Schule&#8220;.<\/p>\n<p><strong>Wir freuen uns auf die Grundschulzeit mit Ihren Kindern!!<\/strong><\/p>\n<p>Das Team der GS Todtgl\u00fcsingen<\/p>\n<p>\u00a0<\/p>\n<p><strong>\u00a0<\/strong><\/p>\n<p>\u00a0<\/p>\n","protected":false},"excerpt":{"rendered":"<p>Informationselternabend \u00fcblicher Weise am Donnerstag vor der Einschulung (im Schuljahr 2024\/25 ist er schon am Mittwoch) findet abends ein Elternabend f\u00fcr alle zuk\u00fcnftigen Erstklasseltern statt, bei dem Sie die Klassenlehrkraft Ihres Kindes kennenlernen, Fragen stellen k\u00f6nnen und der Ablauf der &hellip; <a href=\"https:\/\/wordpress.nibis.de\/gstodtgl\/weihnachtsbasteln\/\">Weiterlesen <span class=\"meta-nav\">&rarr;<\/span><\/a><\/p>\n","protected":false},"author":1251,"featured_media":0,"parent":0,"menu_order":0,"comment_status":"closed","ping_status":"closed","template":"","meta":{"footnotes":""},"class_list":["post-548","page","type-page","status-publish","hentry"],"_links":{"self":[{"href":"https:\/\/wordpress.nibis.de\/gstodtgl\/wp-json\/wp\/v2\/pages\/548","targetHints":{"allow":["GET"]}}],"collection":[{"href":"https:\/\/wordpress.nibis.de\/gstodtgl\/wp-json\/wp\/v2\/pages"}],"about":[{"href":"https:\/\/wordpress.nibis.de\/gstodtgl\/wp-json\/wp\/v2\/types\/page"}],"author":[{"embeddable":true,"href":"https:\/\/wordpress.nibis.de\/gstodtgl\/wp-json\/wp\/v2\/users\/1251"}],"replies":[{"embeddable":true,"href":"https:\/\/wordpress.nibis.de\/gstodtgl\/wp-json\/wp\/v2\/comments?post=548"}],"version-history":[{"count":28,"href":"https:\/\/wordpress.nibis.de\/gstodtgl\/wp-json\/wp\/v2\/pages\/548\/revisions"}],"predecessor-version":[{"id":2986,"href":"https:\/\/wordpress.nibis.de\/gstodtgl\/wp-json\/wp\/v2\/pages\/548\/revisions\/2986"}],"wp:attachment":[{"href":"https:\/\/wordpress.nibis.de\/gstodtgl\/wp-json\/wp\/v2\/media?parent=548"}],"curies":[{"name":"wp","href":"https:\/\/api.w.org\/{rel}","templated":true}]}}