{"id":646,"date":"2018-06-06T22:33:04","date_gmt":"2018-06-06T20:33:04","guid":{"rendered":"http:\/\/wordpress.nibis.de\/gstodtgl\/?page_id=646"},"modified":"2023-08-29T14:02:08","modified_gmt":"2023-08-29T12:02:08","slug":"sponsorenlauf-2018","status":"publish","type":"page","link":"https:\/\/wordpress.nibis.de\/gstodtgl\/sponsorenlauf-2018\/","title":{"rendered":"Einschulung 2023"},"content":{"rendered":"\n<p style=\"text-align: center\"><a href=\"https:\/\/wordpress.nibis.de\/gstodtgl\/sponsorenlauf-2018\/school-cone-1499050_1280\/\" rel=\"attachment wp-att-2585\"><span style=\"color: #000000;background-color: #ffffff\"><strong>Wir begr\u00fc\u00dfen herzlich alle neuen Erstkl\u00e4ssler an unserer Schule und w\u00fcnschen euch einen sch\u00f6nen Schulanfang!!<\/strong><\/span><img loading=\"lazy\" decoding=\"async\" class=\"aligncenter size-large wp-image-2585\" src=\"https:\/\/wordpress.nibis.de\/gstodtgl\/files\/2023\/08\/school-cone-1499050_1280-1200x675.jpg\" alt=\"\" width=\"584\" height=\"329\" srcset=\"https:\/\/wordpress.nibis.de\/gstodtgl\/files\/2023\/08\/school-cone-1499050_1280-1200x675.jpg 1200w, https:\/\/wordpress.nibis.de\/gstodtgl\/files\/2023\/08\/school-cone-1499050_1280-850x478.jpg 850w, https:\/\/wordpress.nibis.de\/gstodtgl\/files\/2023\/08\/school-cone-1499050_1280-250x141.jpg 250w\" sizes=\"auto, (max-width: 584px) 100vw, 584px\" \/><\/a>Die Pinguinklasse (1a) und die Elefantenklasse (1b) lernen in Zukunft mit Frau K\u00f6llner und Frau Hennig bei uns.<\/p>\n<p style=\"text-align: center\">Der Anfang ist schon gemacht. Wir beginnen mit den ersten Zahlen im Mathematikunterricht und entdecken gemeinsam die Zahlenwelt.<a href=\"https:\/\/wordpress.nibis.de\/gstodtgl\/sponsorenlauf-2018\/img-20230827-wa0000\/\" rel=\"attachment wp-att-2586\"><img loading=\"lazy\" decoding=\"async\" class=\"aligncenter  wp-image-2586\" src=\"https:\/\/wordpress.nibis.de\/gstodtgl\/files\/2023\/08\/IMG-20230827-WA0000-900x675.jpg\" alt=\"\" width=\"374\" height=\"282\" \/><\/a><\/p>\n\n\n","protected":false},"excerpt":{"rendered":"<p>Wir begr\u00fc\u00dfen herzlich alle neuen Erstkl\u00e4ssler an unserer Schule und w\u00fcnschen euch einen sch\u00f6nen Schulanfang!!Die Pinguinklasse (1a) und die Elefantenklasse (1b) lernen in Zukunft mit Frau K\u00f6llner und Frau Hennig bei uns. Der Anfang ist schon gemacht. Wir beginnen mit &hellip; <a href=\"https:\/\/wordpress.nibis.de\/gstodtgl\/sponsorenlauf-2018\/\">Weiterlesen <span class=\"meta-nav\">&rarr;<\/span><\/a><\/p>\n","protected":false},"author":1251,"featured_media":0,"parent":0,"menu_order":0,"comment_status":"closed","ping_status":"closed","template":"","meta":{"footnotes":""},"class_list":["post-646","page","type-page","status-publish","hentry"],"_links":{"self":[{"href":"https:\/\/wordpress.nibis.de\/gstodtgl\/wp-json\/wp\/v2\/pages\/646","targetHints":{"allow":["GET"]}}],"collection":[{"href":"https:\/\/wordpress.nibis.de\/gstodtgl\/wp-json\/wp\/v2\/pages"}],"about":[{"href":"https:\/\/wordpress.nibis.de\/gstodtgl\/wp-json\/wp\/v2\/types\/page"}],"author":[{"embeddable":true,"href":"https:\/\/wordpress.nibis.de\/gstodtgl\/wp-json\/wp\/v2\/users\/1251"}],"replies":[{"embeddable":true,"href":"https:\/\/wordpress.nibis.de\/gstodtgl\/wp-json\/wp\/v2\/comments?post=646"}],"version-history":[{"count":6,"href":"https:\/\/wordpress.nibis.de\/gstodtgl\/wp-json\/wp\/v2\/pages\/646\/revisions"}],"predecessor-version":[{"id":2587,"href":"https:\/\/wordpress.nibis.de\/gstodtgl\/wp-json\/wp\/v2\/pages\/646\/revisions\/2587"}],"wp:attachment":[{"href":"https:\/\/wordpress.nibis.de\/gstodtgl\/wp-json\/wp\/v2\/media?parent=646"}],"curies":[{"name":"wp","href":"https:\/\/api.w.org\/{rel}","templated":true}]}}