{"id":8,"date":"2016-11-17T12:07:15","date_gmt":"2016-11-17T11:07:15","guid":{"rendered":"http:\/\/wordpress.nibis.de\/gstodtgl\/?page_id=8"},"modified":"2019-08-15T20:04:34","modified_gmt":"2019-08-15T18:04:34","slug":"impressum","status":"publish","type":"page","link":"https:\/\/wordpress.nibis.de\/gstodtgl\/impressum\/","title":{"rendered":"Impressum"},"content":{"rendered":"<p>Impressum<\/p>\n<p>Verantwortlich f\u00fcr diese Seiten<\/p>\n<p>Grundschule\u00a0Todtgl\u00fcsingen<br \/>\nSchulleiterin: Ilka Malten<\/p>\n<p>Schulstra\u00dfe 1<br \/>\n21255\u00a0Tostedt<br \/>\nTelefon: 0 41\u00a082 &#8211;\u00a055\u00a025<br \/>\nTelefax: 0\u00a041 82\u00a0&#8211;\u00a029 31 04<br \/>\nEmail: gs&#46;todtg&#108;&#117;&#101;&#115;&#105;&#110;&#103;&#101;&#110;&#64;&#x74;&#x2d;&#x6f;&#x6e;&#x6c;&#x69;&#x6e;&#x65;&#x2e;&#x64;&#x65;<br \/>\nRechtshinweise<\/p>\n<p>Der Autor ver\u00f6ffentlicht Informationen und Beitr\u00e4ge auf dieser Website nach bestem Wissen. Eine Gew\u00e4hr f\u00fcr Aktualit\u00e4t, Richtigkeit und Vollst\u00e4ndigkeit der auf der Website ver\u00f6ffentlichten Informationen und Verweise kann insbesondere aufgrund der st\u00e4ndigen Aktualisierung und Ver\u00e4nderung der Website nicht \u00fcbernommen werden. Jedwede Haftung f\u00fcr Sch\u00e4den, die durch Nutzung des Angebots auf der Website entstehen, ist ausgeschlossen.<\/p>\n<p>Insbesondere soweit in der Website auf andere Sites verwiesen wird (Links), auf die der Autor keinen Einfluss hat, gibt deren Inhalt ausschlie\u00dflich die Meinung der jeweiligen Anbieter wieder. Der Autor macht sich durch das Setzen des Links den Inhalt der fremden Website nicht zu eigen und \u00fcbernimmt keine Verantwortung f\u00fcr die fremde Website und deren Inhalt.<\/p>\n<p>Soweit inhaltliche oder sachliche Fehler auf dieser Website bemerkt werden, bittet der Autor um eine Email, um eine Richtigstellung ver\u00f6ffentlichen zu k\u00f6nnen.<\/p>\n","protected":false},"excerpt":{"rendered":"<p>Impressum Verantwortlich f\u00fcr diese Seiten Grundschule\u00a0Todtgl\u00fcsingen Schulleiterin: Ilka Malten Schulstra\u00dfe 1 21255\u00a0Tostedt Telefon: 0 41\u00a082 &#8211;\u00a055\u00a025 Telefax: 0\u00a041 82\u00a0&#8211;\u00a029 31 04 Email: &#x67;&#x73;&#x2e;&#116;&#111;dt&#x67;&#x6c;&#x75;&#x65;&#115;&#105;ng&#x65;&#x6e;&#x40;&#116;&#45;&#111;nl&#x69;&#x6e;&#x65;&#46;&#100;e Rechtshinweise Der Autor ver\u00f6ffentlicht Informationen und Beitr\u00e4ge auf dieser Website nach bestem Wissen. Eine Gew\u00e4hr f\u00fcr Aktualit\u00e4t, &hellip; <a href=\"https:\/\/wordpress.nibis.de\/gstodtgl\/impressum\/\">Weiterlesen <span class=\"meta-nav\">&rarr;<\/span><\/a><\/p>\n","protected":false},"author":1206,"featured_media":0,"parent":0,"menu_order":0,"comment_status":"closed","ping_status":"closed","template":"","meta":{"footnotes":""},"class_list":["post-8","page","type-page","status-publish","hentry"],"_links":{"self":[{"href":"https:\/\/wordpress.nibis.de\/gstodtgl\/wp-json\/wp\/v2\/pages\/8","targetHints":{"allow":["GET"]}}],"collection":[{"href":"https:\/\/wordpress.nibis.de\/gstodtgl\/wp-json\/wp\/v2\/pages"}],"about":[{"href":"https:\/\/wordpress.nibis.de\/gstodtgl\/wp-json\/wp\/v2\/types\/page"}],"author":[{"embeddable":true,"href":"https:\/\/wordpress.nibis.de\/gstodtgl\/wp-json\/wp\/v2\/users\/1206"}],"replies":[{"embeddable":true,"href":"https:\/\/wordpress.nibis.de\/gstodtgl\/wp-json\/wp\/v2\/comments?post=8"}],"version-history":[{"count":4,"href":"https:\/\/wordpress.nibis.de\/gstodtgl\/wp-json\/wp\/v2\/pages\/8\/revisions"}],"predecessor-version":[{"id":828,"href":"https:\/\/wordpress.nibis.de\/gstodtgl\/wp-json\/wp\/v2\/pages\/8\/revisions\/828"}],"wp:attachment":[{"href":"https:\/\/wordpress.nibis.de\/gstodtgl\/wp-json\/wp\/v2\/media?parent=8"}],"curies":[{"name":"wp","href":"https:\/\/api.w.org\/{rel}","templated":true}]}}